{"id":141,"date":"2018-07-18T23:32:25","date_gmt":"2018-07-18T23:32:25","guid":{"rendered":"https:\/\/giaodienwebsite.tgs.com.vn\/thucphamhuuco\/?page_id=141"},"modified":"2018-07-18T23:34:44","modified_gmt":"2018-07-18T23:34:44","slug":"thanh-tuu","status":"publish","type":"page","link":"https:\/\/giaodienwebsite.tgs.com.vn\/thucphamhuuco\/thanh-tuu\/","title":{"rendered":"Th\u00e0nh t\u1ef1u"},"content":{"rendered":"\t<section class=\"section\" id=\"section_1748253090\">\n\t\t<div class=\"bg section-bg fill bg-fill  bg-loaded\" >\n\n\t\t\t\n\t\t\t\n\t\t\t\n\n\t\t<\/div>\n\n\t\t<div class=\"section-content relative\">\n\t\t\t\n\t<div class=\"img has-hover x md-x lg-x y md-y lg-y\" id=\"image_1099206716\">\n\t\t\t\t\t\t\t\t<div class=\"img-inner dark\" >\n\t\t\t<img width=\"1440\" height=\"390\" src=\"https:\/\/giaodienwebsite.tgs.com.vn\/thucphamhuuco\/wp-content\/uploads\/2018\/07\/3_banner_achievement.png\" class=\"attachment-original size-original\" alt=\"\" loading=\"lazy\" srcset=\"https:\/\/giaodienwebsite.tgs.com.vn\/thucphamhuuco\/wp-content\/uploads\/2018\/07\/3_banner_achievement.png 1440w, https:\/\/giaodienwebsite.tgs.com.vn\/thucphamhuuco\/wp-content\/uploads\/2018\/07\/3_banner_achievement-800x217.png 800w, https:\/\/giaodienwebsite.tgs.com.vn\/thucphamhuuco\/wp-content\/uploads\/2018\/07\/3_banner_achievement-768x208.png 768w, https:\/\/giaodienwebsite.tgs.com.vn\/thucphamhuuco\/wp-content\/uploads\/2018\/07\/3_banner_achievement-1400x379.png 1400w, https:\/\/giaodienwebsite.tgs.com.vn\/thucphamhuuco\/wp-content\/uploads\/2018\/07\/3_banner_achievement-600x163.png 600w\" sizes=\"(max-width: 1440px) 100vw, 1440px\" \/>\t\t\t\t\t\t\n\t\t\t\t\t<\/div>\n\t\t\t\t\t\t\t\t\n<style>\n#image_1099206716 {\n  width: 100%;\n}\n<\/style>\n\t<\/div>\n\t\n\t\t<\/div>\n\n\t\t\n<style>\n#section_1748253090 {\n  padding-top: 0px;\n  padding-bottom: 0px;\n}\n<\/style>\n\t<\/section>\n\t\n\t<section class=\"section\" id=\"section_564447365\">\n\t\t<div class=\"bg section-bg fill bg-fill  bg-loaded\" >\n\n\t\t\t\n\t\t\t\n\t\t\t\n\n\t\t<\/div>\n\n\t\t<div class=\"section-content relative\">\n\t\t\t\n<div class=\"row\"  id=\"row-2015293525\">\n\n\t<div id=\"col-379661903\" class=\"col medium-3 small-12 large-3\"  >\n\t\t<div class=\"col-inner\"  >\n\t\t\t\n\t\t\t\n<ul class=\"sidebar-wrapper ul-reset\"><li id=\"nav_menu-2\" class=\"widget widget_nav_menu\"><div class=\"menu-menu-gioi-thieu-container\"><ul id=\"menu-menu-gioi-thieu\" class=\"menu\"><li id=\"menu-item-133\" class=\"menu-item menu-item-type-post_type menu-item-object-page menu-item-133\"><a href=\"https:\/\/giaodienwebsite.tgs.com.vn\/thucphamhuuco\/lich-su-phat-trien\/\">L\u1ecbch s\u1eed ph\u00e1t tri\u1ec3n<\/a><\/li>\n<li id=\"menu-item-153\" class=\"menu-item menu-item-type-post_type menu-item-object-page menu-item-153\"><a href=\"https:\/\/giaodienwebsite.tgs.com.vn\/thucphamhuuco\/thanh-tuu\/\">Th\u00e0nh t\u1ef1u<\/a><\/li>\n<li id=\"menu-item-155\" class=\"menu-item menu-item-type-post_type menu-item-object-page menu-item-155\"><a href=\"https:\/\/giaodienwebsite.tgs.com.vn\/thucphamhuuco\/tam-nhin-su-menh\/\">T\u1ea7m nh\u00ecn s\u1ee9 m\u1ec7nh<\/a><\/li>\n<\/ul><\/div><\/li><\/ul>\n\t\t<\/div>\n\t\t\t<\/div>\n\n\t\n\n\t<div id=\"col-108761435\" class=\"col medium-9 small-12 large-9\"  >\n\t\t<div class=\"col-inner\"  >\n\t\t\t\n\t\t\t\n<div class=\"main\">\n<section class=\"wrapper clearfix\">\n<div class=\"container\">\n<div class=\"row\">\n<article class=\"news__detail col-sm-9\">\n<div class=\"main\">\n<section class=\"wrapper clearfix\">\n<div class=\"container\">\n<div class=\"row\">\n<article class=\"news__detail col-sm-9\">\n<h2 class=\"title-page gr-avo-33 text-uppercase\">TH\u00c0NH T\u1ef0U<\/h2>\n<div class=\"page-content-wrap\">\n<h4><strong>\u0110\u1ea1t c\u00e1c th\u00e0nh t\u1ef1u danh ti\u1ebfng<\/strong><\/h4>\n<p>Chung tay chia s\u1ebb v\u1edbi n\u00f4ng d\u00e2n tr\u1ed3ng d\u1eeba, \u0111\u1ed3ng h\u00e0nh v\u1edbi s\u1ef1 ph\u00e1t tri\u1ec3n kinh t\u1ebf, c\u1ea3i thi\u1ec7n c\u00f4ng t\u00e1c an sinh x\u00e3 h\u1ed9i c\u1ee7a t\u1ec9nh B\u1ebfn Tre n\u00f3i ri\u00eang v\u00e0 c\u1ee7a \u0111\u1ea5t n\u01b0\u1edbc n\u00f3i chung lu\u00f4n \u0111\u01b0\u1ee3c xem l\u00e0 \u01b0u ti\u00ean h\u00e0ng \u0111\u1ea7u c\u1ee7a Betrimex.<\/p>\n<p>V\u1edbi nhi\u1ec1u ho\u1ea1t \u0111\u1ed9ng \u0111\u00e3 tri\u1ec3n khai, Betrimex \u0111\u00e3 vinh d\u1ef1 nh\u1eadn \u0111\u01b0\u1ee3c nhi\u1ec1u b\u1eb1ng khen, c\u1edd thi \u0111ua c\u1ee7a Th\u1ee7 t\u01b0\u1edbng Ch\u00ednh ph\u1ee7, UBND t\u1ec9nh B\u1ebfn Tre, B\u1ed9 C\u00f4ng Th\u01b0\u01a1ng, Ph\u00f2ng Th\u01b0\u01a1ng m\u1ea1i v\u00e0 C\u00f4ng nghi\u1ec7p Vi\u1ec7t Nam, v\u00e0 c\u00e1c t\u1ed5 ch\u1ee9c qu\u1ed1c t\u1ebf kh\u00e1c.<\/p>\n<\/div>\n<div class=\"bd-achi\">\n<div class=\"bd-achi-year\">\n<div class=\"achi-year slick-initialized slick-slider\">\n<div class=\"slick-list draggable\" aria-live=\"polite\">\n<div class=\"slick-track\" role=\"listbox\">\u00a0<\/div>\n<\/div>\n<\/div>\n<\/div>\n<div id=\"achi-award-wrap\">\n<div class=\"achi-tabs slick-initialized slick-slider\" role=\"toolbar\">\n<div class=\"slick-list draggable\" aria-live=\"polite\">\n<div class=\"slick-track\" role=\"listbox\">\n<div class=\"aci-item slick-slide slick-cloned\" tabindex=\"-1\" data-slick-index=\"-1\" aria-hidden=\"true\">\n<div class=\"bd-text\">\n<p class=\"tt1 text-uppercase\">DANH HI\u1ec6U T\u1eacP TH\u1ec2 LAO \u0110\u1ed8NG XU\u1ea4T S\u1eaeC N\u0102M 2009<\/p>\n<\/div>\n<p><img class=\"aligncenter\" src=\"http:\/\/www.betrimex.com.vn\/media\/1476\/tap-the-lao-dong-xuat-sac-nam-2009.jpg?maxwidth=696&amp;maxheight=290&amp;mode=max\" alt=\"\" \/><\/div>\n<div class=\"aci-item slick-slide slick-current slick-active\" tabindex=\"-1\" role=\"option\" data-slick-index=\"0\" aria-hidden=\"false\" aria-describedby=\"slick-slide20\">\n<div class=\"bd-text\">\n<p class=\"tt1 text-uppercase\">DANH HI\u1ec6U DOANH NGHI\u1ec6P XU\u1ea4T KH\u1ea8U UY T\u00cdN<\/p>\n<p class=\"tt2\">Danh hi\u1ec7u Doanh nghi\u1ec7p xu\u1ea5t kh\u1ea9u uy t\u00edn \u0111\u01b0\u1ee3c trao cho C\u00f4ng ty C\u1ed5 ph\u1ea7n Xu\u1ea5t nh\u1eadp kh\u1ea9u B\u1ebfn Tre \u0111\u00e3 c\u00f3 th\u00e0nh t\u00edch trong ho\u1ea1t \u0111\u1ed9ng xu\u1ea5t kh\u1ea9u n\u0103m 2009<\/p>\n<\/div>\n<p><img class=\"aligncenter\" src=\"http:\/\/www.betrimex.com.vn\/media\/1299\/thanhtuu.png?maxwidth=696&amp;maxheight=290&amp;mode=max\" alt=\"Doanh nghi\u1ec7p xu\u1ea5t kh\u1ea9u uy t\u00edn\" \/><\/div>\n<div class=\"aci-item slick-slide\" tabindex=\"-1\" role=\"option\" data-slick-index=\"1\" aria-hidden=\"true\" aria-describedby=\"slick-slide21\">\n<div class=\"bd-text\">\n<p class=\"tt1 text-uppercase\">DANH HI\u1ec6U T\u1eacP TH\u1ec2 LAO \u0110\u1ed8NG XU\u1ea4T S\u1eaeC N\u0102M 2009<\/p>\n<\/div>\n<p><img class=\"aligncenter\" src=\"http:\/\/www.betrimex.com.vn\/media\/1476\/tap-the-lao-dong-xuat-sac-nam-2009.jpg?maxwidth=696&amp;maxheight=290&amp;mode=max\" alt=\"\" \/><\/div>\n<div class=\"aci-item slick-slide slick-cloned\" tabindex=\"-1\" data-slick-index=\"2\" aria-hidden=\"true\">\n<div class=\"bd-text\">\n<p class=\"tt1 text-uppercase\">DANH HI\u1ec6U DOANH NGHI\u1ec6P XU\u1ea4T KH\u1ea8U UY T\u00cdN<\/p>\n<p class=\"tt2\">Danh hi\u1ec7u Doanh nghi\u1ec7p xu\u1ea5t kh\u1ea9u uy t\u00edn \u0111\u01b0\u1ee3c trao cho C\u00f4ng ty C\u1ed5 ph\u1ea7n Xu\u1ea5t nh\u1eadp kh\u1ea9u B\u1ebfn Tre \u0111\u00e3 c\u00f3 th\u00e0nh t\u00edch trong ho\u1ea1t \u0111\u1ed9ng xu\u1ea5t kh\u1ea9u n\u0103m 2009<\/p>\n<\/div>\n<\/div>\n<\/div>\n<\/div>\n<\/div>\n<\/div>\n<\/div>\n<\/article>\n<\/div>\n<\/div>\n<\/section>\n<\/div>\n<\/article>\n<\/div>\n<\/div>\n<\/section>\n<\/div>\n\t\t<\/div>\n\t\t\t<\/div>\n\n\t\n<\/div>\n\t\t<\/div>\n\n\t\t\n<style>\n#section_564447365 {\n  padding-top: 30px;\n  padding-bottom: 30px;\n}\n<\/style>\n\t<\/section>\n\t\n","protected":false},"excerpt":{"rendered":"","protected":false},"author":1,"featured_media":0,"parent":0,"menu_order":0,"comment_status":"closed","ping_status":"closed","template":"page-blank.php","meta":[],"_links":{"self":[{"href":"https:\/\/giaodienwebsite.tgs.com.vn\/thucphamhuuco\/wp-json\/wp\/v2\/pages\/141"}],"collection":[{"href":"https:\/\/giaodienwebsite.tgs.com.vn\/thucphamhuuco\/wp-json\/wp\/v2\/pages"}],"about":[{"href":"https:\/\/giaodienwebsite.tgs.com.vn\/thucphamhuuco\/wp-json\/wp\/v2\/types\/page"}],"author":[{"embeddable":true,"href":"https:\/\/giaodienwebsite.tgs.com.vn\/thucphamhuuco\/wp-json\/wp\/v2\/users\/1"}],"replies":[{"embeddable":true,"href":"https:\/\/giaodienwebsite.tgs.com.vn\/thucphamhuuco\/wp-json\/wp\/v2\/comments?post=141"}],"version-history":[{"count":2,"href":"https:\/\/giaodienwebsite.tgs.com.vn\/thucphamhuuco\/wp-json\/wp\/v2\/pages\/141\/revisions"}],"predecessor-version":[{"id":144,"href":"https:\/\/giaodienwebsite.tgs.com.vn\/thucphamhuuco\/wp-json\/wp\/v2\/pages\/141\/revisions\/144"}],"wp:attachment":[{"href":"https:\/\/giaodienwebsite.tgs.com.vn\/thucphamhuuco\/wp-json\/wp\/v2\/media?parent=141"}],"curies":[{"name":"wp","href":"https:\/\/api.w.org\/{rel}","templated":true}]}}