{"id":894,"date":"2020-09-09T09:01:16","date_gmt":"2020-09-09T02:01:16","guid":{"rendered":"https:\/\/giaodienwebsite.tgs.com.vn\/mypham10\/?post_type=product&#038;p=894"},"modified":"2020-09-09T09:01:16","modified_gmt":"2020-09-09T02:01:16","slug":"son-kem-li-black-rouge-air-fit-velvet-lip-tint","status":"publish","type":"product","link":"https:\/\/giaodienwebsite.tgs.com.vn\/mypham10\/son-kem-li-black-rouge-air-fit-velvet-lip-tint\/","title":{"rendered":"Son Kem L\u00ec Black Rouge Air Fit Velvet Lip Tint"},"content":{"rendered":"<p>???? ???????????????????? ???????????????????? ???????????? ???????????? ???????????????????????? ???????????? ???? &#8211; BLUEMING GARDEN COLLECTION???? HA\u0300NG CO\u0301 SA\u0306\u0303N GIA\u0309I MA\u0303 CHA\u0302\u0301T SON AIR FIT VELVET TINT ????Cha\u0302\u0301t son cu\u0309a Black Rouge Air Fit Velvet Tint \u0111a\u0323t chua\u0302\u0309n 3M: me\u0302\u0300m, mu\u031bo\u031b\u0301t, mi\u0323n. Son le\u0302n mo\u0302i kho\u0302ng ga\u0302y ca\u0309m gia\u0301c kho\u0302 kho\u0301 chi\u0323u va\u0300 va\u0302\u0303n \u0111u\u0309 \u0111o\u0323\u0302 mi\u0323n ta\u0323o ne\u0302n mo\u0323\u0302t bo\u031b\u0300 mo\u0302i \u0111a\u0302\u0300y quye\u0302\u0301n ru\u0303???? ????Ke\u0302\u0301t ca\u0302\u0301u son cu\u0309a do\u0300ng Velvet o\u031b\u0309 ta\u0302\u0301t ca\u0309 version \u0111e\u0302\u0300u gio\u0302\u0301ng nhau. \u0110a\u0323\u0306c ti\u0301nh ke\u0302\u0301t ca\u0302\u0301u cu\u0309a son velvet thuo\u0323\u0302c da\u0323ng son co\u0301 ha\u0300m lu\u031bo\u031b\u0323ng da\u0302\u0300u cao, gia\u0300u tha\u0300nh pha\u0302\u0300n du\u031bo\u031b\u0303ng a\u0302\u0309m, kho\u0302ng thua ke\u0301m mo\u0323\u0302t do\u0300ng son Highend na\u0300o. ????\u0110ie\u0302\u0309m \u0111a\u0306\u0301t gia\u0301 cu\u0309a tho\u0309i velvet la\u0300 ca\u0309m gia\u0301c sau khi thoa son, mo\u0302i \u0111a\u0302\u0300y \u0111a\u0323\u0306n ho\u031bn, le\u0302n ma\u0300u chua\u0302\u0309n chi\u0309nh sau chi\u0309 sau mo\u0323\u0302t la\u0302\u0300n thoa son vo\u031b\u0301i ba\u0309ng ma\u0300u \u0111a da\u0323ng. Ca\u0323\u0302n ca\u0309nh 5 sa\u0306\u0301c hoa ma\u0300 mo\u0302\u0303i la\u0302\u0300n cha\u0323m \u0111a\u0303 \u0111u\u0309 ba\u0323\u0302t le\u0302n \u0111o\u0302i mo\u0302i gam ma\u0300u so\u0302\u0301ng \u0111o\u0323\u0302ng \u0111a\u0302\u0300y mu\u031bo\u031b\u0323t ma\u0300 \u2728 ????A28 &#8211; Mango Tulip Garden: Cam tulip a\u0301nh va\u0300ng quye\u0302\u0301n ru\u0303 ????A29 &#8211; Pink Hibiscus Garden: \u0110o\u0309 ho\u0302\u0300ng hibiscus tone la\u0323nh ????A30 &#8211; Red Camellia Garden: \u0110o\u0309 hoa tra\u0300 kie\u0302u ha\u0303nh ????A31 &#8211; Dry Daisy Garden: \u0110o\u0309 na\u0302u tra\u0302\u0300m cuo\u0302\u0301n hu\u0301t ????A32 &#8211; Warm Dahlia Garden: Na\u0302u \u0111a\u0302\u0301t trendy tone a\u0302\u0301m ???? Qu\u00fd kh\u00e1ch l\u01b0u \u00fd: phi\u00ean b\u1ea3n ver5 n\u00e0y ch\u1eef black rouge tr\u00ean th\u00e2n son r\u1ea5t d\u1ec5 bay m\u1ef1c, kh\u00f4ng nh\u01b0 c\u00e1c phi\u00ean b\u1ea3n 1-2-3-4. C\u00f3 l\u1ebd m\u1ef1c v\u00e0ng n\u00f3 kh\u00f3 b\u00e1m h\u01a1n l\u00e0 m\u1ef1c \u0111\u1ecf n\u00ean khi d\u00f9ng v\u00e0i ng\u00e0y, ch\u1eef c\u00f3 bay c\u0169ng \u0111\u1eebng nh\u1ea7m t\u01b0\u1edfng n\u00e0y n\u1ecd t\u1ed9i nghi\u1ec7p th\u1ecfi son nh\u00e9. TH\u00caM N\u1eeeA L\u00c0 CH\u1ec8 NH\u1eeeNG SON T\u1eea N\u0102M 2020 M\u1edaI C\u00d3 TEM 3D, C\u00d2N SX T\u1eea TR\u01af\u1edaC \u0110\u00d3 S\u1ebc KH\u00d4NG C\u00d3 TEM 3D NHA Son #Blackrouge ver 5 v\u1ec1 s\u1ef1 thi\u1ebft k\u1ebf d\u00f2ng s\u1ea3n ph\u1ea9m n\u00e0y kh\u00f4ng kh\u00e1c nhi\u1ec1u v\u1edbi c\u00e1c phi\u00ean b\u1ea3n l\u00fac tr\u01b0\u1edbc. Nh\u01b0ng v\u1ec1 n\u1eafp son l\u1ea1i \u0111\u01b0\u1ee3c chuy\u1ec3n sang m\u00e0u t\u00f4ng v\u00e0ng l\u1ea5p l\u00e1nh, d\u1ec5 th\u01b0\u01a1ng, sang ch\u1ea3nh c\u1ee7a nh\u00e0 Black Rouge nh\u00e9 S\u1ea3n ph\u1ea9m Son kem l\u00ec Black Rouge #Ver5 v\u1edbi m\u00e0u A23 \u2013A27 r\u1ea5t si\u00eau \u0111\u1eb9p, t\u01b0\u01a1i t\u1eafn, quy\u1ebfn r\u0169 v\u00e0 huy\u1ec1n b\u00ed, \u0111\u1eadm n\u00e9t kh\u00e1c xa v\u1edbi c\u00e1c d\u00f2ng phi\u00ean b\u1ea3n tr\u01b0\u1edbc. \u0110\u00e2y l\u00e0 s\u1ef1 c\u1ea3i ti\u1ebfn kh\u00f4ng ng\u1eebng s\u00e1ng t\u1ea1o v\u1ec1\u00a0 ch\u1ea5t l\u01b0\u1ee3ng c\u1ee7a nh\u00e0 Black Rouge \u0111\u1ec3 \u0111\u00e1p l\u1ea1i s\u1ef1 k\u00ec v\u1ecdng c\u1ee7a kh\u00e1ch h\u00e0ng l\u00e0m h\u00e0ng \u0111\u1ea7u Khi thoa #Black_Rouge_Air_Fit_Velvet_Tint_Ver_5: Night Series l\u00ean \u0111\u00f4i m\u00f4i v\u1edbi \u0111\u1ed9 b\u00e1m d\u00ednh cao, l\u00e2u tr\u00f4i b\u1ea5t ch\u1ea5p tr\u1eddi m\u01b0a v\u00e0 n\u01b0\u1edbc b\u00e1m tr\u00ean m\u00f4i th\u00ec \u0111\u1ed9 b\u00e1m d\u00ednh m\u00e0u m\u00f4i c\u1ef1c chu\u1ea9n nh\u00e9, kh\u00f4ng h\u1ec1 t\u00e1c \u0111\u1ed9ng \u0111\u1ebfn ch\u1ea5t l\u01b0\u1ee3ng m\u00e0u m\u00f4i B\u1ea3ng m\u00e0u son #black_rough ver 5 M\u00e0u son black rouge a23 \u2013 Vintage Sunset M\u00e0u son black rouge a24 \u2013 Campfire Night M\u00e0u son black rouge a25 \u2013 Pink Pillow M\u00e0u son black rouge a26 \u2013 Winter Moon M\u00e0u son #black #rouge a27 \u2013 Wanderlust 5 t\u00f4ng m\u00e0u son v\u00f4 c\u00f9ng quy\u1ebfn r\u0169 h\u1ea5p d\u1eabn, huy\u1ec1n b\u00ed khi\u1ebfn cho nhi\u1ec1u ch\u1ecb em ph\u00e1i \u0111\u1eb9p tha h\u1ed3 m\u00e0 l\u1ef1a ch\u1ecdn \u0111\u1ec3 trang \u0111i\u1ec3m cho \u0111\u00f4i m\u00f4i c\u1ee7a m\u00ecnh nh\u00e9.<\/p>\n","protected":false},"excerpt":{"rendered":"<p>???? ???????????????????? ???????????????????? ???????????? ???????????? ???????????????????????? ???????????? ???? &#8211; BLUEMING GARDEN COLLECTION???? HA\u0300NG CO\u0301 SA\u0306\u0303N GIA\u0309I MA\u0303 CHA\u0302\u0301T SON AIR FIT VELVET TINT ????Cha\u0302\u0301t son cu\u0309a Black Rouge Air Fit Velvet Tint \u0111a\u0323t chua\u0302\u0309n 3M: me\u0302\u0300m, mu\u031bo\u031b\u0301t, mi\u0323n. Son le\u0302n mo\u0302i kho\u0302ng ga\u0302y ca\u0309m gia\u0301c kho\u0302 kho\u0301 chi\u0323u va\u0300 va\u0302\u0303n \u0111u\u0309 \u0111o\u0323\u0302 mi\u0323n ta\u0323o ne\u0302n&#8230;<\/p>\n","protected":false},"featured_media":896,"comment_status":"open","ping_status":"closed","template":"","meta":[],"_links":{"self":[{"href":"https:\/\/giaodienwebsite.tgs.com.vn\/mypham10\/wp-json\/wp\/v2\/product\/894"}],"collection":[{"href":"https:\/\/giaodienwebsite.tgs.com.vn\/mypham10\/wp-json\/wp\/v2\/product"}],"about":[{"href":"https:\/\/giaodienwebsite.tgs.com.vn\/mypham10\/wp-json\/wp\/v2\/types\/product"}],"replies":[{"embeddable":true,"href":"https:\/\/giaodienwebsite.tgs.com.vn\/mypham10\/wp-json\/wp\/v2\/comments?post=894"}],"wp:featuredmedia":[{"embeddable":true,"href":"https:\/\/giaodienwebsite.tgs.com.vn\/mypham10\/wp-json\/wp\/v2\/media\/896"}],"wp:attachment":[{"href":"https:\/\/giaodienwebsite.tgs.com.vn\/mypham10\/wp-json\/wp\/v2\/media?parent=894"}],"curies":[{"name":"wp","href":"https:\/\/api.w.org\/{rel}","templated":true}]}}