{"id":55,"date":"2019-07-08T10:27:02","date_gmt":"2019-07-08T03:27:02","guid":{"rendered":"https:\/\/giaodienwebsite.tgs.com.vn\/cuanhom\/?page_id=55"},"modified":"2019-07-09T16:50:19","modified_gmt":"2019-07-09T09:50:19","slug":"lien-he","status":"publish","type":"page","link":"https:\/\/giaodienwebsite.tgs.com.vn\/cuanhom\/lien-he\/","title":{"rendered":"Li\u00ean h\u1ec7"},"content":{"rendered":"<p style=\"text-align: center;\">C\u1eeda \u0111\u1eb9p Adoor l\u00e0 th\u01b0\u01a1ng hi\u1ec7u c\u1eeda \u0111\u00e3 \u0111\u01b0\u1ee3c 5000+ kh\u00e1ch h\u00e0ng y\u00eau th\u00edch tin d\u00f9ng.<br \/>\nAdoor c\u00f3 h\u1ec7 th\u1ed1ng showroom 3 mi\u1ec1n t\u1ed5 qu\u1ed1c: H\u00e0 N\u1ed9i, H\u00e0 T\u0129nh, \u0110\u00e0 N\u1eb5ng, Nha Trang, S\u00e0i G\u00f2n lu\u00f4n s\u1eb5n s\u00e0ng cung c\u1ea5p gi\u1ea3i ph\u00e1p c\u1eeda t\u1ed1t nh\u1ea5t cho ng\u00f4i nh\u00e0 kh\u00e1ch h\u00e0ng.<\/p>\n<div class=\"row\"  id=\"row-307713621\">\n<div class=\"col medium-6 small-12 large-6\"  ><div class=\"col-inner\"  >\n\t<div class=\"img has-hover x md-x lg-x y md-y lg-y\" id=\"image_17874937\">\n\t\t\t\t\t\t\t\t<div class=\"img-inner image-cover dark\" style=\"padding-top:50%;\">\n\t\t\t<img loading=\"lazy\" decoding=\"async\" width=\"600\" height=\"400\" src=\"https:\/\/giaodienwebsite.tgs.com.vn\/cuanhom\/wp-content\/uploads\/2019\/07\/maps.jpg\" class=\"attachment-original size-original\" alt=\"\" srcset=\"https:\/\/giaodienwebsite.tgs.com.vn\/cuanhom\/wp-content\/uploads\/2019\/07\/maps.jpg 600w, https:\/\/giaodienwebsite.tgs.com.vn\/cuanhom\/wp-content\/uploads\/2019\/07\/maps-300x200.jpg 300w\" sizes=\"(max-width: 600px) 100vw, 600px\" \/>\t\t\t\t\t\t\n\t\t\t\t\t<\/div>\n\t\t\t\t\t\t\t\t\n<style scope=\"scope\">\n\n#image_17874937 {\n  width: 100%;\n}\n<\/style>\n\t<\/div>\n\t\n<\/div><\/div>\n<div class=\"col medium-6 small-12 large-6\"  ><div class=\"col-inner\"  >\n<div class=\"address-heading\">\n<h1>Gia c\u00f4ng c\u1eeda \u0111\u1eb9p S\u00e0i G\u00f2n<\/h1>\n<p><strong>UY T\u00cdN &#8211; CH\u1ea4T L\u01af\u1ee2NG T\u1ea0O TH\u00c0NH C\u00d4NG<\/strong><\/p>\n<\/div>\n<div class=\"address-detail\">\n<p class=\"ft-info-title\"><strong>\u0110\u01b0\u1eddng s\u1ed1 10, Khu c\u00f4ng nghi\u1ec7p H\u00f2a Kh\u00e1nh, Qu\u1eadn Li\u00ean Chi\u1ec3u, \u0110\u00e0 N\u1eb5ng<\/strong><\/p>\n<ul>\n<li class=\"ft-info-title\"><strong>Phone:<\/strong> (+84) 966-693-679<\/li>\n<li class=\"ft-info-title\"><strong>Mail:<\/strong> giacongcuadepsaigon@gmail.com<\/li>\n<li class=\"ft-info-title\"><strong>Fanpage:<\/strong> <a href=\"https:\/\/www.facebook.com\/giacongcuadepsaigon\/\">https:\/\/www.facebook.com\/giacongcuadepsaigon\/<\/a><\/li>\n<\/ul>\n<\/div>\n<\/div><\/div>\n<\/div>\n","protected":false},"excerpt":{"rendered":"<p>C\u1eeda \u0111\u1eb9p Adoor l\u00e0 th\u01b0\u01a1ng hi\u1ec7u c\u1eeda \u0111\u00e3 \u0111\u01b0\u1ee3c 5000+ kh\u00e1ch h\u00e0ng y\u00eau th\u00edch tin d\u00f9ng. Adoor c\u00f3 h\u1ec7 th\u1ed1ng showroom 3 mi\u1ec1n t\u1ed5 qu\u1ed1c: H\u00e0 N\u1ed9i, H\u00e0 T\u0129nh, \u0110\u00e0 N\u1eb5ng, Nha Trang, S\u00e0i G\u00f2n lu\u00f4n s\u1eb5n s\u00e0ng cung c\u1ea5p gi\u1ea3i ph\u00e1p c\u1eeda t\u1ed1t nh\u1ea5t cho ng\u00f4i nh\u00e0 kh\u00e1ch h\u00e0ng.<\/p>\n","protected":false},"author":2,"featured_media":0,"parent":0,"menu_order":0,"comment_status":"closed","ping_status":"closed","template":"","meta":{"footnotes":""},"yst_prominent_words":[],"_links":{"self":[{"href":"https:\/\/giaodienwebsite.tgs.com.vn\/cuanhom\/wp-json\/wp\/v2\/pages\/55"}],"collection":[{"href":"https:\/\/giaodienwebsite.tgs.com.vn\/cuanhom\/wp-json\/wp\/v2\/pages"}],"about":[{"href":"https:\/\/giaodienwebsite.tgs.com.vn\/cuanhom\/wp-json\/wp\/v2\/types\/page"}],"author":[{"embeddable":true,"href":"https:\/\/giaodienwebsite.tgs.com.vn\/cuanhom\/wp-json\/wp\/v2\/users\/2"}],"replies":[{"embeddable":true,"href":"https:\/\/giaodienwebsite.tgs.com.vn\/cuanhom\/wp-json\/wp\/v2\/comments?post=55"}],"version-history":[{"count":0,"href":"https:\/\/giaodienwebsite.tgs.com.vn\/cuanhom\/wp-json\/wp\/v2\/pages\/55\/revisions"}],"wp:attachment":[{"href":"https:\/\/giaodienwebsite.tgs.com.vn\/cuanhom\/wp-json\/wp\/v2\/media?parent=55"}],"wp:term":[{"taxonomy":"yst_prominent_words","embeddable":true,"href":"https:\/\/giaodienwebsite.tgs.com.vn\/cuanhom\/wp-json\/wp\/v2\/yst_prominent_words?post=55"}],"curies":[{"name":"wp","href":"https:\/\/api.w.org\/{rel}","templated":true}]}}