{"id":361,"date":"2020-09-09T07:22:47","date_gmt":"2020-09-09T07:22:47","guid":{"rendered":"http:\/\/bds6.thuatpartner.com\/?post_type=product&#038;p=361"},"modified":"2021-07-16T13:47:49","modified_gmt":"2021-07-16T13:47:49","slug":"sunshine-gardent-city","status":"publish","type":"product","link":"https:\/\/giaodienwebsite.tgs.com.vn\/bds50\/du-an\/sunshine-gardent-city\/","title":{"rendered":"Sunshine Gardent City"},"content":{"rendered":"<p>D\u1ef1 \u00e1n Sunshine Diamond River\u00a0do T\u1eadp \u0111o\u00e0n Sunshine Group l\u00e0m ch\u1ee7 \u0111\u1ea7u t\u01b0, t\u1ecda l\u1ea1c ngay m\u1eb7t ti\u1ec1n \u0111\u01b0\u1eddng \u0110\u00e0o Tr\u00ed, ph\u01b0\u1eddng Ph\u00fa Thu\u1eadn, Qu\u1eadn 7, TP. H\u1ed3 Ch\u00ed Minh v\u1edbi quy m\u00f4 g\u1ea7n 12 hecta c\u00f9ng t\u1ed5ng m\u1ee9c v\u1ed1n \u0111\u1ea7u t\u01b0 l\u00ean \u0111\u1ebfn 25,000 t\u1ef7 \u0111\u1ed3ng. \u0110\u00e2y l\u00e0 khu c\u0103n h\u1ed9 s\u1edf h\u1eefu 3 m\u1eb7t view tr\u1ef1c di\u1ec7n s\u00f4ng S\u00e0i G\u00f2n c\u00f9ng h\u01a1n 80% s\u1ed1 l\u01b0\u1ee3ng c\u0103n h\u1ed9 view s\u00f4ng.<\/p>\n<h2>T\u1ed5ng quan d\u1ef1 \u00e1n Sunshine Diamond River Qu\u1eadn 7<\/h2>\n<p>+ Ch\u1ee7 \u0111\u1ea7u t\u01b0:\u00a0Sunshine Group<\/p>\n<p>+ V\u1ecb tr\u00ed:\u00a0422 \u0110\u00e0o Tr\u00ed, ph\u01b0\u1eddng Ph\u00fa Thu\u1eadn, Qu\u1eadn 7, TP.HCM<\/p>\n<p>+ T\u1ed5ng th\u1ea7u x\u00e2y d\u1ef1ng:\u00a0An Phong<\/p>\n<p>+ Nh\u00e0 th\u1ea7u c\u01a1 \u0111i\u1ec7n:\u00a0REE<\/p>\n<p>+ T\u1ed5ng di\u1ec7n t\u00edch:\u00a0112,585m2<\/p>\n<p>+ M\u1eadt \u0111\u1ed9 x\u00e2y d\u1ef1ng:\u00a023,6%<\/p>\n<p>+ Quy m\u00f4:\u00a0d\u1ef1 ki\u1ebfn g\u1ed3m 8 Block, 4000 c\u0103n h\u1ed9 cao c\u1ea5p<\/p>\n<p>+ Lo\u1ea1i h\u00ecnh s\u1ea3n ph\u1ea9m:\u00a0c\u0103n h\u1ed9, officetel, shophouse, sky villas<\/p>\n<p>+ Di\u1ec7n t\u00edch c\u0103n h\u1ed9:\u00a045 \u2013 180m2<\/p>\n<p>+ B\u00e0n giao:\u00a0Smart Home, n\u1ed9i th\u1ea5t ho\u00e0n thi\u1ec7n cao c\u1ea5p nh\u1eadp kh\u1ea9u t\u1eeb \u00dd b\u00ean trong v\u00e0 full k\u00ednh Low-E b\u00ean ngo\u00e0i<\/p>\n<p>+ Lo\u1ea1i h\u00ecnh s\u1edf h\u1eefu:\u00a0S\u1edf h\u1eefu l\u00e2u d\u00e0i \u0111\u1ed1i v\u1edbi ng\u01b0\u1eddi Vi\u1ec7t Nam v\u00e0 50 n\u0103m \u0111\u1ed1i v\u1edbi ng\u01b0\u1eddi n\u01b0\u1edbc ngo\u00e0i<\/p>\n<h2>V\u1ecb tr\u00ed d\u1ef1 \u00e1n\u00a0Sunshine Diamond River Qu\u1eadn 7<\/h2>\n<p>T\u1ecda l\u1ea1c ngay v\u1ecb tr\u00ed \u0111\u1eafc \u0111\u1ecba, s\u00e1t b\u00ean ng\u00e3 ba s\u00f4ng S\u00e0i G\u00f2n giao v\u1edbi s\u00f4ng \u0110\u1ed3ng Nai, c\u1ea1nh c\u1ea7u Ph\u00fa M\u1ef9, 3 m\u1eb7t k\u1ebf c\u1eadn ngu\u1ed3n n\u01b0\u1edbc mang l\u1ea1i sinh kh\u00ed l\u1ed9c t\u00e0i, khu c\u0103n h\u1ed9 cao c\u1ea5p v\u00e0 trung t\u00e2m th\u01b0\u01a1ng m\u1ea1i\u00a0Sunshine Diamond River\u00a0h\u1ee9a h\u1eb9n mang \u0111\u1ebfn ph\u00fa qu\u00fd, an l\u00e0nh cho nh\u1eefng ch\u1ee7 nh\u00e2n ch\u1ecdn n\u01a1i \u0111\u00e2y l\u00e0m ch\u1ed1n an c\u01b0 l\u1ea1c nghi\u1ec7p.<\/p>\n<p>\u0110\u1eb7c bi\u1ec7t, d\u1ef1 \u00e1n\u00a0Sunshine Diamond River c\u00f2n li\u1ec1n k\u1ec1 v\u1edbi si\u00eau d\u1ef1 \u00e1n\u00a0Saigon Peninsula (M\u0169i \u0110\u00e8n \u0110\u1ecf), \u0111\u00e2y l\u00e0 \u0111\u00f2n b\u1ea9y t\u1ec9 \u0111\u00f4 th\u00fac \u0111\u1ea9y ph\u00e1t tri\u1ec3n, n\u00e2ng cao gi\u00e1 tr\u1ecb c\u1ee7a khu v\u1ef1c \u0110\u00e0o Tr\u00ed n\u00f3i ri\u00eang v\u00e0 khu Nam S\u00e0i G\u00f2n n\u00f3i chung.<\/p>\n<p>T\u1eeb v\u1ecb tr\u00ed d\u1ef1 \u00e1n Sunshine Diamond River\u00a0c\u00f3 th\u1ec3 nhanh ch\u00f3ng k\u1ebft n\u1ed1i \u0111\u1ebfn:<\/p>\n<p>+ 05 ph\u00fat \u0111\u1ebfn Khu \u0111\u00f4 th\u1ecb Ph\u00fa M\u1ef9 H\u01b0ng<\/p>\n<p>+ 10 ph\u00fat \u0111\u1ebfn Khu \u0111\u00f4 th\u1ecb m\u1edbi Th\u1ee7 Thi\u00eam, Qu\u1eadn 2<\/p>\n<p>+ 15 ph\u00fat \u0111\u1ebfn trung t\u00e2m\u00a0Qu\u1eadn 1<\/p>\n<p>&nbsp;<\/p>\n","protected":false},"excerpt":{"rendered":"<p>D\u1ef1 \u00e1n Sunshine Diamond River\u00a0do T\u1eadp \u0111o\u00e0n Sunshine Group l\u00e0m ch\u1ee7 \u0111\u1ea7u t\u01b0, t\u1ecda l\u1ea1c ngay m\u1eb7t ti\u1ec1n \u0111\u01b0\u1eddng \u0110\u00e0o Tr\u00ed, ph\u01b0\u1eddng Ph\u00fa Thu\u1eadn, Qu\u1eadn 7, TP. H\u1ed3 Ch\u00ed Minh v\u1edbi quy m\u00f4 g\u1ea7n 12 hecta c\u00f9ng t\u1ed5ng m\u1ee9c v\u1ed1n \u0111\u1ea7u t\u01b0 l\u00ean \u0111\u1ebfn 25,000 t\u1ef7 \u0111\u1ed3ng. \u0110\u00e2y l\u00e0 khu c\u0103n h\u1ed9 s\u1edf h\u1eefu 3 m\u1eb7t view tr\u1ef1c di\u1ec7n s\u00f4ng S\u00e0i G\u00f2n c\u00f9ng h\u01a1n 80% s\u1ed1 l\u01b0\u1ee3ng c\u0103n h\u1ed9 view s\u00f4ng.<\/p>\n","protected":false},"featured_media":290,"comment_status":"open","ping_status":"closed","template":"","meta":[],"product_cat":[18],"product_tag":[19],"yoast_head":"<!-- This site is optimized with the Yoast SEO plugin v16.7 - https:\/\/yoast.com\/wordpress\/plugins\/seo\/ -->\n<title>Sunshine Gardent City - M\u1eabu BDS 4<\/title>\n<meta name=\"robots\" content=\"index, follow, max-snippet:-1, max-image-preview:large, max-video-preview:-1\" \/>\n<link rel=\"canonical\" href=\"https:\/\/giaodienwebsite.tgs.com.vn\/bds50\/du-an\/sunshine-gardent-city\/\" \/>\n<meta property=\"og:locale\" content=\"vi_VN\" \/>\n<meta property=\"og:type\" content=\"article\" \/>\n<meta property=\"og:title\" content=\"Sunshine Gardent City - M\u1eabu BDS 4\" \/>\n<meta property=\"og:description\" content=\"D\u1ef1 \u00e1n Sunshine Diamond River\u00a0do T\u1eadp \u0111o\u00e0n Sunshine Group l\u00e0m ch\u1ee7 \u0111\u1ea7u t\u01b0, t\u1ecda l\u1ea1c ngay m\u1eb7t ti\u1ec1n \u0111\u01b0\u1eddng \u0110\u00e0o Tr\u00ed, ph\u01b0\u1eddng Ph\u00fa Thu\u1eadn, Qu\u1eadn 7, TP. H\u1ed3 Ch\u00ed Minh v\u1edbi quy m\u00f4 g\u1ea7n 12 hecta c\u00f9ng t\u1ed5ng m\u1ee9c v\u1ed1n \u0111\u1ea7u t\u01b0 l\u00ean \u0111\u1ebfn 25,000 t\u1ef7 \u0111\u1ed3ng. \u0110\u00e2y l\u00e0 khu c\u0103n h\u1ed9 s\u1edf h\u1eefu 3 m\u1eb7t view tr\u1ef1c di\u1ec7n s\u00f4ng S\u00e0i G\u00f2n c\u00f9ng h\u01a1n 80% s\u1ed1 l\u01b0\u1ee3ng c\u0103n h\u1ed9 view s\u00f4ng.\" \/>\n<meta property=\"og:url\" content=\"https:\/\/giaodienwebsite.tgs.com.vn\/bds50\/du-an\/sunshine-gardent-city\/\" \/>\n<meta property=\"og:site_name\" content=\"M\u1eabu BDS 4\" \/>\n<meta property=\"article:modified_time\" content=\"2021-07-16T13:47:49+00:00\" \/>\n<meta property=\"og:image\" content=\"https:\/\/giaodienwebsite.tgs.com.vn\/bds50\/wp-content\/uploads\/2020\/09\/n2.jpg\" \/>\n\t<meta property=\"og:image:width\" content=\"885\" \/>\n\t<meta property=\"og:image:height\" content=\"500\" \/>\n<meta name=\"twitter:card\" content=\"summary_large_image\" \/>\n<meta name=\"twitter:label1\" content=\"\u01af\u1edbc t\u00ednh th\u1eddi gian \u0111\u1ecdc\" \/>\n\t<meta name=\"twitter:data1\" content=\"2 ph\u00fat\" \/>\n<script type=\"application\/ld+json\" class=\"yoast-schema-graph\">{\"@context\":\"https:\/\/schema.org\",\"@graph\":[{\"@type\":\"WebSite\",\"@id\":\"https:\/\/giaodienwebsite.tgs.com.vn\/bds50\/#website\",\"url\":\"https:\/\/giaodienwebsite.tgs.com.vn\/bds50\/\",\"name\":\"M\\u1eabu BDS 4\",\"description\":\"M\\u1ed9t trang web m\\u1edbi s\\u1eed d\\u1ee5ng WordPress\",\"potentialAction\":[{\"@type\":\"SearchAction\",\"target\":{\"@type\":\"EntryPoint\",\"urlTemplate\":\"https:\/\/giaodienwebsite.tgs.com.vn\/bds50\/?s={search_term_string}\"},\"query-input\":\"required name=search_term_string\"}],\"inLanguage\":\"vi\"},{\"@type\":\"ImageObject\",\"@id\":\"https:\/\/giaodienwebsite.tgs.com.vn\/bds50\/du-an\/sunshine-gardent-city\/#primaryimage\",\"inLanguage\":\"vi\",\"url\":\"https:\/\/giaodienwebsite.tgs.com.vn\/bds50\/wp-content\/uploads\/2020\/09\/n2.jpg\",\"contentUrl\":\"https:\/\/giaodienwebsite.tgs.com.vn\/bds50\/wp-content\/uploads\/2020\/09\/n2.jpg\",\"width\":885,\"height\":500},{\"@type\":\"WebPage\",\"@id\":\"https:\/\/giaodienwebsite.tgs.com.vn\/bds50\/du-an\/sunshine-gardent-city\/#webpage\",\"url\":\"https:\/\/giaodienwebsite.tgs.com.vn\/bds50\/du-an\/sunshine-gardent-city\/\",\"name\":\"Sunshine Gardent City - M\\u1eabu BDS 4\",\"isPartOf\":{\"@id\":\"https:\/\/giaodienwebsite.tgs.com.vn\/bds50\/#website\"},\"primaryImageOfPage\":{\"@id\":\"https:\/\/giaodienwebsite.tgs.com.vn\/bds50\/du-an\/sunshine-gardent-city\/#primaryimage\"},\"datePublished\":\"2020-09-09T07:22:47+00:00\",\"dateModified\":\"2021-07-16T13:47:49+00:00\",\"breadcrumb\":{\"@id\":\"https:\/\/giaodienwebsite.tgs.com.vn\/bds50\/du-an\/sunshine-gardent-city\/#breadcrumb\"},\"inLanguage\":\"vi\",\"potentialAction\":[{\"@type\":\"ReadAction\",\"target\":[\"https:\/\/giaodienwebsite.tgs.com.vn\/bds50\/du-an\/sunshine-gardent-city\/\"]}]},{\"@type\":\"BreadcrumbList\",\"@id\":\"https:\/\/giaodienwebsite.tgs.com.vn\/bds50\/du-an\/sunshine-gardent-city\/#breadcrumb\",\"itemListElement\":[{\"@type\":\"ListItem\",\"position\":1,\"name\":\"Trang ch\\u1ee7\",\"item\":\"https:\/\/giaodienwebsite.tgs.com.vn\/bds50\/\"},{\"@type\":\"ListItem\",\"position\":2,\"name\":\"C\\u1eeda h\\u00e0ng\",\"item\":\"https:\/\/giaodienwebsite.tgs.com.vn\/bds50\/mua\/\"},{\"@type\":\"ListItem\",\"position\":3,\"name\":\"Sunshine Gardent City\"}]}]}<\/script>\n<!-- \/ Yoast SEO plugin. -->","yoast_head_json":{"title":"Sunshine Gardent City - M\u1eabu BDS 4","robots":{"index":"index","follow":"follow","max-snippet":"max-snippet:-1","max-image-preview":"max-image-preview:large","max-video-preview":"max-video-preview:-1"},"canonical":"https:\/\/giaodienwebsite.tgs.com.vn\/bds50\/du-an\/sunshine-gardent-city\/","og_locale":"vi_VN","og_type":"article","og_title":"Sunshine Gardent City - M\u1eabu BDS 4","og_description":"D\u1ef1 \u00e1n Sunshine Diamond River\u00a0do T\u1eadp \u0111o\u00e0n Sunshine Group l\u00e0m ch\u1ee7 \u0111\u1ea7u t\u01b0, t\u1ecda l\u1ea1c ngay m\u1eb7t ti\u1ec1n \u0111\u01b0\u1eddng \u0110\u00e0o Tr\u00ed, ph\u01b0\u1eddng Ph\u00fa Thu\u1eadn, Qu\u1eadn 7, TP. H\u1ed3 Ch\u00ed Minh v\u1edbi quy m\u00f4 g\u1ea7n 12 hecta c\u00f9ng t\u1ed5ng m\u1ee9c v\u1ed1n \u0111\u1ea7u t\u01b0 l\u00ean \u0111\u1ebfn 25,000 t\u1ef7 \u0111\u1ed3ng. \u0110\u00e2y l\u00e0 khu c\u0103n h\u1ed9 s\u1edf h\u1eefu 3 m\u1eb7t view tr\u1ef1c di\u1ec7n s\u00f4ng S\u00e0i G\u00f2n c\u00f9ng h\u01a1n 80% s\u1ed1 l\u01b0\u1ee3ng c\u0103n h\u1ed9 view s\u00f4ng.","og_url":"https:\/\/giaodienwebsite.tgs.com.vn\/bds50\/du-an\/sunshine-gardent-city\/","og_site_name":"M\u1eabu BDS 4","article_modified_time":"2021-07-16T13:47:49+00:00","og_image":[{"width":885,"height":500,"url":"https:\/\/giaodienwebsite.tgs.com.vn\/bds50\/wp-content\/uploads\/2020\/09\/n2.jpg","path":"\/home\/bds50.giaodienwebmau.com\/public_html\/wp-content\/uploads\/2020\/09\/n2.jpg","size":"full","id":290,"alt":"","pixels":442500,"type":"image\/jpeg"}],"twitter_card":"summary_large_image","twitter_misc":{"\u01af\u1edbc t\u00ednh th\u1eddi gian \u0111\u1ecdc":"2 ph\u00fat"},"schema":{"@context":"https:\/\/schema.org","@graph":[{"@type":"WebSite","@id":"https:\/\/giaodienwebsite.tgs.com.vn\/bds50\/#website","url":"https:\/\/giaodienwebsite.tgs.com.vn\/bds50\/","name":"M\u1eabu BDS 4","description":"M\u1ed9t trang web m\u1edbi s\u1eed d\u1ee5ng WordPress","potentialAction":[{"@type":"SearchAction","target":{"@type":"EntryPoint","urlTemplate":"https:\/\/giaodienwebsite.tgs.com.vn\/bds50\/?s={search_term_string}"},"query-input":"required name=search_term_string"}],"inLanguage":"vi"},{"@type":"ImageObject","@id":"https:\/\/giaodienwebsite.tgs.com.vn\/bds50\/du-an\/sunshine-gardent-city\/#primaryimage","inLanguage":"vi","url":"https:\/\/giaodienwebsite.tgs.com.vn\/bds50\/wp-content\/uploads\/2020\/09\/n2.jpg","contentUrl":"https:\/\/giaodienwebsite.tgs.com.vn\/bds50\/wp-content\/uploads\/2020\/09\/n2.jpg","width":885,"height":500},{"@type":"WebPage","@id":"https:\/\/giaodienwebsite.tgs.com.vn\/bds50\/du-an\/sunshine-gardent-city\/#webpage","url":"https:\/\/giaodienwebsite.tgs.com.vn\/bds50\/du-an\/sunshine-gardent-city\/","name":"Sunshine Gardent City - M\u1eabu BDS 4","isPartOf":{"@id":"https:\/\/giaodienwebsite.tgs.com.vn\/bds50\/#website"},"primaryImageOfPage":{"@id":"https:\/\/giaodienwebsite.tgs.com.vn\/bds50\/du-an\/sunshine-gardent-city\/#primaryimage"},"datePublished":"2020-09-09T07:22:47+00:00","dateModified":"2021-07-16T13:47:49+00:00","breadcrumb":{"@id":"https:\/\/giaodienwebsite.tgs.com.vn\/bds50\/du-an\/sunshine-gardent-city\/#breadcrumb"},"inLanguage":"vi","potentialAction":[{"@type":"ReadAction","target":["https:\/\/giaodienwebsite.tgs.com.vn\/bds50\/du-an\/sunshine-gardent-city\/"]}]},{"@type":"BreadcrumbList","@id":"https:\/\/giaodienwebsite.tgs.com.vn\/bds50\/du-an\/sunshine-gardent-city\/#breadcrumb","itemListElement":[{"@type":"ListItem","position":1,"name":"Trang ch\u1ee7","item":"https:\/\/giaodienwebsite.tgs.com.vn\/bds50\/"},{"@type":"ListItem","position":2,"name":"C\u1eeda h\u00e0ng","item":"https:\/\/giaodienwebsite.tgs.com.vn\/bds50\/mua\/"},{"@type":"ListItem","position":3,"name":"Sunshine Gardent City"}]}]}},"_links":{"self":[{"href":"https:\/\/giaodienwebsite.tgs.com.vn\/bds50\/wp-json\/wp\/v2\/product\/361"}],"collection":[{"href":"https:\/\/giaodienwebsite.tgs.com.vn\/bds50\/wp-json\/wp\/v2\/product"}],"about":[{"href":"https:\/\/giaodienwebsite.tgs.com.vn\/bds50\/wp-json\/wp\/v2\/types\/product"}],"replies":[{"embeddable":true,"href":"https:\/\/giaodienwebsite.tgs.com.vn\/bds50\/wp-json\/wp\/v2\/comments?post=361"}],"wp:featuredmedia":[{"embeddable":true,"href":"https:\/\/giaodienwebsite.tgs.com.vn\/bds50\/wp-json\/wp\/v2\/media\/290"}],"wp:attachment":[{"href":"https:\/\/giaodienwebsite.tgs.com.vn\/bds50\/wp-json\/wp\/v2\/media?parent=361"}],"wp:term":[{"taxonomy":"product_cat","embeddable":true,"href":"https:\/\/giaodienwebsite.tgs.com.vn\/bds50\/wp-json\/wp\/v2\/product_cat?post=361"},{"taxonomy":"product_tag","embeddable":true,"href":"https:\/\/giaodienwebsite.tgs.com.vn\/bds50\/wp-json\/wp\/v2\/product_tag?post=361"}],"curies":[{"name":"wp","href":"https:\/\/api.w.org\/{rel}","templated":true}]}}