{"id":299,"date":"2020-09-09T04:43:14","date_gmt":"2020-09-09T04:43:14","guid":{"rendered":"http:\/\/bds6.thuatpartner.com\/?post_type=product&#038;p=299"},"modified":"2021-07-20T13:09:24","modified_gmt":"2021-07-20T13:09:24","slug":"saigon-sports-city","status":"publish","type":"product","link":"https:\/\/giaodienwebsite.tgs.com.vn\/bds50\/du-an\/saigon-sports-city\/","title":{"rendered":"Saigon Sports City"},"content":{"rendered":"<p>Theo gi\u1edbi thi\u1ec7u, sau khi ho\u00e0n th\u00e0nh,\u00a0d\u1ef1 \u00e1n Saigon Sports City\u00a0d\u1ef1 ki\u1ebfn s\u1ebd cung c\u1ea5p cho th\u1ecb tr\u01b0\u1eddng b\u1ea5t \u0111\u1ed9ng s\u1ea3n TP.HCM 4.300 c\u0103n h\u1ed9 cao c\u1ea5p, b\u00ean c\u1ea1nh t\u1ed5 h\u1ee3p th\u1ec3 thao, trung t\u00e2m gi\u1ea3i tr\u00ed v\u00e0 phong c\u00e1ch s\u1ed1ng \u0111\u1ea7u ti\u00ean c\u1ee7a Vi\u1ec7t Nam.<\/p>\n<p>V\u1ec1 phong c\u00e1ch thi\u1ebft k\u1ebf c\u1ee7a\u00a0d\u1ef1 \u00e1n Saigon Sports City\u00a0s\u1ebd mang r\u1ea5t nhi\u1ec1u y\u1ebfu t\u1ed1 t\u1eeb t\u1ef1 nhi\u00ean, theo \u0111\u00f3 c\u00e1c h\u1ea1ng m\u1ee5c c\u1ee7a d\u1ef1 \u00e1n s\u1ebd \u0111\u01b0\u1ee3c h\u00f2a quy\u1ec7n v\u00e0o thi\u00ean nhi\u00ean, t\u1eeb vi\u1ec7c t\u1ed1i \u01b0u h\u00f3a c\u00e1c lu\u1ed3ng kh\u00ed tr\u1eddi v\u00e0 \u00e1nh s\u00e1ng t\u1ef1 nhi\u00ean, cho \u0111\u1ebfn nh\u1eefng \u0111\u01b0\u1eddng ch\u1ea1y b\u1ed9 n\u1ed1i d\u00e0i, nh\u1eefng m\u1ea3ng xanh v\u1edbi h\u1ec7 th\u1ef1c v\u1eadt b\u1ea3n \u0111\u1ecba phong ph\u00fa c\u00f9ng nh\u1eefng ti\u1ec3u c\u1ea3nh n\u01b0\u1edbc \u0111\u1eb9p m\u1eaft \u0111\u01b0\u1ee3c l\u1ecdc s\u1ea1ch t\u1ef1 nhi\u00ean, t\u1ea5t c\u1ea3 t\u1ea1o n\u00ean m\u1ed9t kh\u00f4ng gian xanh tuy\u1ec7t m\u1ef9.<\/p>\n<p>Ch\u1ee7 \u0111\u1ea7u t\u01b0 Keppel Land c\u0169ng cho bi\u1ebft s\u1ebd h\u1ee3p t\u00e1c c\u00f9ng c\u00e1c \u0111\u1ed1i t\u00e1c trong v\u00e0 ngo\u00e0i n\u01b0\u1edbc t\u1ed1t nh\u1ea5t \u0111\u1ec3 cung c\u1ea5p c\u00e1c gi\u1ea3i ph\u00e1p h\u1ed7 tr\u1ee3 \u0111i l\u1ea1i th\u00f4ng minh v\u00e0 c\u00e1c gi\u1ea3i ph\u00e1p h\u1ea1 t\u1ea7ng m\u00f4i tr\u01b0\u1eddng&#8230; Giai \u0111o\u1ea1n \u0111\u1ea7u c\u1ee7a\u00a0d\u1ef1 \u00e1n Saigon Sports City\u00a0s\u1ebd bao g\u1ed3m khu d\u00e2n c\u01b0, trung t\u00e2m th\u01b0\u01a1ng m\u1ea1i v\u00e0 t\u1ed5 h\u1ee3p th\u1ec3 thao.<\/p>\n<p>\u0110\u01b0\u1ee3c bi\u1ebft, t\u1ed5ng di\u1ec7n t\u00edch khu \u0111\u1ea5t\u00a0d\u1ef1 \u00e1n Saigon Sports City\u00a0l\u00ean \u0111\u1ebfn 64ha &#8211; m\u1ed9t trong nh\u1eefng khu ph\u1ee9c h\u1ee3p l\u1edbn b\u1eadc nh\u1ea5t t\u1ea1i TP.HCM, \u0111\u01b0\u1ee3c quy ho\u1ea1ch\u00a0g\u1ed3m khu c\u0103n h\u1ed9 v\u00e0 khu th\u1ec3 thao, thu\u1ed9c khu li\u00ean h\u1ee3p th\u1ec3 thao R\u1ea1ch Chi\u1ebfc, ph\u01b0\u1eddng An Ph\u00fa, Qu\u1eadn 2.<\/p>\n<p>Theo t\u00ecm hi\u1ec3u, m\u1eadt \u0111\u1ed9 x\u00e2y d\u1ef1ng to\u00e0n d\u1ef1 \u00e1n Saigon Sports City s\u1ebd r\u01a1i v\u00e0o kho\u1ea3ng 25% v\u00e0 h\u1ec7 s\u1ed1 s\u1eed d\u1ee5ng \u0111\u1ea5t l\u00e0 1,29.<\/p>\n<p>V\u1ec1 thi\u1ebft k\u1ebf,\u00a0t\u1ed5ng th\u1ec3 khu ph\u1ee9c h\u1ee3p Saigon Sports City Qu\u1eadn 2\u00a0s\u1ebd \u0111\u01b0\u1ee3c chia l\u00e0m 2 ph\u00e2n khu ch\u1ee9c n\u0103ng g\u1ed3m ph\u00e2n khu 1 v\u00e0 ph\u00e2n khu 2. Trong \u0111\u00f3:<\/p>\n<ul>\n<li>Ph\u00e2n khu 1:\u00a0C\u00f3 di\u1ec7n t\u00edch 26ha, t\u1ecda l\u1ea1c t\u1ea1i ph\u00eda B\u1eafc r\u1ea1ch M\u01b0\u01a1ng Kinh. \u0110\u00e2y s\u1ebd l\u00e0 chuy\u00ean ph\u00e2n khu th\u1ec3 thao trung t\u00e2m hu\u1ea5n luy\u1ec7n thi \u0111\u1ea5u. Bao g\u1ed3m h\u1ec7 th\u1ed1ng s\u00e2n t\u1eadp cho h\u1ea7u h\u1ebft c\u00e1c m\u00f4n th\u1ec3 thao, trung t\u00e2m thi \u0111\u1ea5u ti\u00eau chu\u1ea9n qu\u1ed1c t\u1ebf. Tr\u01b0\u1eddng th\u1ec3 thao n\u0103ng khi\u1ebfu hi\u1ec7n \u0111\u1ea1i c\u00f9ng h\u1ec7 th\u1ed1ng khu v\u1ef1c c\u00e2y xanh v\u00e0 c\u00f4ng vi\u00ean r\u1ed9ng l\u1edbn.<\/li>\n<li>Ph\u00e2n khu 2:\u00a0\u0110\u00e2y l\u00e0 ph\u00e2n khu v\u1edbi quy m\u00f4 r\u1ed9ng 38ha\u00a0n\u1eb1m \u1edf ph\u00eda Nam r\u1ea1ch M\u01b0\u01a1ng Kinh. \u0110\u01b0\u1ee3c \u0111\u1ea7u t\u01b0 nh\u1eb1m bi\u1ebfn\u00a0Saigon Sports City Qu\u1eadn 2 th\u00e0nh khu th\u1ec3 thao li\u00ean h\u1ee3p n\u00ean ph\u00e2n khu n\u00e0y s\u1ebd \u0111\u01b0\u1ee3c ch\u1ee7 \u0111\u1ea7u t\u01b0 Keppel Land t\u1eadp trung v\u00e0o ph\u00e1t tri\u1ec3n c\u00e1c trung t\u00e2m th\u01b0\u01a1ng m\u1ea1i, d\u1ecbch v\u1ee5 kh\u00e9p k\u00edn, c\u00e1c\u00a0khu chung c\u01b0 c\u0103n h\u1ed9 cao t\u1ea7ng\u00a0ch\u1ea5t l\u01b0\u1ee3ng qu\u1ed1c t\u1ebf. C\u00e1c trung t\u00e2m cao \u1ed1c, v\u0103n ph\u00f2ng, trung t\u00e2m h\u1ed9i ngh\u1ecb tri\u1ec3n l\u00e3m, y t\u1ebf, v\u0103n h\u00f3a\u2026<\/li>\n<\/ul>\n<h2>T\u1ed5ng quan d\u1ef1 \u00e1n\u00a0Saigon Sports City<\/h2>\n<p>+ V\u1ecb tr\u00ed:\u00a0Song H\u00e0nh cao t\u1ed1c, ph\u01b0\u1eddng An Ph\u00fa, Qu\u1eadn 2<\/p>\n<p>+ T\u1ed5ng di\u1ec7n t\u00edch \u0111\u1ea5t:\u00a0G\u1ea7n 64ha<\/p>\n<p>+ M\u1eadt \u0111\u1ed9 x\u00e2y d\u1ef1ng:\u00a025%<\/p>\n<p>+ S\u1ed1 block:\u00a010 block<\/p>\n<p>+ S\u1ed1 l\u01b0\u1ee3ng c\u0103n h\u1ed9:\u00a0Kho\u1ea3ng 4.300 c\u0103n h\u1ed9<\/p>\n<p>+ Lo\u1ea1i h\u00ecnh s\u1ea3n ph\u1ea9m:\u00a0Khu c\u0103n h\u1ed9, khu ph\u1ee9c h\u1ee3p d\u1ecbch v\u1ee5, th\u01b0\u01a1ng m\u1ea1i, th\u1ec3 thao c\u00f4ng c\u1ed9ng<\/p>\n<p>+ Quy m\u00f4:\u00a02 ph\u00e2n khu &#8211; Ph\u00e2n khu 1 r\u1ed9ng 26ha v\u00e0 Ph\u00e2n khu 2 r\u1ed9ng 38ha<\/p>\n<p>+ T\u1ed5ng m\u1ee9c \u0111\u1ea7u t\u01b0:\u00a0500 tri\u1ec7u USD<\/p>\n<p>+ Th\u1eddi gian b\u00e0n giao:\u00a0\u0110ang c\u1eadp nh\u1eadt<\/p>\n<h2>V\u1ecb tr\u00ed d\u1ef1 \u00e1n\u00a0Saigon Sports City<\/h2>\n<p>T\u1ecda l\u1ea1c tr\u00ean \u0111\u01b0\u1eddng Song h\u00e0nh Cao t\u1ed1c,\u00a0ph\u01b0\u1eddng An Ph\u00fa, Qu\u1eadn 2, \u0111\u00e2y l\u00e0 v\u1ecb tr\u00ed chi\u1ebfn l\u01b0\u1ee3c v\u1edbi kh\u1ea3 n\u0103ng li\u00ean k\u1ebft v\u00f9ng t\u1ed1t v\u00e0 n\u1eb1m k\u1ebf c\u1eadn nh\u1eefng d\u1ef1 \u00e1n t\u1ea7m c\u1ee1 khu v\u1ef1c xung quanh. T\u1eeb v\u1ecb tr\u00ed\u00a0Saigon Sports City\u00a0c\u0169ng d\u1ec5 d\u00e0ng k\u1ebft n\u1ed1i \u0111\u1ebfn c\u00e1c qu\u1eadn, huy\u1ec7n kh\u00e1c nhau trong th\u00e0nh ph\u1ed1 hay c\u00e1c t\u1ec9nh mi\u1ec1n \u0110\u00f4ng Nam B\u1ed9 th\u00f4ng qua Xa l\u1ed9 H\u00e0 N\u1ed9i v\u00e0 v\u1ec1 ph\u00eda Nam th\u00f4ng qua \u0111\u01b0\u1eddng cao t\u1ed1c TP.HCM &#8211; Long Th\u00e0nh \u2013 D\u1ea7u Gi\u00e2y hay \u0111\u1ea1i l\u1ed9 Mai Ch\u00ed Th\u1ecd.<\/p>\n<p>C\u01b0 d\u00e2n t\u1ea1i d\u1ef1 \u00e1n\u00a0Saigon Sports City c\u00f3 th\u1ec3\u00a0di chuy\u1ec3n \u0111\u1ebfn c\u00e1c khu v\u1ef1c tr\u1ecdng \u0111i\u1ec3m trong th\u00e0nh ph\u1ed1 v\u1edbi th\u1eddi gian nhanh ch\u00f3ng:<\/p>\n<p>+ 12 ph\u00fat \u0111\u1ebfn Khu \u0111\u00f4 th\u1ecb m\u1edbi Th\u1ee7 Thi\u00eam<\/p>\n<p>+ 20 ph\u00fat \u0111\u1ebfn trung t\u00e2m Qu\u1eadn 1<\/p>\n<p>+ 25 ph\u00fat \u0111\u1ebfn s\u00e2n bay T\u00e2n S\u01a1n Nh\u1ea5t<\/p>\n<p>+ 30 ph\u00fat \u0111\u1ebfn Khu d\u00e2n c\u01b0 Ph\u00fa M\u1ef9 H\u01b0ng<\/p>\n<h2>Ti\u1ec7n \u00edch d\u1ef1 \u00e1n\u00a0Saigon Sports City<\/h2>\n<p>D\u1ef1 \u00e1n Saigon Sports City \u0111\u01b0\u1ee3c \u0111\u1ecbnh h\u01b0\u1edbng x\u00e2y d\u1ef1ng th\u00e0nh m\u1ed9t th\u00e0nh ph\u1ed1 th\u1ec3 thao v\u1edbi nhi\u1ec1u ti\u1ec7n \u00edch n\u1ed9i khu \u0111\u1eb3ng c\u1ea5p ph\u1ee5c v\u1ee5 cho c\u00e1c ho\u1ea1t \u0111\u1ed9ng n\u00e0y nh\u01b0 h\u1ed3 b\u01a1i ti\u00eau chu\u1ea9n Olympic, trung t\u00e2m \u0111\u00e0o t\u1ea1o tennis, m\u1ed9t s\u00e2n v\u1eadn \u0111\u1ed9ng, m\u1ed9t h\u1ed9i tr\u01b0\u1eddng v\u00e0 m\u1ed9t trung t\u00e2m hu\u1ea5n luy\u1ec7n th\u1ec3 thao,&#8230; B\u00ean c\u1ea1nh \u0111\u00f3, c\u01b0 d\u00e2n c\u00f2n \u0111\u01b0\u1ee3c\u00a0th\u1eeba h\u01b0\u1edfng \u0111\u1ea7y \u0111\u1ee7 c\u00e1c ti\u1ec7n \u00edch sinh ho\u1ea1t c\u1ea7n thi\u1ebft nh\u01b0:<\/p>\n<p>+ Khu mua s\u1eafm hi\u1ec7n \u0111\u1ea1i.<\/p>\n<p>+ H\u1ec7 th\u1ed1ng gi\u00e1o d\u1ee5c tr\u01b0\u1eddng h\u1ecdc \u0111\u1ea7y \u0111\u1ee7 ch\u1ea5t l\u01b0\u1ee3ng.<\/p>\n<p>+ Trung t\u00e2m y t\u1ebf ti\u00ean ti\u1ebfn v\u1edbi c\u00e1c thi\u1ebft b\u1ecb c\u1ea7n thi\u1ebft \u0111\u1ea3m b\u1ea3o ch\u0103m s\u00f3c s\u1ee9c kh\u1ecfe b\u1ea1n v\u00e0 gia \u0111\u00ecnh.<\/p>\n<p>+ Khu\u00f4n vi\u00ean c\u00e2y xanh gi\u1ea3i tr\u00ed.<\/p>\n<p>Ngo\u00e0i ra,\u00a0d\u1ef1 \u00e1n Saigon Sports City c\u00f2n s\u1edf h\u1eefu di\u1ec7n t\u00edch m\u1ea3ng xanh l\u1edbn v\u1edbi h\u1ec7 th\u1ed1ng c\u00f4ng vi\u00ean, c\u00e2y xanh n\u1eb1m xen k\u1ebd khu v\u1ef1c d\u00e2n c\u01b0, k\u1ebft h\u1ee3p v\u1edbi v\u1ecb tr\u00ed \u0111\u1eafc \u0111\u1ecba gi\u00e1p b\u00ean s\u00f4ng M\u01b0\u01a1ng Kinh v\u00e0 s\u00f4ng R\u1ea1ch Chi\u1ebfc, mang \u0111\u1ebfn\u00a0cho c\u01b0 d\u00e2n d\u1ef1 \u00e1n m\u1ed9t\u00a0m\u00f4i tr\u01b0\u1eddng s\u1ed1ng tho\u00e1ng m\u00e1t, kh\u00f4ng kh\u00ed s\u1ea1ch s\u1ebd.<\/p>\n","protected":false},"excerpt":{"rendered":"<p>Sau th\u00e0nh c\u00f4ng c\u1ee7a h\u00e0ng lo\u1ea1t chu\u1ed7i d\u1ef1 \u00e1n l\u1edbn nh\u01b0 The Estella,\u00a0Empire City Th\u1ee7 Thi\u00eam, Palm City&#8230;\u00a0Keppel Land chu\u1ea9n b\u1ecb tri\u1ec3n khai si\u00eau d\u1ef1 \u00e1n c\u0103n h\u1ed9 Saigon Sports City\u00a0l\u00e0 d\u1ef1 \u00e1n khu ph\u1ee9c h\u1ee3p l\u1edbn\u00a0g\u1ed3m nh\u00e0 \u1edf cao c\u1ea5p, khu th\u01b0\u01a1ng m\u1ea1i d\u1ecbch v\u1ee5, v\u00e0 khu th\u1ec3 thao c\u00f4ng c\u1ed9ng.<\/p>\n","protected":false},"featured_media":300,"comment_status":"open","ping_status":"closed","template":"","meta":[],"product_cat":[18],"product_tag":[],"yoast_head":"<!-- This site is optimized with the Yoast SEO plugin v16.7 - https:\/\/yoast.com\/wordpress\/plugins\/seo\/ -->\n<title>Saigon Sports City - M\u1eabu BDS 4<\/title>\n<meta name=\"robots\" content=\"index, follow, max-snippet:-1, max-image-preview:large, max-video-preview:-1\" \/>\n<link rel=\"canonical\" href=\"https:\/\/giaodienwebsite.tgs.com.vn\/bds50\/du-an\/saigon-sports-city\/\" \/>\n<meta property=\"og:locale\" content=\"vi_VN\" \/>\n<meta property=\"og:type\" content=\"article\" \/>\n<meta property=\"og:title\" content=\"Saigon Sports City - M\u1eabu BDS 4\" \/>\n<meta property=\"og:description\" content=\"Sau th\u00e0nh c\u00f4ng c\u1ee7a h\u00e0ng lo\u1ea1t chu\u1ed7i d\u1ef1 \u00e1n l\u1edbn nh\u01b0 The Estella,\u00a0Empire City Th\u1ee7 Thi\u00eam, Palm City...\u00a0Keppel Land chu\u1ea9n b\u1ecb tri\u1ec3n khai si\u00eau d\u1ef1 \u00e1n c\u0103n h\u1ed9 Saigon Sports City\u00a0l\u00e0 d\u1ef1 \u00e1n khu ph\u1ee9c h\u1ee3p l\u1edbn\u00a0g\u1ed3m nh\u00e0 \u1edf cao c\u1ea5p, khu th\u01b0\u01a1ng m\u1ea1i d\u1ecbch v\u1ee5, v\u00e0 khu th\u1ec3 thao c\u00f4ng c\u1ed9ng.\" \/>\n<meta property=\"og:url\" content=\"https:\/\/giaodienwebsite.tgs.com.vn\/bds50\/du-an\/saigon-sports-city\/\" \/>\n<meta property=\"og:site_name\" content=\"M\u1eabu BDS 4\" \/>\n<meta property=\"article:modified_time\" content=\"2021-07-20T13:09:24+00:00\" \/>\n<meta property=\"og:image\" content=\"https:\/\/giaodienwebsite.tgs.com.vn\/bds50\/wp-content\/uploads\/2020\/09\/n7.jpg\" \/>\n\t<meta property=\"og:image:width\" content=\"901\" \/>\n\t<meta property=\"og:image:height\" content=\"500\" \/>\n<meta name=\"twitter:card\" content=\"summary_large_image\" \/>\n<meta name=\"twitter:label1\" content=\"\u01af\u1edbc t\u00ednh th\u1eddi gian \u0111\u1ecdc\" \/>\n\t<meta name=\"twitter:data1\" content=\"7 ph\u00fat\" \/>\n<script type=\"application\/ld+json\" class=\"yoast-schema-graph\">{\"@context\":\"https:\/\/schema.org\",\"@graph\":[{\"@type\":\"WebSite\",\"@id\":\"https:\/\/giaodienwebsite.tgs.com.vn\/bds50\/#website\",\"url\":\"https:\/\/giaodienwebsite.tgs.com.vn\/bds50\/\",\"name\":\"M\\u1eabu BDS 4\",\"description\":\"M\\u1ed9t trang web m\\u1edbi s\\u1eed d\\u1ee5ng WordPress\",\"potentialAction\":[{\"@type\":\"SearchAction\",\"target\":{\"@type\":\"EntryPoint\",\"urlTemplate\":\"https:\/\/giaodienwebsite.tgs.com.vn\/bds50\/?s={search_term_string}\"},\"query-input\":\"required name=search_term_string\"}],\"inLanguage\":\"vi\"},{\"@type\":\"ImageObject\",\"@id\":\"https:\/\/giaodienwebsite.tgs.com.vn\/bds50\/du-an\/saigon-sports-city\/#primaryimage\",\"inLanguage\":\"vi\",\"url\":\"https:\/\/giaodienwebsite.tgs.com.vn\/bds50\/wp-content\/uploads\/2020\/09\/n7.jpg\",\"contentUrl\":\"https:\/\/giaodienwebsite.tgs.com.vn\/bds50\/wp-content\/uploads\/2020\/09\/n7.jpg\",\"width\":901,\"height\":500},{\"@type\":\"WebPage\",\"@id\":\"https:\/\/giaodienwebsite.tgs.com.vn\/bds50\/du-an\/saigon-sports-city\/#webpage\",\"url\":\"https:\/\/giaodienwebsite.tgs.com.vn\/bds50\/du-an\/saigon-sports-city\/\",\"name\":\"Saigon Sports City - M\\u1eabu BDS 4\",\"isPartOf\":{\"@id\":\"https:\/\/giaodienwebsite.tgs.com.vn\/bds50\/#website\"},\"primaryImageOfPage\":{\"@id\":\"https:\/\/giaodienwebsite.tgs.com.vn\/bds50\/du-an\/saigon-sports-city\/#primaryimage\"},\"datePublished\":\"2020-09-09T04:43:14+00:00\",\"dateModified\":\"2021-07-20T13:09:24+00:00\",\"breadcrumb\":{\"@id\":\"https:\/\/giaodienwebsite.tgs.com.vn\/bds50\/du-an\/saigon-sports-city\/#breadcrumb\"},\"inLanguage\":\"vi\",\"potentialAction\":[{\"@type\":\"ReadAction\",\"target\":[\"https:\/\/giaodienwebsite.tgs.com.vn\/bds50\/du-an\/saigon-sports-city\/\"]}]},{\"@type\":\"BreadcrumbList\",\"@id\":\"https:\/\/giaodienwebsite.tgs.com.vn\/bds50\/du-an\/saigon-sports-city\/#breadcrumb\",\"itemListElement\":[{\"@type\":\"ListItem\",\"position\":1,\"name\":\"Trang ch\\u1ee7\",\"item\":\"https:\/\/giaodienwebsite.tgs.com.vn\/bds50\/\"},{\"@type\":\"ListItem\",\"position\":2,\"name\":\"C\\u1eeda h\\u00e0ng\",\"item\":\"https:\/\/giaodienwebsite.tgs.com.vn\/bds50\/mua\/\"},{\"@type\":\"ListItem\",\"position\":3,\"name\":\"Saigon Sports City\"}]}]}<\/script>\n<!-- \/ Yoast SEO plugin. -->","yoast_head_json":{"title":"Saigon Sports City - M\u1eabu BDS 4","robots":{"index":"index","follow":"follow","max-snippet":"max-snippet:-1","max-image-preview":"max-image-preview:large","max-video-preview":"max-video-preview:-1"},"canonical":"https:\/\/giaodienwebsite.tgs.com.vn\/bds50\/du-an\/saigon-sports-city\/","og_locale":"vi_VN","og_type":"article","og_title":"Saigon Sports City - M\u1eabu BDS 4","og_description":"Sau th\u00e0nh c\u00f4ng c\u1ee7a h\u00e0ng lo\u1ea1t chu\u1ed7i d\u1ef1 \u00e1n l\u1edbn nh\u01b0 The Estella,\u00a0Empire City Th\u1ee7 Thi\u00eam, Palm City...\u00a0Keppel Land chu\u1ea9n b\u1ecb tri\u1ec3n khai si\u00eau d\u1ef1 \u00e1n c\u0103n h\u1ed9 Saigon Sports City\u00a0l\u00e0 d\u1ef1 \u00e1n khu ph\u1ee9c h\u1ee3p l\u1edbn\u00a0g\u1ed3m nh\u00e0 \u1edf cao c\u1ea5p, khu th\u01b0\u01a1ng m\u1ea1i d\u1ecbch v\u1ee5, v\u00e0 khu th\u1ec3 thao c\u00f4ng c\u1ed9ng.","og_url":"https:\/\/giaodienwebsite.tgs.com.vn\/bds50\/du-an\/saigon-sports-city\/","og_site_name":"M\u1eabu BDS 4","article_modified_time":"2021-07-20T13:09:24+00:00","og_image":[{"width":901,"height":500,"url":"https:\/\/giaodienwebsite.tgs.com.vn\/bds50\/wp-content\/uploads\/2020\/09\/n7.jpg","path":"\/home\/bds50.giaodienwebmau.com\/public_html\/wp-content\/uploads\/2020\/09\/n7.jpg","size":"full","id":300,"alt":"","pixels":450500,"type":"image\/jpeg"}],"twitter_card":"summary_large_image","twitter_misc":{"\u01af\u1edbc t\u00ednh th\u1eddi gian \u0111\u1ecdc":"7 ph\u00fat"},"schema":{"@context":"https:\/\/schema.org","@graph":[{"@type":"WebSite","@id":"https:\/\/giaodienwebsite.tgs.com.vn\/bds50\/#website","url":"https:\/\/giaodienwebsite.tgs.com.vn\/bds50\/","name":"M\u1eabu BDS 4","description":"M\u1ed9t trang web m\u1edbi s\u1eed d\u1ee5ng WordPress","potentialAction":[{"@type":"SearchAction","target":{"@type":"EntryPoint","urlTemplate":"https:\/\/giaodienwebsite.tgs.com.vn\/bds50\/?s={search_term_string}"},"query-input":"required name=search_term_string"}],"inLanguage":"vi"},{"@type":"ImageObject","@id":"https:\/\/giaodienwebsite.tgs.com.vn\/bds50\/du-an\/saigon-sports-city\/#primaryimage","inLanguage":"vi","url":"https:\/\/giaodienwebsite.tgs.com.vn\/bds50\/wp-content\/uploads\/2020\/09\/n7.jpg","contentUrl":"https:\/\/giaodienwebsite.tgs.com.vn\/bds50\/wp-content\/uploads\/2020\/09\/n7.jpg","width":901,"height":500},{"@type":"WebPage","@id":"https:\/\/giaodienwebsite.tgs.com.vn\/bds50\/du-an\/saigon-sports-city\/#webpage","url":"https:\/\/giaodienwebsite.tgs.com.vn\/bds50\/du-an\/saigon-sports-city\/","name":"Saigon Sports City - M\u1eabu BDS 4","isPartOf":{"@id":"https:\/\/giaodienwebsite.tgs.com.vn\/bds50\/#website"},"primaryImageOfPage":{"@id":"https:\/\/giaodienwebsite.tgs.com.vn\/bds50\/du-an\/saigon-sports-city\/#primaryimage"},"datePublished":"2020-09-09T04:43:14+00:00","dateModified":"2021-07-20T13:09:24+00:00","breadcrumb":{"@id":"https:\/\/giaodienwebsite.tgs.com.vn\/bds50\/du-an\/saigon-sports-city\/#breadcrumb"},"inLanguage":"vi","potentialAction":[{"@type":"ReadAction","target":["https:\/\/giaodienwebsite.tgs.com.vn\/bds50\/du-an\/saigon-sports-city\/"]}]},{"@type":"BreadcrumbList","@id":"https:\/\/giaodienwebsite.tgs.com.vn\/bds50\/du-an\/saigon-sports-city\/#breadcrumb","itemListElement":[{"@type":"ListItem","position":1,"name":"Trang ch\u1ee7","item":"https:\/\/giaodienwebsite.tgs.com.vn\/bds50\/"},{"@type":"ListItem","position":2,"name":"C\u1eeda h\u00e0ng","item":"https:\/\/giaodienwebsite.tgs.com.vn\/bds50\/mua\/"},{"@type":"ListItem","position":3,"name":"Saigon Sports City"}]}]}},"_links":{"self":[{"href":"https:\/\/giaodienwebsite.tgs.com.vn\/bds50\/wp-json\/wp\/v2\/product\/299"}],"collection":[{"href":"https:\/\/giaodienwebsite.tgs.com.vn\/bds50\/wp-json\/wp\/v2\/product"}],"about":[{"href":"https:\/\/giaodienwebsite.tgs.com.vn\/bds50\/wp-json\/wp\/v2\/types\/product"}],"replies":[{"embeddable":true,"href":"https:\/\/giaodienwebsite.tgs.com.vn\/bds50\/wp-json\/wp\/v2\/comments?post=299"}],"wp:featuredmedia":[{"embeddable":true,"href":"https:\/\/giaodienwebsite.tgs.com.vn\/bds50\/wp-json\/wp\/v2\/media\/300"}],"wp:attachment":[{"href":"https:\/\/giaodienwebsite.tgs.com.vn\/bds50\/wp-json\/wp\/v2\/media?parent=299"}],"wp:term":[{"taxonomy":"product_cat","embeddable":true,"href":"https:\/\/giaodienwebsite.tgs.com.vn\/bds50\/wp-json\/wp\/v2\/product_cat?post=299"},{"taxonomy":"product_tag","embeddable":true,"href":"https:\/\/giaodienwebsite.tgs.com.vn\/bds50\/wp-json\/wp\/v2\/product_tag?post=299"}],"curies":[{"name":"wp","href":"https:\/\/api.w.org\/{rel}","templated":true}]}}