{"id":275,"date":"2020-09-08T16:45:22","date_gmt":"2020-09-08T16:45:22","guid":{"rendered":"http:\/\/bds6.thuatpartner.com\/?post_type=product&amp;p=275"},"modified":"2020-09-08T16:45:22","modified_gmt":"2020-09-08T16:45:22","slug":"verosa-park","status":"publish","type":"product","link":"https:\/\/giaodienwebsite.tgs.com.vn\/bds50\/du-an\/verosa-park\/","title":{"rendered":"Verosa Park"},"content":{"rendered":"<p>Sau th\u00e0nh c\u00f4ng \u1edf c\u00e1c d\u1ef1 \u00e1n nh\u00e0 ph\u1ed1 li\u1ec1n k\u1ec1, bi\u1ec7t th\u1ef1 cao c\u1ea5p, v\u00e0 g\u1ea7n \u0111\u00e2y l\u00e0 c\u0103n h\u1ed9 cao c\u1ea5p Jamila v\u00e0 Safira, trong qu\u00fd IV\/2019 n\u00e0y ch\u1ee7 \u0111\u1ea7u t\u01b0 Khang \u0110i\u1ec1n ti\u1ebfp t\u1ee5c cho ra m\u1eaft th\u1ecb tr\u01b0\u1eddng Qu\u1eadn 9 d\u1ef1 \u00e1n Verosa Park. \u0110\u00e2y l\u00e0 d\u1ef1 \u00e1n nh\u00e0 ph\u1ed1 li\u1ec1n k\u1ec1, bi\u1ec7t th\u1ef1 \u0111\u01a1n l\u1eadp v\u00e0 song l\u1eadp trong m\u1ed9t khu compound an ninh kh\u00e9p k\u00edn. D\u1ef1 \u00e1n Verosa Park h\u1ee9a h\u1eb9n thu h\u00fat s\u1ed1 l\u01b0\u1ee3ng l\u1edbn kh\u00e1ch h\u00e0ng c\u00f9ng c\u00e1c nh\u00e0 \u0111\u1ea7u t\u01b0 quan t\u00e2m \u0111\u1ebfn nh\u00e0 \u1edf Qu\u1eadn 9.<\/p>\n<p>D\u1ef1 \u00e1n Verosa Park c\u00f3 quy m\u00f4 8.1ha, do C\u00f4ng ty C\u1ed5 ph\u1ea7n \u0110\u1ea7u t\u01b0 v\u00e0 Kinh doanh nh\u00e0 Khang \u0110i\u1ec1n l\u00e0m ch\u1ee7 \u0111\u1ea7u t\u01b0. D\u1ef1 \u00e1n Verosa Park bao g\u1ed3m c\u00e1c nh\u00e0 ph\u1ed1 li\u1ec1n k\u1ec1, bi\u1ec7t th\u1ef1 \u0111\u01a1n l\u1eadp v\u00e0 song l\u1eadp, v\u1edbi di\u1ec7n t\u00edch t\u1eeb 75 \u2013 150m2. V\u1ecb tr\u00ed d\u1ef1 \u00e1n Verosa Park Khang \u0110i\u1ec1n n\u1eb1m g\u1ea7n v\u00f2ng xoay Li\u00ean Ph\u01b0\u1eddng, ph\u01b0\u1eddng Ph\u00fa H\u1eefu, Qu\u1eadn 9, t\u1eeb \u0111\u00e2y thu\u1eadn l\u1ee3i di chuy\u1ec3n \u0111\u1ebfn c\u00e1c khu v\u1ef1c kh\u00e1c trong th\u00e0nh ph\u1ed1.<\/p>\n<h2>Th\u00f4ng tin t\u1ed5ng quan d\u1ef1 \u00e1n Verosa Park Khang \u0110i\u1ec1n<\/h2>\n<p>+ T\u00ean d\u1ef1 \u00e1n:\u00a0Verosa Park<\/p>\n<p>+ V\u1ecb tr\u00ed:\u00a0Li\u00ean Ph\u01b0\u1eddng, Ph\u00fa H\u1eefu, Qu\u1eadn 9<\/p>\n<p>+ Quy m\u00f4: 8.1ha g\u1ed3m 2 khu The Garden v\u00e0 The Green<\/p>\n<p>+ S\u1ed1 l\u01b0\u1ee3ng s\u1ea3n ph\u1ea9m: 296 c\u0103n nh\u00e0 ph\u1ed1 v\u01b0\u1eddn, 3-4 t\u1ea7ng<\/p>\n<p>+ Di\u1ec7n t\u00edch nh\u00e0 li\u1ec1n k\u1ec1: (5 x 15m; 5 x 17m; 5 x 19m; 5 x 20m); (6 x 15m; 6 x 17m, 6 x 18m, 6 x 20m)<\/p>\n<p>+ Ph\u00e1p l\u00fd:\u00a0S\u1ed5 h\u1ed3ng, s\u1edf h\u1eefu l\u00e2u d\u00e0i<\/p>\n<p>+ B\u00e0n giao: Ho\u00e0n thi\u1ec7n m\u1eb7t ngo\u00e0i, giao th\u00f4 b\u00ean trong<\/p>\n<p>+ Ho\u00e0n th\u00e0nh d\u1ef1 \u00e1n: Qu\u00fd 1\/2020<\/p>\n<p>+ \u0110\u01a1n v\u1ecb thi c\u00f4ng: Ricons<\/p>\n<p>+ Qu\u1ea3n l\u00fd v\u1eadn h\u00e0nh: Savills<\/p>\n<p>+ Thi\u1ebft k\u1ebf c\u1ea3nh quan: Ong&amp;Ong<\/p>\n<p>+ Gi\u00e1 b\u00e1n d\u1ef1 ki\u1ebfn \u0111\u1ee3t 1 (gi\u00e1 \u0111\u00e3 bao g\u1ed3m gi\u00e1 \u0111\u1ea5t v\u00e0 nh\u00e0): c\u0103n 5m x 15m gi\u00e1 10.5 t\u1ef7; c\u0103n 5m x 17m gi\u00e1 12.5 t\u1ef7; c\u0103n 5m x 21m gi\u00e1 13.5 t\u1ef7; c\u0103n 6m x 17m gi\u00e1 13.5 t\u1ef7; c\u0103n 6m x 18m gi\u00e1 14.5 t\u1ef7; c\u0103n 6m x 20m gi\u00e1 17 t\u1ef7; c\u0103n g\u00f3c 130 &#8211; 150m2 gi\u00e1 17.5 t\u1ef7 &#8211; 21 t\u1ef7.<\/p>\n<h2>Ti\u1ebfn \u0111\u1ed9 d\u1ef1 \u00e1n Verosa Park Khang \u0110i\u1ec1n<\/h2>\n<p>+ Th\u00e1ng 06: \u00c9p c\u1ecdc, th\u1eed t\u1ea3i<\/p>\n<p>+ Th\u00e1ng 08: Ho\u00e0n thi\u1ec7n m\u00f3ng, h\u1ea1 t\u1ea7ng c\u1ea3nh quan<\/p>\n<p>+ Th\u00e1ng 10: Ra m\u1eaft d\u1ef1 \u00e1n (d\u1ef1 ki\u1ebfn)<\/p>\n<p>Ph\u00e1p l\u00fd d\u1ef1 \u00e1n:\u00a0Quy ho\u1ea1ch 1\/500, s\u1ed5 h\u1ed3ng ri\u00eang, s\u1edf h\u1eefu \u1ed5n \u0111\u1ecbnh l\u00e2u d\u00e0i.<\/p>\n<h2>V\u1ecb tr\u00ed d\u1ef1 \u00e1n Verosa Park Khang \u0110i\u1ec1n<\/h2>\n<p>D\u1ef1 \u00e1n Verosa Park Khang \u0110i\u1ec1n t\u1ecda l\u1ea1c g\u1ea7n \u0111i\u1ec3m giao gi\u1eefa \u0111\u01b0\u1eddng Li\u00ean Ph\u01b0\u1eddng v\u00e0 \u0111\u01b0\u1eddng V\u00f5 Ch\u00ed C\u00f4ng (V\u00e0nh \u0110ai 2), t\u1ea1i ph\u01b0\u1eddng Ph\u00fa H\u1eefu, Qu\u1eadn 9. Verosa Park n\u1eb1m c\u1ea1nh b\u00ean qu\u1ef9 \u0111\u1ea5t d\u00e0nh cho x\u00e2y d\u1ef1ng TTTM Aeon Mall, gi\u00e1p b\u00ean Khu c\u00f4ng ngh\u1ec7 cao Qu\u1eadn 9.<\/p>\n<p>T\u1eeb v\u1ecb tr\u00ed d\u1ef1 \u00e1n Verosa Park Qu\u1eadn 9, c\u01b0 d\u00e2n c\u00f3 th\u1ec3 nhanh ch\u00f3ng ti\u1ebfp c\u1eadn \u0111\u1ebfn Khu c\u00f4ng ngh\u1ec7 cao, c\u1ea3ng C\u00e1i L\u00e1i, cao t\u1ed1c TP.HCM \u2013 Long Th\u00e0nh \u2013 D\u1ea7u Gi\u00e2y,\u2026 v\u00e0 sau n\u00e0y c\u00f2n c\u00f3 ga Metro B\u00ecnh Th\u00e1i thu\u1ed9c tuy\u1ebfn Metro B\u1ebfn Th\u00e0nh \u2013 Su\u1ed1i Ti\u00ean.<\/p>\n<p>C\u01b0 d\u00e2n s\u1ed1ng t\u1ea1i d\u1ef1 \u00e1n Verosa Park c\u0169ng thu\u1eadn ti\u1ec7n di chuy\u1ec3n \u0111\u1ebfn c\u00e1c khu v\u1ef1c kh\u00e1c nhau trong th\u00e0nh ph\u1ed1 th\u00f4ng qua c\u00e1c tuy\u1ebfn \u0111\u01b0\u1eddng l\u1edbn, tr\u1ecdng \u0111i\u1ec3m nh\u01b0:<\/p>\n<p>+ \u0110\u1ebfn Trung t\u00e2m t\u00e0i ch\u00ednh m\u1edbi Th\u1ee7 Thi\u00eam th\u00f4ng qua cao t\u1ed1c TP.HCM &#8211; Long Th\u00e0nh &#8211; D\u1ea7u Gi\u00e2y, \u0111\u1ea1i l\u1ed9\u00a0Mai Ch\u00ed Th\u1ecd: 8,6km \u2013 14 ph\u00fat.<\/p>\n<p>+ \u0110\u1ebfn trung t\u00e2m Qu\u1eadn 1 th\u00f4ng qua Cao t\u1ed1c TP.HCM &#8211; Long Th\u00e0nh &#8211; D\u1ea7u Gi\u00e2y, \u0111\u1ea1i l\u1ed9 Mai Ch\u00ed Th\u1ecd, h\u1ea7m Th\u1ee7 Thi\u00eam: 12km \u2013 21 ph\u00fat.<\/p>\n<p>+ \u0110\u1ebfn Ph\u00fa M\u1ef9 H\u01b0ng th\u00f4ng qua\u00a0\u0111\u01b0\u1eddng V\u00e0nh\u00a0\u0110ai Trong,\u00a0c\u1ea7u Ph\u00fa M\u1ef9, \u0111\u1ea1i l\u1ed9\u00a0Nguy\u1ec5n V\u0103n Linh: 11,8km \u2013 20 ph\u00fat.<\/p>\n<p>+ V\u00e0 d\u1ec5 d\u00e0ng di chuy\u1ec3n \u0111\u1ebfn qu\u1eadn B\u00ecnh Th\u1ea1nh, qu\u1eadn Th\u1ee7\u00a0\u0110\u1ee9c, c\u00e1c trung t\u00e2m mua s\u1eafm, khu vui ch\u01a1i. D\u1ef1\u00a0\u00e1n c\u0169ng g\u1ea7n c\u00e1c khu\u00a0\u0111\u00f4 th\u1ecb m\u1edbi t\u1ea1i Qu\u1eadn 2 v\u00e0 Qu\u1eadn 9 nh\u01b0: Palm City, Lake View City, Himlam \u2013 B\u00ecnh An, S\u00e0i G\u00f2n Sport City, Vinhomes Grand Park,\u2026<\/p>\n<p>D\u1ef1 \u00e1n Verosa Park c\u00f2n n\u1eb1m trong khu v\u1ef1c \u0111\u01b0\u1ee3c TP.HCM ch\u00fa tr\u1ecdng \u0111\u1ea7u t\u01b0 n\u00e2ng c\u1ea5p, m\u1edf r\u1ed9ng h\u1ea1 t\u1ea7ng giao th\u00f4ng: kh\u00e9p k\u00edn V\u00e0nh \u0110ai 2, m\u1edf r\u1ed9ng \u0111\u01b0\u1eddng \u0110\u1ed7 Xu\u00e2n H\u1ee3p v\u00e0 \u0111\u01b0\u1eddng Li\u00ean Ph\u01b0\u1eddng l\u00ean 30m, thi c\u00f4ng \u0111\u01b0\u1eddng Song H\u00e0nh, ho\u00e0n thi\u1ec7n V\u00f2ng Xoay M\u1ef9 Th\u1ee7y, thi c\u00f4ng V\u00e0nh \u0110ai 3,\u2026<\/p>\n<p>Song song v\u1edbi th\u1ebf m\u1ea1nh k\u1ebft n\u1ed1i v\u00f9ng cao, d\u1ef1 \u00e1n Verosa Park c\u0169ng n\u1eb1m \u1edf v\u1ecb tr\u00ed y\u00ean t\u0129nh, gi\u1eef kho\u1ea3ng c\u00e1ch v\u1eeba ph\u1ea3i v\u1edbi c\u00e1c tr\u1ee5c \u0111\u01b0\u1eddng l\u1edbn, t\u1eeb \u0111\u00f3 h\u1ea1n ch\u1ebf \u1ea3nh h\u01b0\u1edfng c\u1ee7a kh\u00f3i b\u1ee5i, ti\u1ebfng \u1ed3n,\u2026 Th\u00edch h\u1ee3p v\u1edbi nh\u1eefng gia \u0111\u00ecnh mong mu\u1ed1n t\u00ecm n\u01a1i an c\u01b0 l\u00e2u d\u00e0i, an y\u00ean.<\/p>\n<h2>Ti\u1ec7n \u00edch n\u1ed9i khu d\u1ef1 \u00e1n Verosa Park Khang \u0110i\u1ec1n<\/h2>\n<p>D\u1ef1 \u00e1n Verosa Park Khang \u0110i\u1ec1n \u0111\u01b0\u1ee3c ch\u1ee7 \u0111\u1ea7u t\u01b0 Khang \u0110i\u1ec1n ch\u00fa tr\u1ecdng \u0111\u1ea7u t\u01b0 h\u1ec7 th\u1ed1ng ti\u1ec7n \u00edch \u0111a d\u1ea1ng, \u0111\u1ea7y \u0111\u1ee7 trong m\u1ed9t khu compound kh\u00e9p k\u00edn, \u0111\u01b0\u1ee3c x\u00e2y t\u01b0\u1eddng bao xung quanh v\u00e0 c\u00e1c ch\u1ed1t b\u1ea3o v\u1ec7 \u0111\u1ea3m b\u1ea3o an ninh cho d\u1ef1 \u00e1n.<\/p>\n<p>C\u01b0 d\u00e2n s\u1ed1ng b\u00ean trong d\u1ef1 \u00e1n Verosa Pak \u0111\u01b0\u1ee3c \u0111\u1ea3m b\u1ea3o ch\u1ea5t l\u01b0\u1ee3ng cu\u1ed9c s\u1ed1ng \u0111\u1eb3ng c\u1ea5p, sang tr\u1ecdng, an ninh tuy\u1ec7t \u0111\u1ed1i b\u00ean c\u1ea1nh m\u1ed9t m\u00f4i tr\u01b0\u1eddng v\u00e0 kh\u00f4ng gian xanh \u0111\u00fang chu\u1ea9n ngh\u1ec9 d\u01b0\u1ee1ng:<\/p>\n<p>+ H\u1ed3 c\u1ea3nh quan, C\u00f4ng vi\u00ean c\u00e2y xanh<\/p>\n<p>+ H\u1ed3 b\u01a1i tr\u00e0n v\u1edbi thi\u1ebft k\u1ebf c\u1ef1c k\u1ef3 \u0111\u1eb9p v\u00e0 s\u00e1ng t\u1ea1o<\/p>\n<p>+ Si\u00eau th\u1ecb mini ti\u1ec7n \u00edch cho c\u00e1c gia \u0111\u00ecnh<\/p>\n<p>+ Ph\u00f2ng Gym \u0111\u1ea7y \u0111\u1ee7 trang thi\u1ebft b\u1ecb.<\/p>\n<p>+ S\u00e2n th\u1ec3 thao \u0111a n\u0103ng, s\u00e2n Tenis.<\/p>\n<p>+ Khu vui ch\u01a1i tr\u1ebb em<\/p>\n<p>+ Khu t\u1ed5 ch\u1ee9c ti\u1ec7c n\u01b0\u1edbng BBQ\u2026<\/p>\n","protected":false},"excerpt":{"rendered":"<p>D\u1ef1 \u00e1n Verosa Park do C\u00f4ng ty C\u1ed5 ph\u1ea7n \u0110\u1ea7u t\u01b0 v\u00e0 Kinh doanh nh\u00e0 Khang \u0110i\u1ec1n l\u00e0m ch\u1ee7 \u0111\u1ea7u t\u01b0. D\u1ef1 \u00e1n Verosa Park bao g\u1ed3m c\u00e1c nh\u00e0 ph\u1ed1 li\u1ec1n k\u1ec1, bi\u1ec7t th\u1ef1 \u0111\u01a1n l\u1eadp v\u00e0 song l\u1eadp, v\u1edbi di\u1ec7n t\u00edch t\u1eeb 75 \u2013 150m2. V\u1ecb tr\u00ed d\u1ef1 \u00e1n Verosa Park Khang \u0110i\u1ec1n n\u1eb1m g\u1ea7n v\u00f2ng xoay Li\u00ean Ph\u01b0\u1eddng, ph\u01b0\u1eddng Ph\u00fa H\u1eefu, Qu\u1eadn 9, t\u1eeb \u0111\u00e2y thu\u1eadn l\u1ee3i di chuy\u1ec3n \u0111\u1ebfn c\u00e1c khu v\u1ef1c kh\u00e1c trong th\u00e0nh ph\u1ed1.<\/p>\n","protected":false},"featured_media":281,"comment_status":"open","ping_status":"closed","template":"","meta":[],"product_cat":[18],"product_tag":[],"yoast_head":"<!-- This site is optimized with the Yoast SEO plugin v16.7 - https:\/\/yoast.com\/wordpress\/plugins\/seo\/ -->\n<title>Verosa Park - M\u1eabu BDS 4<\/title>\n<meta name=\"robots\" content=\"index, follow, max-snippet:-1, max-image-preview:large, max-video-preview:-1\" \/>\n<link rel=\"canonical\" href=\"https:\/\/giaodienwebsite.tgs.com.vn\/bds50\/du-an\/verosa-park\/\" \/>\n<meta property=\"og:locale\" content=\"vi_VN\" \/>\n<meta property=\"og:type\" content=\"article\" \/>\n<meta property=\"og:title\" content=\"Verosa Park - M\u1eabu BDS 4\" \/>\n<meta property=\"og:description\" content=\"D\u1ef1 \u00e1n Verosa Park do C\u00f4ng ty C\u1ed5 ph\u1ea7n \u0110\u1ea7u t\u01b0 v\u00e0 Kinh doanh nh\u00e0 Khang \u0110i\u1ec1n l\u00e0m ch\u1ee7 \u0111\u1ea7u t\u01b0. D\u1ef1 \u00e1n Verosa Park bao g\u1ed3m c\u00e1c nh\u00e0 ph\u1ed1 li\u1ec1n k\u1ec1, bi\u1ec7t th\u1ef1 \u0111\u01a1n l\u1eadp v\u00e0 song l\u1eadp, v\u1edbi di\u1ec7n t\u00edch t\u1eeb 75 \u2013 150m2. V\u1ecb tr\u00ed d\u1ef1 \u00e1n Verosa Park Khang \u0110i\u1ec1n n\u1eb1m g\u1ea7n v\u00f2ng xoay Li\u00ean Ph\u01b0\u1eddng, ph\u01b0\u1eddng Ph\u00fa H\u1eefu, Qu\u1eadn 9, t\u1eeb \u0111\u00e2y thu\u1eadn l\u1ee3i di chuy\u1ec3n \u0111\u1ebfn c\u00e1c khu v\u1ef1c kh\u00e1c trong th\u00e0nh ph\u1ed1.\" \/>\n<meta property=\"og:url\" content=\"https:\/\/giaodienwebsite.tgs.com.vn\/bds50\/du-an\/verosa-park\/\" \/>\n<meta property=\"og:site_name\" content=\"M\u1eabu BDS 4\" \/>\n<meta property=\"og:image\" content=\"https:\/\/giaodienwebsite.tgs.com.vn\/bds50\/wp-content\/uploads\/2020\/09\/anh01.jpg\" \/>\n\t<meta property=\"og:image:width\" content=\"833\" \/>\n\t<meta property=\"og:image:height\" content=\"500\" \/>\n<meta name=\"twitter:card\" content=\"summary_large_image\" \/>\n<meta name=\"twitter:label1\" content=\"\u01af\u1edbc t\u00ednh th\u1eddi gian \u0111\u1ecdc\" \/>\n\t<meta name=\"twitter:data1\" content=\"6 ph\u00fat\" \/>\n<script type=\"application\/ld+json\" class=\"yoast-schema-graph\">{\"@context\":\"https:\/\/schema.org\",\"@graph\":[{\"@type\":\"WebSite\",\"@id\":\"https:\/\/giaodienwebsite.tgs.com.vn\/bds50\/#website\",\"url\":\"https:\/\/giaodienwebsite.tgs.com.vn\/bds50\/\",\"name\":\"M\\u1eabu BDS 4\",\"description\":\"M\\u1ed9t trang web m\\u1edbi s\\u1eed d\\u1ee5ng WordPress\",\"potentialAction\":[{\"@type\":\"SearchAction\",\"target\":{\"@type\":\"EntryPoint\",\"urlTemplate\":\"https:\/\/giaodienwebsite.tgs.com.vn\/bds50\/?s={search_term_string}\"},\"query-input\":\"required name=search_term_string\"}],\"inLanguage\":\"vi\"},{\"@type\":\"ImageObject\",\"@id\":\"https:\/\/giaodienwebsite.tgs.com.vn\/bds50\/du-an\/verosa-park\/#primaryimage\",\"inLanguage\":\"vi\",\"url\":\"https:\/\/giaodienwebsite.tgs.com.vn\/bds50\/wp-content\/uploads\/2020\/09\/anh01.jpg\",\"contentUrl\":\"https:\/\/giaodienwebsite.tgs.com.vn\/bds50\/wp-content\/uploads\/2020\/09\/anh01.jpg\",\"width\":833,\"height\":500},{\"@type\":\"WebPage\",\"@id\":\"https:\/\/giaodienwebsite.tgs.com.vn\/bds50\/du-an\/verosa-park\/#webpage\",\"url\":\"https:\/\/giaodienwebsite.tgs.com.vn\/bds50\/du-an\/verosa-park\/\",\"name\":\"Verosa Park - M\\u1eabu BDS 4\",\"isPartOf\":{\"@id\":\"https:\/\/giaodienwebsite.tgs.com.vn\/bds50\/#website\"},\"primaryImageOfPage\":{\"@id\":\"https:\/\/giaodienwebsite.tgs.com.vn\/bds50\/du-an\/verosa-park\/#primaryimage\"},\"datePublished\":\"2020-09-08T16:45:22+00:00\",\"dateModified\":\"2020-09-08T16:45:22+00:00\",\"breadcrumb\":{\"@id\":\"https:\/\/giaodienwebsite.tgs.com.vn\/bds50\/du-an\/verosa-park\/#breadcrumb\"},\"inLanguage\":\"vi\",\"potentialAction\":[{\"@type\":\"ReadAction\",\"target\":[\"https:\/\/giaodienwebsite.tgs.com.vn\/bds50\/du-an\/verosa-park\/\"]}]},{\"@type\":\"BreadcrumbList\",\"@id\":\"https:\/\/giaodienwebsite.tgs.com.vn\/bds50\/du-an\/verosa-park\/#breadcrumb\",\"itemListElement\":[{\"@type\":\"ListItem\",\"position\":1,\"name\":\"Trang ch\\u1ee7\",\"item\":\"https:\/\/giaodienwebsite.tgs.com.vn\/bds50\/\"},{\"@type\":\"ListItem\",\"position\":2,\"name\":\"C\\u1eeda h\\u00e0ng\",\"item\":\"https:\/\/giaodienwebsite.tgs.com.vn\/bds50\/mua\/\"},{\"@type\":\"ListItem\",\"position\":3,\"name\":\"Verosa Park\"}]}]}<\/script>\n<!-- \/ Yoast SEO plugin. -->","yoast_head_json":{"title":"Verosa Park - M\u1eabu BDS 4","robots":{"index":"index","follow":"follow","max-snippet":"max-snippet:-1","max-image-preview":"max-image-preview:large","max-video-preview":"max-video-preview:-1"},"canonical":"https:\/\/giaodienwebsite.tgs.com.vn\/bds50\/du-an\/verosa-park\/","og_locale":"vi_VN","og_type":"article","og_title":"Verosa Park - M\u1eabu BDS 4","og_description":"D\u1ef1 \u00e1n Verosa Park do C\u00f4ng ty C\u1ed5 ph\u1ea7n \u0110\u1ea7u t\u01b0 v\u00e0 Kinh doanh nh\u00e0 Khang \u0110i\u1ec1n l\u00e0m ch\u1ee7 \u0111\u1ea7u t\u01b0. D\u1ef1 \u00e1n Verosa Park bao g\u1ed3m c\u00e1c nh\u00e0 ph\u1ed1 li\u1ec1n k\u1ec1, bi\u1ec7t th\u1ef1 \u0111\u01a1n l\u1eadp v\u00e0 song l\u1eadp, v\u1edbi di\u1ec7n t\u00edch t\u1eeb 75 \u2013 150m2. V\u1ecb tr\u00ed d\u1ef1 \u00e1n Verosa Park Khang \u0110i\u1ec1n n\u1eb1m g\u1ea7n v\u00f2ng xoay Li\u00ean Ph\u01b0\u1eddng, ph\u01b0\u1eddng Ph\u00fa H\u1eefu, Qu\u1eadn 9, t\u1eeb \u0111\u00e2y thu\u1eadn l\u1ee3i di chuy\u1ec3n \u0111\u1ebfn c\u00e1c khu v\u1ef1c kh\u00e1c trong th\u00e0nh ph\u1ed1.","og_url":"https:\/\/giaodienwebsite.tgs.com.vn\/bds50\/du-an\/verosa-park\/","og_site_name":"M\u1eabu BDS 4","og_image":[{"width":833,"height":500,"url":"https:\/\/giaodienwebsite.tgs.com.vn\/bds50\/wp-content\/uploads\/2020\/09\/anh01.jpg","path":"C:\\xampp\\phpMyAdmin\\htdocs\\bds46\/wp-content\/uploads\/2020\/09\/anh01.jpg","size":"full","id":281,"alt":"","pixels":416500,"type":"image\/jpeg"}],"twitter_card":"summary_large_image","twitter_misc":{"\u01af\u1edbc t\u00ednh th\u1eddi gian \u0111\u1ecdc":"6 ph\u00fat"},"schema":{"@context":"https:\/\/schema.org","@graph":[{"@type":"WebSite","@id":"https:\/\/giaodienwebsite.tgs.com.vn\/bds50\/#website","url":"https:\/\/giaodienwebsite.tgs.com.vn\/bds50\/","name":"M\u1eabu BDS 4","description":"M\u1ed9t trang web m\u1edbi s\u1eed d\u1ee5ng WordPress","potentialAction":[{"@type":"SearchAction","target":{"@type":"EntryPoint","urlTemplate":"https:\/\/giaodienwebsite.tgs.com.vn\/bds50\/?s={search_term_string}"},"query-input":"required name=search_term_string"}],"inLanguage":"vi"},{"@type":"ImageObject","@id":"https:\/\/giaodienwebsite.tgs.com.vn\/bds50\/du-an\/verosa-park\/#primaryimage","inLanguage":"vi","url":"https:\/\/giaodienwebsite.tgs.com.vn\/bds50\/wp-content\/uploads\/2020\/09\/anh01.jpg","contentUrl":"https:\/\/giaodienwebsite.tgs.com.vn\/bds50\/wp-content\/uploads\/2020\/09\/anh01.jpg","width":833,"height":500},{"@type":"WebPage","@id":"https:\/\/giaodienwebsite.tgs.com.vn\/bds50\/du-an\/verosa-park\/#webpage","url":"https:\/\/giaodienwebsite.tgs.com.vn\/bds50\/du-an\/verosa-park\/","name":"Verosa Park - M\u1eabu BDS 4","isPartOf":{"@id":"https:\/\/giaodienwebsite.tgs.com.vn\/bds50\/#website"},"primaryImageOfPage":{"@id":"https:\/\/giaodienwebsite.tgs.com.vn\/bds50\/du-an\/verosa-park\/#primaryimage"},"datePublished":"2020-09-08T16:45:22+00:00","dateModified":"2020-09-08T16:45:22+00:00","breadcrumb":{"@id":"https:\/\/giaodienwebsite.tgs.com.vn\/bds50\/du-an\/verosa-park\/#breadcrumb"},"inLanguage":"vi","potentialAction":[{"@type":"ReadAction","target":["https:\/\/giaodienwebsite.tgs.com.vn\/bds50\/du-an\/verosa-park\/"]}]},{"@type":"BreadcrumbList","@id":"https:\/\/giaodienwebsite.tgs.com.vn\/bds50\/du-an\/verosa-park\/#breadcrumb","itemListElement":[{"@type":"ListItem","position":1,"name":"Trang ch\u1ee7","item":"https:\/\/giaodienwebsite.tgs.com.vn\/bds50\/"},{"@type":"ListItem","position":2,"name":"C\u1eeda h\u00e0ng","item":"https:\/\/giaodienwebsite.tgs.com.vn\/bds50\/mua\/"},{"@type":"ListItem","position":3,"name":"Verosa Park"}]}]}},"_links":{"self":[{"href":"https:\/\/giaodienwebsite.tgs.com.vn\/bds50\/wp-json\/wp\/v2\/product\/275"}],"collection":[{"href":"https:\/\/giaodienwebsite.tgs.com.vn\/bds50\/wp-json\/wp\/v2\/product"}],"about":[{"href":"https:\/\/giaodienwebsite.tgs.com.vn\/bds50\/wp-json\/wp\/v2\/types\/product"}],"replies":[{"embeddable":true,"href":"https:\/\/giaodienwebsite.tgs.com.vn\/bds50\/wp-json\/wp\/v2\/comments?post=275"}],"wp:featuredmedia":[{"embeddable":true,"href":"https:\/\/giaodienwebsite.tgs.com.vn\/bds50\/wp-json\/wp\/v2\/media\/281"}],"wp:attachment":[{"href":"https:\/\/giaodienwebsite.tgs.com.vn\/bds50\/wp-json\/wp\/v2\/media?parent=275"}],"wp:term":[{"taxonomy":"product_cat","embeddable":true,"href":"https:\/\/giaodienwebsite.tgs.com.vn\/bds50\/wp-json\/wp\/v2\/product_cat?post=275"},{"taxonomy":"product_tag","embeddable":true,"href":"https:\/\/giaodienwebsite.tgs.com.vn\/bds50\/wp-json\/wp\/v2\/product_tag?post=275"}],"curies":[{"name":"wp","href":"https:\/\/api.w.org\/{rel}","templated":true}]}}