{"id":1262,"date":"2021-07-17T13:49:24","date_gmt":"2021-07-17T13:49:24","guid":{"rendered":"https:\/\/giaodienwebsite.tgs.com.vn\/bds50\/?page_id=1262"},"modified":"2021-07-17T13:58:40","modified_gmt":"2021-07-17T13:58:40","slug":"ban-va-cho-thue","status":"publish","type":"page","link":"https:\/\/giaodienwebsite.tgs.com.vn\/bds50\/ban-va-cho-thue\/","title":{"rendered":"B\u00e1n v\u00e0 cho thu\u00ea"},"content":{"rendered":"\n  <div class=\"banner has-hover\" id=\"banner-132745037\">\n          <div class=\"banner-inner fill\">\n        <div class=\"banner-bg fill\" >\n            <div class=\"bg fill bg-fill \"><\/div>\n                        <div class=\"overlay\"><\/div>            \n                    <\/div>\n        <div class=\"banner-layers container\">\n            <div class=\"fill banner-link\"><\/div>            \n   <div id=\"text-box-1060402746\" class=\"text-box banner-layer x5 md-x5 lg-x5 y50 md-y50 lg-y50 res-text\">\n                                <div class=\"text-box-content text dark\">\n              \n              <div class=\"text-inner text-left\">\n                  \n<h3><strong>B\u00e1n &amp; cho thu\u00ea nhanh ch\u00f3ng theo ph\u01b0\u01a1ng th\u1ee9c m\u1edbi<\/strong><\/h3>\n<h5>Chi ph\u00ed th\u1ea5p nh\u1ea5t, gi\u00e1 t\u1ed1t nh\u1ea5t, \u0111\u01b0\u1ee3c h\u1ed7 tr\u1ee3 mi\u1ec5n ph\u00ed v\u00e0 t\u01b0 v\u1ea5n m\u1ecdi l\u00fac.<\/h5>\n<a href=\"#dang-ky\" target=\"_self\" class=\"button primary\"  >\n    <span>\u0110\u0103ng k\u00fd ngay<\/span>\n  <\/a>\n\n              <\/div>\n           <\/div>\n                            \n<style>\n#text-box-1060402746 {\n  width: 60%;\n}\n#text-box-1060402746 .text-box-content {\n  font-size: 100%;\n}\n@media (min-width:550px) {\n  #text-box-1060402746 {\n    width: 40%;\n  }\n}\n<\/style>\n    <\/div>\n \n        <\/div>\n      <\/div>\n\n            \n<style>\n#banner-132745037 {\n  padding-top: 500px;\n  background-color: rgb(255, 255, 255);\n}\n#banner-132745037 .bg.bg-loaded {\n  background-image: url(https:\/\/giaodienwebsite.tgs.com.vn\/bds50\/wp-content\/uploads\/2021\/07\/bg-service-sell-1024x320-1.jpg);\n}\n#banner-132745037 .overlay {\n  background-color: rgba(0,0,0,.5);\n}\n<\/style>\n  <\/div>\n\n\n\t<section class=\"section\" id=\"section_540422759\">\n\t\t<div class=\"bg section-bg fill bg-fill  bg-loaded\" >\n\n\t\t\t\n\t\t\t\n\t\t\t\n\n\t\t<\/div>\n\n\t\t<div class=\"section-content relative\">\n\t\t\t\n<div class=\"row\"  id=\"row-1671959517\">\n\n\t<div id=\"col-1391382520\" class=\"col div-no-padding medium-4 small-12 large-4\"  >\n\t\t\t\t<div class=\"col-inner\"  >\n\t\t\t\n\t\t\t\n\n\t\t<div class=\"icon-box featured-box icon-box-center text-center\"  >\n\t\t\t\t\t<div class=\"icon-box-img\" style=\"width: 71px\">\n\t\t\t\t<div class=\"icon\">\n\t\t\t\t\t<div class=\"icon-inner\" >\n\t\t\t\t\t\t<img width=\"71\" height=\"70\" src=\"https:\/\/giaodienwebsite.tgs.com.vn\/bds50\/wp-content\/uploads\/2021\/07\/icon-save.png\" class=\"attachment-medium size-medium\" alt=\"\" loading=\"lazy\" \/>\t\t\t\t\t<\/div>\n\t\t\t\t<\/div>\n\t\t\t<\/div>\n\t\t\t\t<div class=\"icon-box-text last-reset\">\n\t\t\t\t\t\t\t\t\t\n<h3 style=\"text-align: center;\">Ti\u1ebft ki\u1ec7m h\u01a1n 23 tri\u1ec7u<\/h3>\n<p style=\"text-align: center;\">GoodHomes h\u1ed7 tr\u1ee3 t\u1ea5t c\u1ea3 c\u00e1c chi ph\u00ed t\u1eeb ch\u1ee5p \u1ea3nh, scan 3D, marketing<\/p>\n\t\t<\/div>\n\t<\/div>\n\t\n\t\n\t\t<\/div>\n\t\t\t\t\t<\/div>\n\n\t\n\n\t<div id=\"col-162190369\" class=\"col div-no-padding medium-4 small-12 large-4\"  >\n\t\t\t\t<div class=\"col-inner\"  >\n\t\t\t\n\t\t\t\n\n\t\t<div class=\"icon-box featured-box icon-box-center text-center\"  >\n\t\t\t\t\t<div class=\"icon-box-img\" style=\"width: 71px\">\n\t\t\t\t<div class=\"icon\">\n\t\t\t\t\t<div class=\"icon-inner\" >\n\t\t\t\t\t\t<img width=\"85\" height=\"70\" src=\"https:\/\/giaodienwebsite.tgs.com.vn\/bds50\/wp-content\/uploads\/2021\/07\/icon-price.png\" class=\"attachment-medium size-medium\" alt=\"\" loading=\"lazy\" \/>\t\t\t\t\t<\/div>\n\t\t\t\t<\/div>\n\t\t\t<\/div>\n\t\t\t\t<div class=\"icon-box-text last-reset\">\n\t\t\t\t\t\t\t\t\t\n<h3 style=\"text-align: center;\">Chi ph\u00ed b\u1ecf ra th\u1ea5p nh\u1ea5t<\/h3>\n<p style=\"text-align: center;\">Kh\u00f4ng ph\u1ea3i th\u00eam chi ph\u00ed n\u00e0o kh\u00e1c ngo\u00e0i \u201choa h\u1ed3ng\u201d gi\u1ed1ng th\u1ecb tr\u01b0\u1eddng.<\/p>\n\t\t<\/div>\n\t<\/div>\n\t\n\t\n\t\t<\/div>\n\t\t\t\t\t<\/div>\n\n\t\n\n\t<div id=\"col-1905571080\" class=\"col div-no-padding medium-4 small-12 large-4\"  >\n\t\t\t\t<div class=\"col-inner\"  >\n\t\t\t\n\t\t\t\n\n\t\t<div class=\"icon-box featured-box icon-box-center text-center\"  >\n\t\t\t\t\t<div class=\"icon-box-img\" style=\"width: 71px\">\n\t\t\t\t<div class=\"icon\">\n\t\t\t\t\t<div class=\"icon-inner\" >\n\t\t\t\t\t\t<img width=\"80\" height=\"70\" src=\"https:\/\/giaodienwebsite.tgs.com.vn\/bds50\/wp-content\/uploads\/2021\/07\/icon-buy.png\" class=\"attachment-medium size-medium\" alt=\"\" loading=\"lazy\" \/>\t\t\t\t\t<\/div>\n\t\t\t\t<\/div>\n\t\t\t<\/div>\n\t\t\t\t<div class=\"icon-box-text last-reset\">\n\t\t\t\t\t\t\t\t\t\n<h3>Giao d\u1ecbch nhanh ch\u00f3ng<\/h3>\n<p>90% kh\u00e1ch h\u00e0ng b\u00e1n, cho thu\u00ea \u0111\u01b0\u1ee3c nh\u00e0 trong v\u00f2ng 90 ng\u00e0y<\/p>\n\t\t<\/div>\n\t<\/div>\n\t\n\t\n\t\t<\/div>\n\t\t\t\t\t<\/div>\n\n\t\n<\/div>\n\t\t<\/div>\n\n\t\t\n<style>\n#section_540422759 {\n  padding-top: 30px;\n  padding-bottom: 30px;\n  background-color: rgb(241, 241, 241);\n}\n<\/style>\n\t<\/section>\n\t\n\t<section class=\"section\" id=\"section_761800959\">\n\t\t<div class=\"bg section-bg fill bg-fill  bg-loaded\" >\n\n\t\t\t\n\t\t\t\n\t\t\t\n\n\t\t<\/div>\n\n\t\t<div class=\"section-content relative\">\n\t\t\t\n<div class=\"row\"  id=\"row-2128663676\">\n\n\t<div id=\"col-1042106645\" class=\"col div-no-padding medium-8 small-12 large-8\"  >\n\t\t\t\t<div class=\"col-inner\"  >\n\t\t\t\n\t\t\t\n\t<div id=\"gap-673535528\" class=\"gap-element clearfix\" style=\"display:block; height:auto;\">\n\t\t\n<style>\n#gap-673535528 {\n  padding-top: 30px;\n}\n<\/style>\n\t<\/div>\n\t\n<h2 class=\"thin\">Chuy\u00ean vi\u00ean GoodHomes \u0111\u1ed3ng h\u00e0nh c\u00f9ng b\u1ea1n<\/h2>\n<ul>\n<li>Gi\u00fap b\u1ea1n hi\u1ec3u r\u00f5 nhu c\u1ea7u c\u1ee7a kh\u00e1ch trong khu v\u1ef1c.<\/li>\n<li>H\u1ed7 tr\u1ee3 b\u1ea1n m\u1ecdi th\u1ee9 trong qu\u00e1 tr\u00ecnh th\u01b0\u01a1ng l\u01b0\u1ee3ng v\u00e0 giao d\u1ecbch.<\/li>\n<li>Gi\u1ea3i th\u00edch r\u00f5 tr\u00ecnh t\u1ef1 m\u1ed9t c\u0103n nh\u00e0 \u0111\u01b0\u1ee3c b\u00e1n &amp; cho thu\u00ea, t\u1eeb khi \u0111\u0103ng tin \u0111\u1ebfn khi k\u00fd h\u1ee3p<br \/>\u0111\u1ed3ng giao d\u1ecbch.<\/li>\n<li>Ph\u00e2n t\u00edch nh\u1eefng \u01b0u v\u00e0 nh\u01b0\u1ee3c \u0111i\u1ec3m c\u1ee7a c\u0103n nh\u00e0, t\u01b0 v\u1ea5n cho b\u1ea1n c\u00e1c gi\u1ea3i ph\u00e1p c\u1ea7n th\u1ef1c hi\u1ec7n<br \/>\u0111\u1ec3 b\u00e1n v\u1edbi gi\u00e1 t\u1ed1t h\u01a1n.<\/li>\n<\/ul>\n<a href=\"#dang-ky\" target=\"_self\" class=\"button primary\"  >\n    <span>\u0110\u0103ng k\u00fd ngay<\/span>\n  <\/a>\n\n\t\t<\/div>\n\t\t\t\t\t<\/div>\n\n\t\n\n\t<div id=\"col-805323390\" class=\"col div-no-padding medium-4 small-12 large-4\"  >\n\t\t\t\t<div class=\"col-inner\"  >\n\t\t\t\n\t\t\t\n\t<div id=\"gap-1950314608\" class=\"gap-element clearfix\" style=\"display:block; height:auto;\">\n\t\t\n<style>\n#gap-1950314608 {\n  padding-top: 30px;\n}\n<\/style>\n\t<\/div>\n\t\n\t<div class=\"img has-hover x md-x lg-x y md-y lg-y\" id=\"image_1265244924\">\n\t\t\t\t\t\t\t\t<div class=\"img-inner dark\" >\n\t\t\t<img width=\"412\" height=\"497\" src=\"https:\/\/giaodienwebsite.tgs.com.vn\/bds50\/wp-content\/uploads\/2021\/07\/24HourMedicalHelpdesk.jpg\" class=\"attachment-large size-large\" alt=\"\" loading=\"lazy\" srcset=\"https:\/\/giaodienwebsite.tgs.com.vn\/bds50\/wp-content\/uploads\/2021\/07\/24HourMedicalHelpdesk.jpg 412w, https:\/\/giaodienwebsite.tgs.com.vn\/bds50\/wp-content\/uploads\/2021\/07\/24HourMedicalHelpdesk-249x300.jpg 249w\" sizes=\"(max-width: 412px) 100vw, 412px\" \/>\t\t\t\t\t\t\n\t\t\t\t\t<\/div>\n\t\t\t\t\t\t\t\t\n<style>\n#image_1265244924 {\n  width: 100%;\n}\n<\/style>\n\t<\/div>\n\t\n\t\t<\/div>\n\t\t\t\t\t<\/div>\n\n\t\n<\/div>\n\t\t<\/div>\n\n\t\t\n<style>\n#section_761800959 {\n  padding-top: 0px;\n  padding-bottom: 0px;\n  background-color: rgb(255, 255, 255);\n}\n<\/style>\n\t<\/section>\n\t\n","protected":false},"excerpt":{"rendered":"","protected":false},"author":2,"featured_media":0,"parent":0,"menu_order":0,"comment_status":"closed","ping_status":"closed","template":"page-blank.php","meta":[],"yoast_head":"<!-- This site is optimized with the Yoast SEO plugin v16.7 - https:\/\/yoast.com\/wordpress\/plugins\/seo\/ -->\n<title>B\u00e1n v\u00e0 cho thu\u00ea - M\u1eabu BDS 4<\/title>\n<meta name=\"robots\" content=\"index, follow, max-snippet:-1, max-image-preview:large, max-video-preview:-1\" \/>\n<link rel=\"canonical\" href=\"https:\/\/giaodienwebsite.tgs.com.vn\/bds50\/ban-va-cho-thue\/\" \/>\n<meta property=\"og:locale\" content=\"vi_VN\" \/>\n<meta property=\"og:type\" content=\"article\" \/>\n<meta property=\"og:title\" content=\"B\u00e1n v\u00e0 cho thu\u00ea - M\u1eabu BDS 4\" \/>\n<meta property=\"og:url\" content=\"https:\/\/giaodienwebsite.tgs.com.vn\/bds50\/ban-va-cho-thue\/\" \/>\n<meta property=\"og:site_name\" content=\"M\u1eabu BDS 4\" \/>\n<meta property=\"article:modified_time\" content=\"2021-07-17T13:58:40+00:00\" \/>\n<meta name=\"twitter:card\" content=\"summary_large_image\" \/>\n<meta name=\"twitter:label1\" content=\"\u01af\u1edbc t\u00ednh th\u1eddi gian \u0111\u1ecdc\" \/>\n\t<meta name=\"twitter:data1\" content=\"2 ph\u00fat\" \/>\n<script type=\"application\/ld+json\" class=\"yoast-schema-graph\">{\"@context\":\"https:\/\/schema.org\",\"@graph\":[{\"@type\":\"WebSite\",\"@id\":\"https:\/\/giaodienwebsite.tgs.com.vn\/bds50\/#website\",\"url\":\"https:\/\/giaodienwebsite.tgs.com.vn\/bds50\/\",\"name\":\"M\\u1eabu BDS 4\",\"description\":\"M\\u1ed9t trang web m\\u1edbi s\\u1eed d\\u1ee5ng WordPress\",\"potentialAction\":[{\"@type\":\"SearchAction\",\"target\":{\"@type\":\"EntryPoint\",\"urlTemplate\":\"https:\/\/giaodienwebsite.tgs.com.vn\/bds50\/?s={search_term_string}\"},\"query-input\":\"required name=search_term_string\"}],\"inLanguage\":\"vi\"},{\"@type\":\"WebPage\",\"@id\":\"https:\/\/giaodienwebsite.tgs.com.vn\/bds50\/ban-va-cho-thue\/#webpage\",\"url\":\"https:\/\/giaodienwebsite.tgs.com.vn\/bds50\/ban-va-cho-thue\/\",\"name\":\"B\\u00e1n v\\u00e0 cho thu\\u00ea - M\\u1eabu BDS 4\",\"isPartOf\":{\"@id\":\"https:\/\/giaodienwebsite.tgs.com.vn\/bds50\/#website\"},\"datePublished\":\"2021-07-17T13:49:24+00:00\",\"dateModified\":\"2021-07-17T13:58:40+00:00\",\"breadcrumb\":{\"@id\":\"https:\/\/giaodienwebsite.tgs.com.vn\/bds50\/ban-va-cho-thue\/#breadcrumb\"},\"inLanguage\":\"vi\",\"potentialAction\":[{\"@type\":\"ReadAction\",\"target\":[\"https:\/\/giaodienwebsite.tgs.com.vn\/bds50\/ban-va-cho-thue\/\"]}]},{\"@type\":\"BreadcrumbList\",\"@id\":\"https:\/\/giaodienwebsite.tgs.com.vn\/bds50\/ban-va-cho-thue\/#breadcrumb\",\"itemListElement\":[{\"@type\":\"ListItem\",\"position\":1,\"name\":\"Trang ch\\u1ee7\",\"item\":\"https:\/\/giaodienwebsite.tgs.com.vn\/bds50\/\"},{\"@type\":\"ListItem\",\"position\":2,\"name\":\"B\\u00e1n v\\u00e0 cho thu\\u00ea\"}]}]}<\/script>\n<!-- \/ Yoast SEO plugin. -->","yoast_head_json":{"title":"B\u00e1n v\u00e0 cho thu\u00ea - M\u1eabu BDS 4","robots":{"index":"index","follow":"follow","max-snippet":"max-snippet:-1","max-image-preview":"max-image-preview:large","max-video-preview":"max-video-preview:-1"},"canonical":"https:\/\/giaodienwebsite.tgs.com.vn\/bds50\/ban-va-cho-thue\/","og_locale":"vi_VN","og_type":"article","og_title":"B\u00e1n v\u00e0 cho thu\u00ea - M\u1eabu BDS 4","og_url":"https:\/\/giaodienwebsite.tgs.com.vn\/bds50\/ban-va-cho-thue\/","og_site_name":"M\u1eabu BDS 4","article_modified_time":"2021-07-17T13:58:40+00:00","twitter_card":"summary_large_image","twitter_misc":{"\u01af\u1edbc t\u00ednh th\u1eddi gian \u0111\u1ecdc":"2 ph\u00fat"},"schema":{"@context":"https:\/\/schema.org","@graph":[{"@type":"WebSite","@id":"https:\/\/giaodienwebsite.tgs.com.vn\/bds50\/#website","url":"https:\/\/giaodienwebsite.tgs.com.vn\/bds50\/","name":"M\u1eabu BDS 4","description":"M\u1ed9t trang web m\u1edbi s\u1eed d\u1ee5ng WordPress","potentialAction":[{"@type":"SearchAction","target":{"@type":"EntryPoint","urlTemplate":"https:\/\/giaodienwebsite.tgs.com.vn\/bds50\/?s={search_term_string}"},"query-input":"required name=search_term_string"}],"inLanguage":"vi"},{"@type":"WebPage","@id":"https:\/\/giaodienwebsite.tgs.com.vn\/bds50\/ban-va-cho-thue\/#webpage","url":"https:\/\/giaodienwebsite.tgs.com.vn\/bds50\/ban-va-cho-thue\/","name":"B\u00e1n v\u00e0 cho thu\u00ea - M\u1eabu BDS 4","isPartOf":{"@id":"https:\/\/giaodienwebsite.tgs.com.vn\/bds50\/#website"},"datePublished":"2021-07-17T13:49:24+00:00","dateModified":"2021-07-17T13:58:40+00:00","breadcrumb":{"@id":"https:\/\/giaodienwebsite.tgs.com.vn\/bds50\/ban-va-cho-thue\/#breadcrumb"},"inLanguage":"vi","potentialAction":[{"@type":"ReadAction","target":["https:\/\/giaodienwebsite.tgs.com.vn\/bds50\/ban-va-cho-thue\/"]}]},{"@type":"BreadcrumbList","@id":"https:\/\/giaodienwebsite.tgs.com.vn\/bds50\/ban-va-cho-thue\/#breadcrumb","itemListElement":[{"@type":"ListItem","position":1,"name":"Trang ch\u1ee7","item":"https:\/\/giaodienwebsite.tgs.com.vn\/bds50\/"},{"@type":"ListItem","position":2,"name":"B\u00e1n v\u00e0 cho thu\u00ea"}]}]}},"_links":{"self":[{"href":"https:\/\/giaodienwebsite.tgs.com.vn\/bds50\/wp-json\/wp\/v2\/pages\/1262"}],"collection":[{"href":"https:\/\/giaodienwebsite.tgs.com.vn\/bds50\/wp-json\/wp\/v2\/pages"}],"about":[{"href":"https:\/\/giaodienwebsite.tgs.com.vn\/bds50\/wp-json\/wp\/v2\/types\/page"}],"author":[{"embeddable":true,"href":"https:\/\/giaodienwebsite.tgs.com.vn\/bds50\/wp-json\/wp\/v2\/users\/2"}],"replies":[{"embeddable":true,"href":"https:\/\/giaodienwebsite.tgs.com.vn\/bds50\/wp-json\/wp\/v2\/comments?post=1262"}],"version-history":[{"count":7,"href":"https:\/\/giaodienwebsite.tgs.com.vn\/bds50\/wp-json\/wp\/v2\/pages\/1262\/revisions"}],"predecessor-version":[{"id":1277,"href":"https:\/\/giaodienwebsite.tgs.com.vn\/bds50\/wp-json\/wp\/v2\/pages\/1262\/revisions\/1277"}],"wp:attachment":[{"href":"https:\/\/giaodienwebsite.tgs.com.vn\/bds50\/wp-json\/wp\/v2\/media?parent=1262"}],"curies":[{"name":"wp","href":"https:\/\/api.w.org\/{rel}","templated":true}]}}