{"id":61,"date":"2020-07-28T01:45:16","date_gmt":"2020-07-28T01:45:16","guid":{"rendered":"https:\/\/giaodienwebsite.tgs.com.vn\/bds49\/?post_type=product&#038;p=61"},"modified":"2020-08-07T02:09:06","modified_gmt":"2020-08-07T02:09:06","slug":"can-ho-opal-skyview","status":"publish","type":"product","link":"https:\/\/giaodienwebsite.tgs.com.vn\/bds49\/du-an\/can-ho-opal-skyview\/","title":{"rendered":"C\u0103n h\u1ed9 Opal Skyview"},"content":{"rendered":"<p>Kh\u00f4ng nh\u1eefng \u0111\u01b0\u1ee3c m\u1ec7nh danh l\u00e0 tuy\u1ebfn \u0111\u01b0\u1eddng n\u1ed9i \u0111\u00f4 \u0111\u1eb9p nh\u1ea5t TP.HCM \u2013 Ph\u1ea1m V\u0103n \u0110\u1ed3ng, c\u00f2n l\u00e3 c\u1eeda ng\u00f5 tr\u1ecdng t\u00e2m n\u1ed1i li\u1ec1n khu tam gi\u00e1c v\u00e0ng TP.HCM, \u0110\u1ed3ng Nai, B\u00ecnh D\u01b0\u01a1ng. Tr\u00ean tuy\u1ebfn \u0111\u01b0\u1eddng n\u00e0y T\u1eadp \u0111o\u00e0n \u0110\u1ea5t Xanh \u0111ang tri\u1ec3n khai nhi\u1ec1u d\u1ef1 \u00e1n c\u0103n h\u1ed9 cao c\u1ea5p, trong \u0111\u00f3 c\u00f3 d\u1ef1 \u00e1n Opal Skyview v\u1eeba ch\u00ednh th\u1ee9c gi\u1edbi thi\u1ec7u c\u0103n m\u1eabu cho kh\u00e1ch h\u00e0ng xem t\u1eeb ng\u00e0y 20\/11\/2016 v\u1eeba qua.<\/p>\n<p>Ngay sau khi gi\u1edbi thi\u1ec7u, c\u0103n h\u1ed9 m\u1eabu Opal Skyview \u0111\u00e3 chinh ph\u1ee5c, t\u1ea1o n\u00ean \u1ea5n t\u01b0\u1ee3ng m\u1edbi cho kh\u00e1ch h\u00e0ng v\u00e0 nh\u00e0 \u0111\u1ea7u t\u01b0.<\/p>\n<p>V\u1edbi ki\u1ebfn tr\u00fac thi\u1ebft k\u1ebf m\u1edbi l\u1ea1, t\u1eeb m\u1ecdi h\u01b0\u1edbng nh\u00ecn, khu c\u0103n h\u1ed9 cao c\u1ea5p Opal Skyview v\u01b0\u01a1n m\u00ecnh ki\u00eau h\u00e3nh nh\u01b0 m\u1ed9t vi\u00ean \u201c<em>ng\u1ecdc s\u00e1ng gi\u1eefa tr\u1eddi xanh<\/em>\u201d. Phong c\u00e1ch thi\u1ebft k\u1ebf ch\u1ee7 \u0111\u1ea1o c\u1ee7a d\u1ef1 \u00e1n h\u01b0\u1edbng v\u1ec1 thi\u00ean nhi\u00ean v\u00e0 \u0111\u00f3n \u00e1nh s\u00e1ng m\u1eb7t tr\u1eddi. T\u1ea5t c\u1ea3 c\u00e1c c\u0103n h\u1ed9 \u0111\u1ec1u c\u00f3 l\u00f4 gia v\u00e0 c\u1eeda s\u1ed5 r\u1ed9ng tho\u00e1ng, t\u1eadn d\u1ee5ng t\u1ed1i \u0111a \u00e1nh s\u00e1ng t\u1ef1 nhi\u00ean v\u00e0 kh\u00f4ng kh\u00ed trong l\u00e0nh. Kh\u00e1ch h\u00e0ng c\u00f3 th\u1ec3 ch\u1ecdn c\u0103n h\u1ed9 c\u00f3 view hu\u1edbng ra s\u00f4ng S\u00e0i G\u00f2n \u0111\u1ec3 \u0111\u00f3n tr\u1ecdn n\u1eafng v\u00e0 gi\u00f3, ho\u1eb7c ch\u1ecdn c\u0103n h\u1ed9 c\u00f3 h\u01b0\u1edbng nh\u00ecn bao tr\u1ecdn c\u1ea3nh quan th\u00e0nh ph\u1ed1 v\u1edbi tuy\u1ebfn \u0111\u01b0\u1eddng n\u1ed9i \u00f4 \u0111\u1eb9p nh\u1ea5t TP.HCM.<\/p>\n<p>C\u00e1c c\u0103n h\u1ed9 Opal Skyview c\u00f3 di\u1ec7n t\u00edch \u0111a d\u1ea1ng t\u1eeb 70,1 m<sup>2<\/sup>\u00a0\u2013 91,4 m<sup>2<\/sup>, ph\u00f9 h\u1ee3p v\u1edbi m\u1ecdi nhu c\u1ea7u c\u1ee7a kh\u00e1ch h\u00e0ng. Ngo\u00e0i c\u0103n h\u1ed9 2- 3 ph\u00f2ng ng\u1ee7, Opal Skyview c\u00f2n c\u00f3 s\u1ea3n ph\u1ea9m c\u0103n h\u1ed9 Duplex, Officetel d\u00e0nh cho kh\u00e1ch h\u00e0ng mua \u0111\u1ea7u t\u01b0 ho\u1eb7c cho thu\u00ea.<\/p>\n<p>M\u1ed7i c\u0103n h\u1ed9 \u0111\u01b0\u1ee3c thi\u1ebft k\u1ebf t\u1ed1i \u01b0u h\u00f3a di\u1ec7n t\u00edch s\u1eed d\u1ee5ng nh\u01b0ng v\u1eabn \u0111\u1ea3m b\u1ea3o kh\u00f4ng gian s\u1ed1ng ti\u1ec7n nghi trong t\u1eebng c\u0103n h\u1ed9 nh\u1eb1m \u0111em \u0111\u1ebfn cho kh\u00e1ch h\u00e0ng m\u1ed9t kh\u00f4ng gian s\u1ed1ng ho\u00e0n h\u1ea3o v\u1edbi ch\u1ea5t l\u01b0\u1ee3ng \u0111\u1ea3m b\u1ea3o. \u0110\u1eb7c bi\u1ec7t, c\u00e1c c\u0103n h\u1ed9 \u0111\u1ec1u c\u00f3 l\u00f4 gia v\u00e0 c\u1eeda s\u1ed5 r\u1ed9ng tho\u00e1ng, t\u1eadn d\u1ee5ng t\u1ed1i \u0111a \u00e1nh s\u00e1ng t\u1ef1 nhi\u00ean v\u00e0 \u0111\u00f3n kh\u00f4ng kh\u00ed trong l\u00e0nh. T\u1eeb b\u1ea5t k\u1ef3 n\u01a1i n\u00e0o trong c\u0103n nh\u00e0, c\u01b0 d\u00e2n t\u01b0\u01a1ng lai c\u0169ng c\u00f3 th\u1ec3 ph\u00f3ng t\u1ea7m m\u1eaft, t\u1eadn h\u01b0\u1edfng c\u1ea3nh quan tho\u00e1ng m\u00e1t b\u00ean ngo\u00e0i.<\/p>\n<p>\u0110i\u1ec3m n\u1ed5i b\u1eadt ch\u00ednh c\u1ee7a d\u1ef1 \u00e1n l\u00e0 s\u1ea3nh \u0111\u00f3n kh\u00e1ch ri\u00eang bi\u1ec7t gi\u00fap t\u1ed1i \u0111a h\u00f3a y\u00eau c\u1ea7u an ninh c\u0169ng nh\u01b0 kh\u00f4ng gian ri\u00eang t\u01b0 c\u1ee7a ch\u1ee7 nh\u00e2n, mang \u0111\u1ebfn m\u1ed9t phong c\u00e1ch s\u1ed1ng \u0111\u1eb3ng c\u1ea5p \u0111\u00fang ngh\u0129a. \u201c<em>\u0110\u1ebfn xem nh\u00e0 m\u1eabu v\u00e0 thi\u1ebft k\u1ebf c\u1ee7a Opal Skyview, t\u00f4i th\u1eadt s\u1ef1 h\u00e0i l\u00f2ng v\u00e0 d\u1ef1 t\u00ednh s\u1edf h\u1eefu m\u1ed9t c\u0103n 3 ph\u00f2ng ng\u1ee7. T\u00f4i \u1ea5n t\u01b0\u1ee3ng v\u1edbi s\u1ea3nh \u0111\u00f3n kh\u00e1ch v\u1edbi thi\u1ebft k\u1ebf sang tr\u1ecdng v\u00e0 \u0111\u1eb3ng c\u1ea5p nh\u01b0 kh\u00e1ch s\u1ea1n 5 sao.<\/em>\u201d, anh V\u00f5 Nh\u1eadt Quang \u2013 m\u1ed9t kh\u00e1ch h\u00e0ng tham quan nh\u00e0 m\u1eabu chia s\u1ebb.<\/p>\n<p>Ngo\u00e0i thi\u1ebft k\u1ebf tinh t\u1ebf, c\u0103n h\u1ed9 Opal Skyview c\u00f2n \u0111\u01b0\u1ee3c s\u1eed d\u1ee5ng c\u00e1c v\u1eadt li\u1ec7u x\u00e2y d\u1ef1ng cao c\u1ea5p nh\u01b0: G\u1ea1ch Granite nh\u00e2n t\u1ea1o 60&#215;60; s\u00e0n g\u1ed7; c\u1eeda g\u1ed7 ch\u1ed1ng ch\u00e1y; thi\u1ebft b\u1ecb v\u1ec7 sinh cao c\u1ea5p c\u1ee7a c\u00e1c th\u01b0\u01a1ng hi\u1ec7u Toto, American Standard, Johnson Suisse ho\u1eb7c th\u01b0\u01a1ng hi\u1ec7u kh\u00e1c t\u01b0\u01a1ng \u0111\u01b0\u01a1ng. \u0110\u1eb7c bi\u1ec7t, m\u1ed7i c\u0103n h\u1ed9 \u0111\u1ec1u \u0111\u01b0\u1ee3c trang b\u1ecb h\u1ec7 th\u1ed1ng kh\u00f3a t\u1eeb th\u00f4ng minh, h\u1ec7 th\u1ed1ng li\u00ean l\u1ea1c n\u1ed9i b\u1ed9 &#8211; intercom gi\u00fap \u0111\u1ea3m b\u1ea3o an ninh cho c\u01b0 d\u00e2n sinh s\u1ed1ng t\u1ea1i Opal Skyview.<\/p>\n","protected":false},"excerpt":{"rendered":"<ul class=\"ulgroup w-100 clearfix\">\n<li class=\"first_status\">Qu\u1eadn huy\u1ec7n:\u00a0<span class=\"status_name\">Ph\u1ea1m V\u0103n \u0110\u1ed3ng<\/span><\/li>\n<li class=\"first_status\">Ki\u1ec3u d\u1ef1 \u00e1n:\u00a0<span class=\"status_name\">C\u0103n h\u1ed9<\/span><\/li>\n<li class=\"first_status\">Ch\u1ee7 \u0111\u1ea7u t\u01b0:\u00a0<span class=\"status_name\">T\u1ed5ng c\u00f4ng ty\u00a0B\u1ea3o Kh\u00e1nh<\/span><\/li>\n<li class=\"first_status\">Lo\u1ea1i h\u00ecnh \u0111\u1ea7u t\u01b0:\u00a0<span class=\"status_name\">Khu c\u0103n h\u1ed9 cao c\u1ea5p Opal Skyview n\u1eb1m ngay m\u1eb7t ti\u1ec1n \u0111\u1ea1i l\u1ed9 Ph\u1ea1m V\u0103n \u0110\u1ed3ng, tuy\u1ebfn \u0111\u01b0\u1eddng n\u1ed9i \u0111\u00f4 \u0111\u1eb9p nh\u1ea5t TP.HCM v\u00e0 g\u1ea7n s\u00f4ng S\u00e0i G\u00f2n th\u01a1 m\u1ed9ng. V\u1edbi nh\u1eefng l\u1ee3i th\u1ebf v\u1ec1 v\u1ecb tr\u00ed trung t\u00e2m, giao th\u00f4ng thu\u1eadn l\u1ee3i, ti\u1ec7n \u00edch \u0111\u1eb3ng c\u1ea5p, Opal Skyview h\u1ee9a h\u1eb9n s\u1ebd l\u00e0 n\u01a1i l\u00fd t\u01b0\u1edfng \u0111\u1ec3 an c\u01b0 c\u0169ng nh\u01b0 \u0111\u1ea7u t\u01b0 sinh l\u1ee3i.<\/span><\/li>\n<\/ul>\n","protected":false},"featured_media":62,"comment_status":"open","ping_status":"closed","template":"","meta":[],"product_cat":[15,17,18,19,20],"product_tag":[],"yoast_head":"<!-- This site is optimized with the Yoast SEO plugin v16.7 - https:\/\/yoast.com\/wordpress\/plugins\/seo\/ -->\n<title>C\u0103n h\u1ed9 Opal Skyview - Chuy\u00ean trang b\u1ea5t \u0111\u1ed9ng s\u1ea3n<\/title>\n<meta name=\"robots\" content=\"index, follow, max-snippet:-1, max-image-preview:large, max-video-preview:-1\" \/>\n<link rel=\"canonical\" href=\"https:\/\/giaodienwebsite.tgs.com.vn\/bds49\/du-an\/can-ho-opal-skyview\/\" \/>\n<meta property=\"og:locale\" content=\"vi_VN\" \/>\n<meta property=\"og:type\" content=\"article\" \/>\n<meta property=\"og:title\" content=\"C\u0103n h\u1ed9 Opal Skyview - Chuy\u00ean trang b\u1ea5t \u0111\u1ed9ng s\u1ea3n\" \/>\n<meta property=\"og:description\" content=\"Qu\u1eadn huy\u1ec7n:\u00a0Ph\u1ea1m V\u0103n \u0110\u1ed3ng  Ki\u1ec3u d\u1ef1 \u00e1n:\u00a0C\u0103n h\u1ed9  Ch\u1ee7 \u0111\u1ea7u t\u01b0:\u00a0T\u1ed5ng c\u00f4ng ty\u00a0B\u1ea3o Kh\u00e1nh  Lo\u1ea1i h\u00ecnh \u0111\u1ea7u t\u01b0:\u00a0Khu c\u0103n h\u1ed9 cao c\u1ea5p Opal Skyview n\u1eb1m ngay m\u1eb7t ti\u1ec1n \u0111\u1ea1i l\u1ed9 Ph\u1ea1m V\u0103n \u0110\u1ed3ng, tuy\u1ebfn \u0111\u01b0\u1eddng n\u1ed9i \u0111\u00f4 \u0111\u1eb9p nh\u1ea5t TP.HCM v\u00e0 g\u1ea7n s\u00f4ng S\u00e0i G\u00f2n th\u01a1 m\u1ed9ng. V\u1edbi nh\u1eefng l\u1ee3i th\u1ebf v\u1ec1 v\u1ecb tr\u00ed trung t\u00e2m, giao th\u00f4ng thu\u1eadn l\u1ee3i, ti\u1ec7n \u00edch \u0111\u1eb3ng c\u1ea5p, Opal Skyview h\u1ee9a h\u1eb9n s\u1ebd l\u00e0 n\u01a1i l\u00fd t\u01b0\u1edfng \u0111\u1ec3 an c\u01b0 c\u0169ng nh\u01b0 \u0111\u1ea7u t\u01b0 sinh l\u1ee3i.\" \/>\n<meta property=\"og:url\" content=\"https:\/\/giaodienwebsite.tgs.com.vn\/bds49\/du-an\/can-ho-opal-skyview\/\" \/>\n<meta property=\"og:site_name\" content=\"Chuy\u00ean trang b\u1ea5t \u0111\u1ed9ng s\u1ea3n\" \/>\n<meta property=\"article:modified_time\" content=\"2020-08-07T02:09:06+00:00\" \/>\n<meta property=\"og:image\" content=\"https:\/\/giaodienwebsite.tgs.com.vn\/bds49\/wp-content\/uploads\/2020\/07\/img14.jpg\" \/>\n\t<meta property=\"og:image:width\" content=\"765\" \/>\n\t<meta property=\"og:image:height\" content=\"470\" \/>\n<meta name=\"twitter:card\" content=\"summary_large_image\" \/>\n<meta name=\"twitter:label1\" content=\"\u01af\u1edbc t\u00ednh th\u1eddi gian \u0111\u1ecdc\" \/>\n\t<meta name=\"twitter:data1\" content=\"4 ph\u00fat\" \/>\n<script type=\"application\/ld+json\" class=\"yoast-schema-graph\">{\"@context\":\"https:\/\/schema.org\",\"@graph\":[{\"@type\":\"WebSite\",\"@id\":\"https:\/\/giaodienwebsite.tgs.com.vn\/bds49\/#website\",\"url\":\"https:\/\/giaodienwebsite.tgs.com.vn\/bds49\/\",\"name\":\"Chuy\\u00ean trang b\\u1ea5t \\u0111\\u1ed9ng s\\u1ea3n\",\"description\":\"M\\u1ed9t trang web m\\u1edbi s\\u1eed d\\u1ee5ng WordPress\",\"potentialAction\":[{\"@type\":\"SearchAction\",\"target\":{\"@type\":\"EntryPoint\",\"urlTemplate\":\"https:\/\/giaodienwebsite.tgs.com.vn\/bds49\/?s={search_term_string}\"},\"query-input\":\"required name=search_term_string\"}],\"inLanguage\":\"vi\"},{\"@type\":\"ImageObject\",\"@id\":\"https:\/\/giaodienwebsite.tgs.com.vn\/bds49\/du-an\/can-ho-opal-skyview\/#primaryimage\",\"inLanguage\":\"vi\",\"url\":\"https:\/\/giaodienwebsite.tgs.com.vn\/bds49\/wp-content\/uploads\/2020\/07\/img14.jpg\",\"contentUrl\":\"https:\/\/giaodienwebsite.tgs.com.vn\/bds49\/wp-content\/uploads\/2020\/07\/img14.jpg\",\"width\":765,\"height\":470},{\"@type\":\"WebPage\",\"@id\":\"https:\/\/giaodienwebsite.tgs.com.vn\/bds49\/du-an\/can-ho-opal-skyview\/#webpage\",\"url\":\"https:\/\/giaodienwebsite.tgs.com.vn\/bds49\/du-an\/can-ho-opal-skyview\/\",\"name\":\"C\\u0103n h\\u1ed9 Opal Skyview - Chuy\\u00ean trang b\\u1ea5t \\u0111\\u1ed9ng s\\u1ea3n\",\"isPartOf\":{\"@id\":\"https:\/\/giaodienwebsite.tgs.com.vn\/bds49\/#website\"},\"primaryImageOfPage\":{\"@id\":\"https:\/\/giaodienwebsite.tgs.com.vn\/bds49\/du-an\/can-ho-opal-skyview\/#primaryimage\"},\"datePublished\":\"2020-07-28T01:45:16+00:00\",\"dateModified\":\"2020-08-07T02:09:06+00:00\",\"breadcrumb\":{\"@id\":\"https:\/\/giaodienwebsite.tgs.com.vn\/bds49\/du-an\/can-ho-opal-skyview\/#breadcrumb\"},\"inLanguage\":\"vi\",\"potentialAction\":[{\"@type\":\"ReadAction\",\"target\":[\"https:\/\/giaodienwebsite.tgs.com.vn\/bds49\/du-an\/can-ho-opal-skyview\/\"]}]},{\"@type\":\"BreadcrumbList\",\"@id\":\"https:\/\/giaodienwebsite.tgs.com.vn\/bds49\/du-an\/can-ho-opal-skyview\/#breadcrumb\",\"itemListElement\":[{\"@type\":\"ListItem\",\"position\":1,\"name\":\"Trang ch\\u1ee7\",\"item\":\"https:\/\/giaodienwebsite.tgs.com.vn\/bds49\/\"},{\"@type\":\"ListItem\",\"position\":2,\"name\":\"C\\u1eeda h\\u00e0ng\",\"item\":\"https:\/\/giaodienwebsite.tgs.com.vn\/bds49\/mua\/\"},{\"@type\":\"ListItem\",\"position\":3,\"name\":\"C\\u0103n h\\u1ed9 Opal Skyview\"}]}]}<\/script>\n<!-- \/ Yoast SEO plugin. -->","yoast_head_json":{"title":"C\u0103n h\u1ed9 Opal Skyview - Chuy\u00ean trang b\u1ea5t \u0111\u1ed9ng s\u1ea3n","robots":{"index":"index","follow":"follow","max-snippet":"max-snippet:-1","max-image-preview":"max-image-preview:large","max-video-preview":"max-video-preview:-1"},"canonical":"https:\/\/giaodienwebsite.tgs.com.vn\/bds49\/du-an\/can-ho-opal-skyview\/","og_locale":"vi_VN","og_type":"article","og_title":"C\u0103n h\u1ed9 Opal Skyview - Chuy\u00ean trang b\u1ea5t \u0111\u1ed9ng s\u1ea3n","og_description":"Qu\u1eadn huy\u1ec7n:\u00a0Ph\u1ea1m V\u0103n \u0110\u1ed3ng  Ki\u1ec3u d\u1ef1 \u00e1n:\u00a0C\u0103n h\u1ed9  Ch\u1ee7 \u0111\u1ea7u t\u01b0:\u00a0T\u1ed5ng c\u00f4ng ty\u00a0B\u1ea3o Kh\u00e1nh  Lo\u1ea1i h\u00ecnh \u0111\u1ea7u t\u01b0:\u00a0Khu c\u0103n h\u1ed9 cao c\u1ea5p Opal Skyview n\u1eb1m ngay m\u1eb7t ti\u1ec1n \u0111\u1ea1i l\u1ed9 Ph\u1ea1m V\u0103n \u0110\u1ed3ng, tuy\u1ebfn \u0111\u01b0\u1eddng n\u1ed9i \u0111\u00f4 \u0111\u1eb9p nh\u1ea5t TP.HCM v\u00e0 g\u1ea7n s\u00f4ng S\u00e0i G\u00f2n th\u01a1 m\u1ed9ng. V\u1edbi nh\u1eefng l\u1ee3i th\u1ebf v\u1ec1 v\u1ecb tr\u00ed trung t\u00e2m, giao th\u00f4ng thu\u1eadn l\u1ee3i, ti\u1ec7n \u00edch \u0111\u1eb3ng c\u1ea5p, Opal Skyview h\u1ee9a h\u1eb9n s\u1ebd l\u00e0 n\u01a1i l\u00fd t\u01b0\u1edfng \u0111\u1ec3 an c\u01b0 c\u0169ng nh\u01b0 \u0111\u1ea7u t\u01b0 sinh l\u1ee3i.","og_url":"https:\/\/giaodienwebsite.tgs.com.vn\/bds49\/du-an\/can-ho-opal-skyview\/","og_site_name":"Chuy\u00ean trang b\u1ea5t \u0111\u1ed9ng s\u1ea3n","article_modified_time":"2020-08-07T02:09:06+00:00","og_image":[{"width":765,"height":470,"url":"https:\/\/giaodienwebsite.tgs.com.vn\/bds49\/wp-content\/uploads\/2020\/07\/img14.jpg","path":"\/var\/www\/vhosts\/tgs.com.vn\/giaodienmau.tgs.com.vn\/bds49\/wp-content\/uploads\/2020\/07\/img14.jpg","size":"full","id":62,"alt":"","pixels":359550,"type":"image\/jpeg"}],"twitter_card":"summary_large_image","twitter_misc":{"\u01af\u1edbc t\u00ednh th\u1eddi gian \u0111\u1ecdc":"4 ph\u00fat"},"schema":{"@context":"https:\/\/schema.org","@graph":[{"@type":"WebSite","@id":"https:\/\/giaodienwebsite.tgs.com.vn\/bds49\/#website","url":"https:\/\/giaodienwebsite.tgs.com.vn\/bds49\/","name":"Chuy\u00ean trang b\u1ea5t \u0111\u1ed9ng s\u1ea3n","description":"M\u1ed9t trang web m\u1edbi s\u1eed d\u1ee5ng WordPress","potentialAction":[{"@type":"SearchAction","target":{"@type":"EntryPoint","urlTemplate":"https:\/\/giaodienwebsite.tgs.com.vn\/bds49\/?s={search_term_string}"},"query-input":"required name=search_term_string"}],"inLanguage":"vi"},{"@type":"ImageObject","@id":"https:\/\/giaodienwebsite.tgs.com.vn\/bds49\/du-an\/can-ho-opal-skyview\/#primaryimage","inLanguage":"vi","url":"https:\/\/giaodienwebsite.tgs.com.vn\/bds49\/wp-content\/uploads\/2020\/07\/img14.jpg","contentUrl":"https:\/\/giaodienwebsite.tgs.com.vn\/bds49\/wp-content\/uploads\/2020\/07\/img14.jpg","width":765,"height":470},{"@type":"WebPage","@id":"https:\/\/giaodienwebsite.tgs.com.vn\/bds49\/du-an\/can-ho-opal-skyview\/#webpage","url":"https:\/\/giaodienwebsite.tgs.com.vn\/bds49\/du-an\/can-ho-opal-skyview\/","name":"C\u0103n h\u1ed9 Opal Skyview - Chuy\u00ean trang b\u1ea5t \u0111\u1ed9ng s\u1ea3n","isPartOf":{"@id":"https:\/\/giaodienwebsite.tgs.com.vn\/bds49\/#website"},"primaryImageOfPage":{"@id":"https:\/\/giaodienwebsite.tgs.com.vn\/bds49\/du-an\/can-ho-opal-skyview\/#primaryimage"},"datePublished":"2020-07-28T01:45:16+00:00","dateModified":"2020-08-07T02:09:06+00:00","breadcrumb":{"@id":"https:\/\/giaodienwebsite.tgs.com.vn\/bds49\/du-an\/can-ho-opal-skyview\/#breadcrumb"},"inLanguage":"vi","potentialAction":[{"@type":"ReadAction","target":["https:\/\/giaodienwebsite.tgs.com.vn\/bds49\/du-an\/can-ho-opal-skyview\/"]}]},{"@type":"BreadcrumbList","@id":"https:\/\/giaodienwebsite.tgs.com.vn\/bds49\/du-an\/can-ho-opal-skyview\/#breadcrumb","itemListElement":[{"@type":"ListItem","position":1,"name":"Trang ch\u1ee7","item":"https:\/\/giaodienwebsite.tgs.com.vn\/bds49\/"},{"@type":"ListItem","position":2,"name":"C\u1eeda h\u00e0ng","item":"https:\/\/giaodienwebsite.tgs.com.vn\/bds49\/mua\/"},{"@type":"ListItem","position":3,"name":"C\u0103n h\u1ed9 Opal Skyview"}]}]}},"_links":{"self":[{"href":"https:\/\/giaodienwebsite.tgs.com.vn\/bds49\/wp-json\/wp\/v2\/product\/61"}],"collection":[{"href":"https:\/\/giaodienwebsite.tgs.com.vn\/bds49\/wp-json\/wp\/v2\/product"}],"about":[{"href":"https:\/\/giaodienwebsite.tgs.com.vn\/bds49\/wp-json\/wp\/v2\/types\/product"}],"replies":[{"embeddable":true,"href":"https:\/\/giaodienwebsite.tgs.com.vn\/bds49\/wp-json\/wp\/v2\/comments?post=61"}],"wp:featuredmedia":[{"embeddable":true,"href":"https:\/\/giaodienwebsite.tgs.com.vn\/bds49\/wp-json\/wp\/v2\/media\/62"}],"wp:attachment":[{"href":"https:\/\/giaodienwebsite.tgs.com.vn\/bds49\/wp-json\/wp\/v2\/media?parent=61"}],"wp:term":[{"taxonomy":"product_cat","embeddable":true,"href":"https:\/\/giaodienwebsite.tgs.com.vn\/bds49\/wp-json\/wp\/v2\/product_cat?post=61"},{"taxonomy":"product_tag","embeddable":true,"href":"https:\/\/giaodienwebsite.tgs.com.vn\/bds49\/wp-json\/wp\/v2\/product_tag?post=61"}],"curies":[{"name":"wp","href":"https:\/\/api.w.org\/{rel}","templated":true}]}}