{"id":31,"date":"2020-07-28T01:18:09","date_gmt":"2020-07-28T01:18:09","guid":{"rendered":"https:\/\/giaodienwebsite.tgs.com.vn\/bds49\/?post_type=product&#038;p=31"},"modified":"2020-07-30T15:08:58","modified_gmt":"2020-07-30T15:08:58","slug":"can-ho-star-wish-penthouse","status":"publish","type":"product","link":"https:\/\/giaodienwebsite.tgs.com.vn\/bds49\/du-an\/can-ho-star-wish-penthouse\/","title":{"rendered":"C\u0103n h\u1ed9 Star Wish PentHouse"},"content":{"rendered":"<p>Kh\u00f4ng gian s\u1ed1ng sang tr\u1ecdng v\u00e0 \u0111\u1eb3ng c\u1ea5p kh\u00e1c bi\u1ec7t: M\u1ed9t c\u0103n h\u1ed9 cao c\u1ea5p v\u1edbi \u0111\u1ea7y \u0111\u1ee7 nh\u1eefng tinh hoa h\u00e0ng \u0111\u1ea7u th\u1ebf gi\u1edbi th\u01b0\u1eddng kh\u00f4ng th\u1ec3 xu\u1ea5t hi\u1ec7n \u1edf nh\u00e0 \u0111\u1ea5t hay c\u0103n h\u00f4 chung c\u01b0 trong th\u00e0nh ph\u1ed1. V\u00ec v\u1eady, c\u00f3 th\u1ec3 n\u00f3i nh\u1eefng c\u0103n h\u1ed9 penthouse l\u00e0 m\u1ed9t trong nh\u1eefng c\u0103n h\u1ed9 \u0111\u1eb9p nh\u1ea5t th\u00e0nh ph\u1ed1.<\/p>\n<p>T\u1ea7m nh\u00ecn \u0111\u1eb9p b\u1eadc nh\u1ea5t: Nh\u1eefng c\u0103n h\u1ed9 Penthouse th\u01b0\u1eddng \u0111\u01b0\u1ee3c x\u00e2y d\u1ef1ng \u1edf t\u1ea7ng tr\u00ean c\u00f9ng n\u00ean t\u1ea7m nh\u00ecn s\u1ebd \u0111\u01b0\u1ee3c coi l\u00e0 \u0111\u1eb9p nh\u1ea5t c\u1ee7a t\u00f2a nh\u00e0. N\u1ebfu t\u00f2a nh\u00e0 \u0111\u00f3 c\u00e0ng cao th\u00ec t\u1ea7m nh\u00ecn c\u1ee7a c\u0103n h\u1ed9 Penthouse c\u00e0ng \u0111\u1eb9p, nh\u1ea5t l\u00e0 nh\u1eefng c\u0103n trong l\u00f2ng th\u00e0nh ph\u1ed1.<\/p>\n<p>Ti\u1ec7n nghi cao c\u1ea5p: L\u00e0 nh\u1eefng c\u0103n h\u1ed9 d\u00e0nh cho gi\u1edbi th\u01b0\u1ee3ng l\u01b0u, c\u00e1c c\u0103n h\u1ed9 penhouse lu\u00f4n \u0111\u01b0\u1ee3c trang b\u1ecb \u0111\u1ea7y nh\u1eefng ti\u1ec7n \u00edch kh\u00e1c bi\u1ec7t kh\u00f4ng thua k\u00e9m g\u00ec ngh\u1ec9 d\u01b0\u1ee1ng.<\/p>\n<p>C\u0103n h\u1ed9 ph\u1ea3i n\u1eb1m tr\u00ean t\u1ea7ng \u00e1p m\u00e1i v\u00e0 c\u00f3 di\u1ec7n t\u00edch l\u1edbn \u0111\u1eb7c bi\u1ec7t.<\/p>\n<p>C\u0103n h\u1ed9 \u0111\u01b0\u1ee3c thi\u1ebft k\u1ebf \u0111\u1eb3ng c\u1ea5p kh\u00e1c bi\u1ec7t t\u00f4n l\u00ean s\u1ef1 sang tr\u1ecdng c\u00f3 m\u1ed9t kh\u00f4ng 2 c\u1ee7a t\u00f2a nh\u00e0.<\/p>\n","protected":false},"excerpt":{"rendered":"<ul>\n<li>Qu\u1eadn huy\u1ec7n: Long Bi\u00ean<\/li>\n<li>Ki\u1ec3u d\u1ef1 \u00e1n: C\u0103n h\u1ed9<\/li>\n<li>Ch\u1ee7 \u0111\u1ea7u t\u01b0: T\u1eadp \u0111o\u00e0n h\u00e0ng kh\u00f4ng Minhair<\/li>\n<li>Lo\u1ea1i h\u00ecnh \u0111\u1ea7u t\u01b0: Kh\u00e1c h\u1eb3n v\u1edbi c\u00e1c c\u0103n h\u1ed9 chung c\u01b0 t\u1ea7ng \u00e1p m\u00e1i th\u00f4ng th\u01b0\u1eddng, c\u00e1c c\u0103n h\u1ed9 penhouse th\u01b0\u1eddng c\u00f3 di\u1ec7n t\u00edch l\u1edbn v\u00e0 kho\u1ea3ng s\u00e2n v\u01b0\u1eddn r\u1ed9ng r\u00e3i, g\u00f3c nh\u00ecn tho\u00e1ng r\u1ed9ng \u0111\u1ec3 th\u1ec3 hi\u1ec7n \u0111\u1eb3ng c\u1ea5p c\u1ee7a m\u1ed9t c\u0103n h\u1ed9 cao c\u1ea5p. Penhouse s\u1ebd \u0111\u01b0\u1ee3c thi\u1ebft k\u1ebf ri\u00eang kh\u00e1c v\u1edbi c\u00e1c c\u0103n h\u1ed9 chung c\u01b0 trong c\u00f9ng t\u00f2a nh\u00e0 \u0111\u1ec3 \u0111\u00e1p \u1ee9ng ti\u00eau ch\u00ed xa hoa, sang tr\u1ecdng<\/li>\n<\/ul>\n","protected":false},"featured_media":43,"comment_status":"open","ping_status":"closed","template":"","meta":[],"product_cat":[15,17,18,19,20],"product_tag":[],"yoast_head":"<!-- This site is optimized with the Yoast SEO plugin v16.7 - https:\/\/yoast.com\/wordpress\/plugins\/seo\/ -->\n<title>C\u0103n h\u1ed9 Star Wish PentHouse - Chuy\u00ean trang b\u1ea5t \u0111\u1ed9ng s\u1ea3n<\/title>\n<meta name=\"robots\" content=\"index, follow, max-snippet:-1, max-image-preview:large, max-video-preview:-1\" \/>\n<link rel=\"canonical\" href=\"https:\/\/giaodienwebsite.tgs.com.vn\/bds49\/du-an\/can-ho-star-wish-penthouse\/\" \/>\n<meta property=\"og:locale\" content=\"vi_VN\" \/>\n<meta property=\"og:type\" content=\"article\" \/>\n<meta property=\"og:title\" content=\"C\u0103n h\u1ed9 Star Wish PentHouse - Chuy\u00ean trang b\u1ea5t \u0111\u1ed9ng s\u1ea3n\" \/>\n<meta property=\"og:description\" content=\"Qu\u1eadn huy\u1ec7n: Long Bi\u00ean  Ki\u1ec3u d\u1ef1 \u00e1n: C\u0103n h\u1ed9  Ch\u1ee7 \u0111\u1ea7u t\u01b0: T\u1eadp \u0111o\u00e0n h\u00e0ng kh\u00f4ng Minhair  Lo\u1ea1i h\u00ecnh \u0111\u1ea7u t\u01b0: Kh\u00e1c h\u1eb3n v\u1edbi c\u00e1c c\u0103n h\u1ed9 chung c\u01b0 t\u1ea7ng \u00e1p m\u00e1i th\u00f4ng th\u01b0\u1eddng, c\u00e1c c\u0103n h\u1ed9 penhouse th\u01b0\u1eddng c\u00f3 di\u1ec7n t\u00edch l\u1edbn v\u00e0 kho\u1ea3ng s\u00e2n v\u01b0\u1eddn r\u1ed9ng r\u00e3i, g\u00f3c nh\u00ecn tho\u00e1ng r\u1ed9ng \u0111\u1ec3 th\u1ec3 hi\u1ec7n \u0111\u1eb3ng c\u1ea5p c\u1ee7a m\u1ed9t c\u0103n h\u1ed9 cao c\u1ea5p. Penhouse s\u1ebd \u0111\u01b0\u1ee3c thi\u1ebft k\u1ebf ri\u00eang kh\u00e1c v\u1edbi c\u00e1c c\u0103n h\u1ed9 chung c\u01b0 trong c\u00f9ng t\u00f2a nh\u00e0 \u0111\u1ec3 \u0111\u00e1p \u1ee9ng ti\u00eau ch\u00ed xa hoa, sang tr\u1ecdng\" \/>\n<meta property=\"og:url\" content=\"https:\/\/giaodienwebsite.tgs.com.vn\/bds49\/du-an\/can-ho-star-wish-penthouse\/\" \/>\n<meta property=\"og:site_name\" content=\"Chuy\u00ean trang b\u1ea5t \u0111\u1ed9ng s\u1ea3n\" \/>\n<meta property=\"article:modified_time\" content=\"2020-07-30T15:08:58+00:00\" \/>\n<meta property=\"og:image\" content=\"https:\/\/giaodienwebsite.tgs.com.vn\/bds49\/wp-content\/uploads\/2020\/07\/img1.jpg\" \/>\n\t<meta property=\"og:image:width\" content=\"765\" \/>\n\t<meta property=\"og:image:height\" content=\"470\" \/>\n<meta name=\"twitter:card\" content=\"summary_large_image\" \/>\n<meta name=\"twitter:label1\" content=\"\u01af\u1edbc t\u00ednh th\u1eddi gian \u0111\u1ecdc\" \/>\n\t<meta name=\"twitter:data1\" content=\"1 ph\u00fat\" \/>\n<script type=\"application\/ld+json\" class=\"yoast-schema-graph\">{\"@context\":\"https:\/\/schema.org\",\"@graph\":[{\"@type\":\"WebSite\",\"@id\":\"https:\/\/giaodienwebsite.tgs.com.vn\/bds49\/#website\",\"url\":\"https:\/\/giaodienwebsite.tgs.com.vn\/bds49\/\",\"name\":\"Chuy\\u00ean trang b\\u1ea5t \\u0111\\u1ed9ng s\\u1ea3n\",\"description\":\"M\\u1ed9t trang web m\\u1edbi s\\u1eed d\\u1ee5ng WordPress\",\"potentialAction\":[{\"@type\":\"SearchAction\",\"target\":{\"@type\":\"EntryPoint\",\"urlTemplate\":\"https:\/\/giaodienwebsite.tgs.com.vn\/bds49\/?s={search_term_string}\"},\"query-input\":\"required name=search_term_string\"}],\"inLanguage\":\"vi\"},{\"@type\":\"ImageObject\",\"@id\":\"https:\/\/giaodienwebsite.tgs.com.vn\/bds49\/du-an\/can-ho-star-wish-penthouse\/#primaryimage\",\"inLanguage\":\"vi\",\"url\":\"https:\/\/giaodienwebsite.tgs.com.vn\/bds49\/wp-content\/uploads\/2020\/07\/img1.jpg\",\"contentUrl\":\"https:\/\/giaodienwebsite.tgs.com.vn\/bds49\/wp-content\/uploads\/2020\/07\/img1.jpg\",\"width\":765,\"height\":470},{\"@type\":\"WebPage\",\"@id\":\"https:\/\/giaodienwebsite.tgs.com.vn\/bds49\/du-an\/can-ho-star-wish-penthouse\/#webpage\",\"url\":\"https:\/\/giaodienwebsite.tgs.com.vn\/bds49\/du-an\/can-ho-star-wish-penthouse\/\",\"name\":\"C\\u0103n h\\u1ed9 Star Wish PentHouse - Chuy\\u00ean trang b\\u1ea5t \\u0111\\u1ed9ng s\\u1ea3n\",\"isPartOf\":{\"@id\":\"https:\/\/giaodienwebsite.tgs.com.vn\/bds49\/#website\"},\"primaryImageOfPage\":{\"@id\":\"https:\/\/giaodienwebsite.tgs.com.vn\/bds49\/du-an\/can-ho-star-wish-penthouse\/#primaryimage\"},\"datePublished\":\"2020-07-28T01:18:09+00:00\",\"dateModified\":\"2020-07-30T15:08:58+00:00\",\"breadcrumb\":{\"@id\":\"https:\/\/giaodienwebsite.tgs.com.vn\/bds49\/du-an\/can-ho-star-wish-penthouse\/#breadcrumb\"},\"inLanguage\":\"vi\",\"potentialAction\":[{\"@type\":\"ReadAction\",\"target\":[\"https:\/\/giaodienwebsite.tgs.com.vn\/bds49\/du-an\/can-ho-star-wish-penthouse\/\"]}]},{\"@type\":\"BreadcrumbList\",\"@id\":\"https:\/\/giaodienwebsite.tgs.com.vn\/bds49\/du-an\/can-ho-star-wish-penthouse\/#breadcrumb\",\"itemListElement\":[{\"@type\":\"ListItem\",\"position\":1,\"name\":\"Trang ch\\u1ee7\",\"item\":\"https:\/\/giaodienwebsite.tgs.com.vn\/bds49\/\"},{\"@type\":\"ListItem\",\"position\":2,\"name\":\"C\\u1eeda h\\u00e0ng\",\"item\":\"https:\/\/giaodienwebsite.tgs.com.vn\/bds49\/mua\/\"},{\"@type\":\"ListItem\",\"position\":3,\"name\":\"C\\u0103n h\\u1ed9 Star Wish PentHouse\"}]}]}<\/script>\n<!-- \/ Yoast SEO plugin. -->","yoast_head_json":{"title":"C\u0103n h\u1ed9 Star Wish PentHouse - Chuy\u00ean trang b\u1ea5t \u0111\u1ed9ng s\u1ea3n","robots":{"index":"index","follow":"follow","max-snippet":"max-snippet:-1","max-image-preview":"max-image-preview:large","max-video-preview":"max-video-preview:-1"},"canonical":"https:\/\/giaodienwebsite.tgs.com.vn\/bds49\/du-an\/can-ho-star-wish-penthouse\/","og_locale":"vi_VN","og_type":"article","og_title":"C\u0103n h\u1ed9 Star Wish PentHouse - Chuy\u00ean trang b\u1ea5t \u0111\u1ed9ng s\u1ea3n","og_description":"Qu\u1eadn huy\u1ec7n: Long Bi\u00ean  Ki\u1ec3u d\u1ef1 \u00e1n: C\u0103n h\u1ed9  Ch\u1ee7 \u0111\u1ea7u t\u01b0: T\u1eadp \u0111o\u00e0n h\u00e0ng kh\u00f4ng Minhair  Lo\u1ea1i h\u00ecnh \u0111\u1ea7u t\u01b0: Kh\u00e1c h\u1eb3n v\u1edbi c\u00e1c c\u0103n h\u1ed9 chung c\u01b0 t\u1ea7ng \u00e1p m\u00e1i th\u00f4ng th\u01b0\u1eddng, c\u00e1c c\u0103n h\u1ed9 penhouse th\u01b0\u1eddng c\u00f3 di\u1ec7n t\u00edch l\u1edbn v\u00e0 kho\u1ea3ng s\u00e2n v\u01b0\u1eddn r\u1ed9ng r\u00e3i, g\u00f3c nh\u00ecn tho\u00e1ng r\u1ed9ng \u0111\u1ec3 th\u1ec3 hi\u1ec7n \u0111\u1eb3ng c\u1ea5p c\u1ee7a m\u1ed9t c\u0103n h\u1ed9 cao c\u1ea5p. Penhouse s\u1ebd \u0111\u01b0\u1ee3c thi\u1ebft k\u1ebf ri\u00eang kh\u00e1c v\u1edbi c\u00e1c c\u0103n h\u1ed9 chung c\u01b0 trong c\u00f9ng t\u00f2a nh\u00e0 \u0111\u1ec3 \u0111\u00e1p \u1ee9ng ti\u00eau ch\u00ed xa hoa, sang tr\u1ecdng","og_url":"https:\/\/giaodienwebsite.tgs.com.vn\/bds49\/du-an\/can-ho-star-wish-penthouse\/","og_site_name":"Chuy\u00ean trang b\u1ea5t \u0111\u1ed9ng s\u1ea3n","article_modified_time":"2020-07-30T15:08:58+00:00","og_image":[{"width":765,"height":470,"url":"https:\/\/giaodienwebsite.tgs.com.vn\/bds49\/wp-content\/uploads\/2020\/07\/img1.jpg","path":"\/var\/www\/vhosts\/tgs.com.vn\/giaodienmau.tgs.com.vn\/bds49\/wp-content\/uploads\/2020\/07\/img1.jpg","size":"full","id":43,"alt":"","pixels":359550,"type":"image\/jpeg"}],"twitter_card":"summary_large_image","twitter_misc":{"\u01af\u1edbc t\u00ednh th\u1eddi gian \u0111\u1ecdc":"1 ph\u00fat"},"schema":{"@context":"https:\/\/schema.org","@graph":[{"@type":"WebSite","@id":"https:\/\/giaodienwebsite.tgs.com.vn\/bds49\/#website","url":"https:\/\/giaodienwebsite.tgs.com.vn\/bds49\/","name":"Chuy\u00ean trang b\u1ea5t \u0111\u1ed9ng s\u1ea3n","description":"M\u1ed9t trang web m\u1edbi s\u1eed d\u1ee5ng WordPress","potentialAction":[{"@type":"SearchAction","target":{"@type":"EntryPoint","urlTemplate":"https:\/\/giaodienwebsite.tgs.com.vn\/bds49\/?s={search_term_string}"},"query-input":"required name=search_term_string"}],"inLanguage":"vi"},{"@type":"ImageObject","@id":"https:\/\/giaodienwebsite.tgs.com.vn\/bds49\/du-an\/can-ho-star-wish-penthouse\/#primaryimage","inLanguage":"vi","url":"https:\/\/giaodienwebsite.tgs.com.vn\/bds49\/wp-content\/uploads\/2020\/07\/img1.jpg","contentUrl":"https:\/\/giaodienwebsite.tgs.com.vn\/bds49\/wp-content\/uploads\/2020\/07\/img1.jpg","width":765,"height":470},{"@type":"WebPage","@id":"https:\/\/giaodienwebsite.tgs.com.vn\/bds49\/du-an\/can-ho-star-wish-penthouse\/#webpage","url":"https:\/\/giaodienwebsite.tgs.com.vn\/bds49\/du-an\/can-ho-star-wish-penthouse\/","name":"C\u0103n h\u1ed9 Star Wish PentHouse - Chuy\u00ean trang b\u1ea5t \u0111\u1ed9ng s\u1ea3n","isPartOf":{"@id":"https:\/\/giaodienwebsite.tgs.com.vn\/bds49\/#website"},"primaryImageOfPage":{"@id":"https:\/\/giaodienwebsite.tgs.com.vn\/bds49\/du-an\/can-ho-star-wish-penthouse\/#primaryimage"},"datePublished":"2020-07-28T01:18:09+00:00","dateModified":"2020-07-30T15:08:58+00:00","breadcrumb":{"@id":"https:\/\/giaodienwebsite.tgs.com.vn\/bds49\/du-an\/can-ho-star-wish-penthouse\/#breadcrumb"},"inLanguage":"vi","potentialAction":[{"@type":"ReadAction","target":["https:\/\/giaodienwebsite.tgs.com.vn\/bds49\/du-an\/can-ho-star-wish-penthouse\/"]}]},{"@type":"BreadcrumbList","@id":"https:\/\/giaodienwebsite.tgs.com.vn\/bds49\/du-an\/can-ho-star-wish-penthouse\/#breadcrumb","itemListElement":[{"@type":"ListItem","position":1,"name":"Trang ch\u1ee7","item":"https:\/\/giaodienwebsite.tgs.com.vn\/bds49\/"},{"@type":"ListItem","position":2,"name":"C\u1eeda h\u00e0ng","item":"https:\/\/giaodienwebsite.tgs.com.vn\/bds49\/mua\/"},{"@type":"ListItem","position":3,"name":"C\u0103n h\u1ed9 Star Wish PentHouse"}]}]}},"_links":{"self":[{"href":"https:\/\/giaodienwebsite.tgs.com.vn\/bds49\/wp-json\/wp\/v2\/product\/31"}],"collection":[{"href":"https:\/\/giaodienwebsite.tgs.com.vn\/bds49\/wp-json\/wp\/v2\/product"}],"about":[{"href":"https:\/\/giaodienwebsite.tgs.com.vn\/bds49\/wp-json\/wp\/v2\/types\/product"}],"replies":[{"embeddable":true,"href":"https:\/\/giaodienwebsite.tgs.com.vn\/bds49\/wp-json\/wp\/v2\/comments?post=31"}],"wp:featuredmedia":[{"embeddable":true,"href":"https:\/\/giaodienwebsite.tgs.com.vn\/bds49\/wp-json\/wp\/v2\/media\/43"}],"wp:attachment":[{"href":"https:\/\/giaodienwebsite.tgs.com.vn\/bds49\/wp-json\/wp\/v2\/media?parent=31"}],"wp:term":[{"taxonomy":"product_cat","embeddable":true,"href":"https:\/\/giaodienwebsite.tgs.com.vn\/bds49\/wp-json\/wp\/v2\/product_cat?post=31"},{"taxonomy":"product_tag","embeddable":true,"href":"https:\/\/giaodienwebsite.tgs.com.vn\/bds49\/wp-json\/wp\/v2\/product_tag?post=31"}],"curies":[{"name":"wp","href":"https:\/\/api.w.org\/{rel}","templated":true}]}}