{"id":647,"date":"2021-09-20T17:45:45","date_gmt":"2021-09-20T10:45:45","guid":{"rendered":"https:\/\/truongphong.net\/?page_id=647"},"modified":"2022-04-07T18:37:43","modified_gmt":"2022-04-07T11:37:43","slug":"dich-vu","status":"publish","type":"page","link":"https:\/\/giaodienwebsite.tgs.com.vn\/agency1\/dich-vu\/","title":{"rendered":"D\u1ecbch v\u1ee5"},"content":{"rendered":"\t<section class=\"section\" id=\"section_575312788\">\n\t\t<div class=\"bg section-bg fill bg-fill bg-loaded \" >\n\n\t\t\t\n\t\t\t<div class=\"section-bg-overlay absolute fill\"><\/div>\n\t\t\t\n\n\t\t<\/div>\n\n\t\t\n\n\t\t<div class=\"section-content relative\">\n\t\t\t\n<div class=\"row row-small\"  id=\"row-1293464476\">\n\n\t<div id=\"col-1474039459\" class=\"col small-12 large-12\"  >\n\t\t\t\t<div class=\"col-inner dark\"  >\n\t\t\t\n\t\t\t\n\t<div id=\"text-3563398838\" class=\"text mh-box-title\">\n\t\t\n<h1><span style=\"font-size: 130%;\">D\u1ecaCH V\u1ee4<\/span><\/h1>\n<p>C\u00e1c g\u00f3i d\u1ecbch v\u1ee5 c\u1ee7a EDB Agency<\/p>\n\t\t\n<style>\n#text-3563398838 {\n  font-size: 1.4rem;\n  text-align: center;\n}\n@media (min-width:850px) {\n  #text-3563398838 {\n    font-size: 1rem;\n  }\n}\n<\/style>\n\t<\/div>\n\t\n\t\t<\/div>\n\t\t\t\t\t<\/div>\n\n\t\n<\/div>\n\t\t<\/div>\n\n\t\t\n<style>\n#section_575312788 {\n  padding-top: 30px;\n  padding-bottom: 30px;\n}\n#section_575312788 .section-bg-overlay {\n  background-color: rgba(0, 0, 0, 0.32);\n}\n#section_575312788 .section-bg.bg-loaded {\n  background-image: url(https:\/\/giaodienwebsite.tgs.com.vn\/agency1\/wp-content\/uploads\/2022\/03\/internet-gc12eaabf4_1920.jpg);\n}\n#section_575312788 .ux-shape-divider--top svg {\n  height: 150px;\n  --divider-top-width: 100%;\n}\n#section_575312788 .ux-shape-divider--bottom svg {\n  height: 150px;\n  --divider-width: 100%;\n}\n<\/style>\n\t<\/section>\n\t\n\t<section class=\"section pb-0 bg-repeat\" id=\"section_634059552\">\n\t\t<div class=\"bg section-bg fill bg-fill bg-loaded \" >\n\n\t\t\t\n\t\t\t\n\t\t\t\n\n\t\t<\/div>\n\n\t\t\n\n\t\t<div class=\"section-content relative\">\n\t\t\t\n<div class=\"row row-large align-center\"  id=\"row-460983758\">\n\n\t<div id=\"col-620478548\" class=\"col mh-col-contact pb-0 small-12 large-12\"  >\n\t\t\t\t<div class=\"col-inner text-center\" style=\"background-color:rgb(250, 249, 255);\" >\n\t\t\t\n\t\t\t\n<h2>C\u00e1c g\u00f3i D\u1ecbch v\u1ee5 ch\u1ea5t l\u01b0\u1ee3ng cao<br \/>\nb\u1edfi EDB Agency<\/h2>\n\t<div id=\"gap-549072032\" class=\"gap-element clearfix\" style=\"display:block; height:auto;\">\n\t\t\n<style>\n#gap-549072032 {\n  padding-top: 25px;\n}\n@media (min-width:850px) {\n  #gap-549072032 {\n    padding-top: 70px;\n  }\n}\n<\/style>\n\t<\/div>\n\t\n<div class=\"row align-equal dich_vu_icons\"  id=\"row-2049271096\">\n\n\t<div id=\"col-538901153\" class=\"col mh-col-services medium-6 small-12 large-4\"  >\n\t\t\t\t<div class=\"col-inner\" style=\"background-color:rgb(255, 255, 255);\" >\n\t\t\t\n\t\t\t\n<a href=\"https:\/\/truongphong.net\/dich-vu-quan-tri-fanpage-facebook\/\">        <div class=\"icon-box featured-box icon-box-center text-center mh-pn-icon\">\r\n            <div class=\"icon-box-img\" style=\"width: 100px\">\r\n                <div class=\"icon\">\r\n                    <div class=\"icon-inner relative\">\r\n                                                <img src=\"https:\/\/giaodienwebsite.tgs.com.vn\/agency1\/wp-content\/uploads\/2021\/09\/dich-vu-5.png\" \/>\r\n                        <img class=\"img-hover absolute left\" src=\"https:\/\/giaodienwebsite.tgs.com.vn\/agency1\/wp-content\/uploads\/2021\/09\/hover-dich-vu-5.png\" \/>\r\n                    <\/div>\r\n                <\/div>\r\n            <\/div>\r\n                            <div class=\"icon-box-text last-reset\">\r\n                    <h3>Qua\u0309n tri\u0323 Fanpage<\/h3>\r\n                <\/div>\r\n                    <\/div>\r\n    <\/a>    \r\n\r\n    \n\t<div id=\"text-2712820663\" class=\"text\">\n\t\t\n<ul>\n<li><a href=\"#\">Qu\u1ea3n L\u00fd Fanpage<\/a><\/li>\n<li><a href=\"#\">Content Fanpage<\/a><\/li>\n<li><a href=\"#\">Facebook Ads<\/a><\/li>\n<\/ul>\n\t\t\n<style>\n#text-2712820663 {\n  text-align: left;\n}\n<\/style>\n\t<\/div>\n\t\n\t\t<\/div>\n\t\t\t\t\n<style>\n#col-538901153 > .col-inner {\n  padding: 20px 20px 20px 20px;\n}\n<\/style>\n\t<\/div>\n\n\t\n\n\t<div id=\"col-695177732\" class=\"col mh-col-services medium-6 small-12 large-4\"  >\n\t\t\t\t<div class=\"col-inner\" style=\"background-color:rgb(255, 255, 255);\" >\n\t\t\t\n\t\t\t\n<a href=\"https:\/\/truongphong.net\/digital-marketing-tong-the\/\">        <div class=\"icon-box featured-box icon-box-center text-center mh-pn-icon\">\r\n            <div class=\"icon-box-img\" style=\"width: 100px\">\r\n                <div class=\"icon\">\r\n                    <div class=\"icon-inner relative\">\r\n                                                <img src=\"https:\/\/giaodienwebsite.tgs.com.vn\/agency1\/wp-content\/uploads\/2021\/09\/dich-vu-1.png\" \/>\r\n                        <img class=\"img-hover absolute left\" src=\"https:\/\/giaodienwebsite.tgs.com.vn\/agency1\/wp-content\/uploads\/2021\/09\/hover-dich-vu-1.png\" \/>\r\n                    <\/div>\r\n                <\/div>\r\n            <\/div>\r\n                            <div class=\"icon-box-text last-reset\">\r\n                    <h3>Digital Marketing T\u1ed5ng Th\u1ec3<\/h3>\r\n                <\/div>\r\n                    <\/div>\r\n    <\/a>    \r\n\r\n    \n\t<div id=\"text-1693496557\" class=\"text\">\n\t\t\n<ul>\n<li><a href=\"#\">Nghi\u00ean C\u1ee9u\u00a0&amp; L\u1eadp K\u1ebf Ho\u1ea1ch<\/a><\/li>\n<li><a href=\"#\">T\u01b0 V\u1ea5n Chi\u1ebfn L\u01b0\u1ee3c<\/a><\/li>\n<li><a href=\"#\" target=\"_blank\" rel=\"noopener\">Truy\u1ec1n Th\u00f4ng S\u1ed1 T\u00edch H\u1ee3p<\/a><\/li>\n<\/ul>\n\t\t\n<style>\n#text-1693496557 {\n  text-align: left;\n}\n<\/style>\n\t<\/div>\n\t\n\t\t<\/div>\n\t\t\t\t\n<style>\n#col-695177732 > .col-inner {\n  padding: 20px 20px 20px 20px;\n}\n<\/style>\n\t<\/div>\n\n\t\n\n\t<div id=\"col-80716191\" class=\"col mh-col-services medium-6 small-12 large-4\"  >\n\t\t\t\t<div class=\"col-inner\" style=\"background-color:rgb(255, 255, 255);\" >\n\t\t\t\n\t\t\t\n<a href=\"https:\/\/truongphong.net\/quang-cao-facebook\/\">        <div class=\"icon-box featured-box icon-box-center text-center mh-pn-icon\">\r\n            <div class=\"icon-box-img\" style=\"width: 100px\">\r\n                <div class=\"icon\">\r\n                    <div class=\"icon-inner relative\">\r\n                                                <img src=\"https:\/\/giaodienwebsite.tgs.com.vn\/agency1\/wp-content\/uploads\/2021\/09\/dich-vu-2.png\" \/>\r\n                        <img class=\"img-hover absolute left\" src=\"https:\/\/giaodienwebsite.tgs.com.vn\/agency1\/wp-content\/uploads\/2021\/09\/hover-dich-vu-2.png\" \/>\r\n                    <\/div>\r\n                <\/div>\r\n            <\/div>\r\n                            <div class=\"icon-box-text last-reset\">\r\n                    <h3>Qu\u1ea3ng C\u00e1o Facebook<\/h3>\r\n                <\/div>\r\n                    <\/div>\r\n    <\/a>    \r\n\r\n    \n\t<div id=\"text-3862049352\" class=\"text\">\n\t\t\n<ul>\n<li><a href=\"#\" target=\"_blank\" rel=\"noopener\">Gia T\u0103ng Nh\u1eadn Bi\u1ebft<\/a><\/li>\n<li><a href=\"#\" target=\"_blank\" rel=\"noopener\">Thu H\u00fat T\u01b0\u01a1ng T\u00e1c<\/a><\/li>\n<li><a href=\"#\" target=\"_blank\" rel=\"noopener\">Th\u00fac \u0110\u1ea9y Chuy\u1ec3n \u0110\u1ed5i<\/a><\/li>\n<\/ul>\n\t\t\n<style>\n#text-3862049352 {\n  text-align: left;\n}\n<\/style>\n\t<\/div>\n\t\n\t\t<\/div>\n\t\t\t\t\n<style>\n#col-80716191 > .col-inner {\n  padding: 20px 20px 20px 20px;\n}\n<\/style>\n\t<\/div>\n\n\t\n\n\t<div id=\"col-311231143\" class=\"col mh-col-services medium-6 small-12 large-4\"  >\n\t\t\t\t<div class=\"col-inner\" style=\"background-color:rgb(255, 255, 255);\" >\n\t\t\t\n\t\t\t\n<a href=\"https:\/\/truongphong.net\/quang-cao-google\/\">        <div class=\"icon-box featured-box icon-box-center text-center mh-pn-icon\">\r\n            <div class=\"icon-box-img\" style=\"width: 100px\">\r\n                <div class=\"icon\">\r\n                    <div class=\"icon-inner relative\">\r\n                                                <img src=\"https:\/\/giaodienwebsite.tgs.com.vn\/agency1\/wp-content\/uploads\/2021\/09\/dich-vu-3.png\" \/>\r\n                        <img class=\"img-hover absolute left\" src=\"https:\/\/giaodienwebsite.tgs.com.vn\/agency1\/wp-content\/uploads\/2021\/09\/hover-dich-vu-3.png\" \/>\r\n                    <\/div>\r\n                <\/div>\r\n            <\/div>\r\n                            <div class=\"icon-box-text last-reset\">\r\n                    <h3>Qu\u1ea3ng C\u00e1o Google<\/h3>\r\n                <\/div>\r\n                    <\/div>\r\n    <\/a>    \r\n\r\n    \n\t<div id=\"text-1254342122\" class=\"text\">\n\t\t\n<ul>\n<li><a href=\"#\">Qu\u1ea3ng C\u00e1o T\u1eeb Kh\u00f3a (Search)<\/a><\/li>\n<li><a href=\"#\">Qu\u1ea3ng C\u00e1o Banner (GDN)<\/a><\/li>\n<li><a href=\"#\">Qu\u1ea3ng C\u00e1o\u00a0YouTube<\/a><\/li>\n<\/ul>\n\t\t\n<style>\n#text-1254342122 {\n  text-align: left;\n}\n<\/style>\n\t<\/div>\n\t\n\t\t<\/div>\n\t\t\t\t\n<style>\n#col-311231143 > .col-inner {\n  padding: 20px 20px 20px 20px;\n}\n<\/style>\n\t<\/div>\n\n\t\n\n\t<div id=\"col-1156661487\" class=\"col mh-col-services medium-6 small-12 large-4\"  >\n\t\t\t\t<div class=\"col-inner\" style=\"background-color:rgb(255, 255, 255);\" >\n\t\t\t\n\t\t\t\n<a href=\"https:\/\/truongphong.net\/quang-cao-truc-tuyen\/\">        <div class=\"icon-box featured-box icon-box-center text-center mh-pn-icon\">\r\n            <div class=\"icon-box-img\" style=\"width: 100px\">\r\n                <div class=\"icon\">\r\n                    <div class=\"icon-inner relative\">\r\n                                                <img src=\"https:\/\/giaodienwebsite.tgs.com.vn\/agency1\/wp-content\/uploads\/2021\/09\/dich-vu-4.png\" \/>\r\n                        <img class=\"img-hover absolute left\" src=\"https:\/\/giaodienwebsite.tgs.com.vn\/agency1\/wp-content\/uploads\/2021\/09\/hover-dich-vu-4.png\" \/>\r\n                    <\/div>\r\n                <\/div>\r\n            <\/div>\r\n                            <div class=\"icon-box-text last-reset\">\r\n                    <h3>Qu\u1ea3ng C\u00e1o Tr\u1ef1c Tuy\u1ebfn<\/h3>\r\n                <\/div>\r\n                    <\/div>\r\n    <\/a>    \r\n\r\n    \n\t<div id=\"text-325238532\" class=\"text\">\n\t\t\n<ul>\n<li><a href=\"#\">Nghi\u00ean C\u1ee9u\u00a0&amp; L\u1eadp K\u1ebf Ho\u1ea1ch<\/a><\/li>\n<li><a href=\"#\">T\u01b0 V\u1ea5n Chi\u1ebfn L\u01b0\u1ee3c<\/a><\/li>\n<li><a href=\"#\" target=\"_blank\" rel=\"noopener\">Truy\u1ec1n Th\u00f4ng S\u1ed1 T\u00edch H\u1ee3p<\/a><\/li>\n<\/ul>\n\t\t\n<style>\n#text-325238532 {\n  text-align: left;\n}\n<\/style>\n\t<\/div>\n\t\n\t\t<\/div>\n\t\t\t\t\n<style>\n#col-1156661487 > .col-inner {\n  padding: 20px 20px 20px 20px;\n}\n<\/style>\n\t<\/div>\n\n\t\n\n\t<div id=\"col-1047479755\" class=\"col mh-col-services medium-6 small-12 large-4\"  >\n\t\t\t\t<div class=\"col-inner\" style=\"background-color:rgb(255, 255, 255);\" >\n\t\t\t\n\t\t\t\n<a href=\"https:\/\/truongphong.net\/design-production\/\">        <div class=\"icon-box featured-box icon-box-center text-center mh-pn-icon\">\r\n            <div class=\"icon-box-img\" style=\"width: 100px\">\r\n                <div class=\"icon\">\r\n                    <div class=\"icon-inner relative\">\r\n                                                <img src=\"https:\/\/giaodienwebsite.tgs.com.vn\/agency1\/wp-content\/uploads\/2021\/09\/dich-vu-6.png\" \/>\r\n                        <img class=\"img-hover absolute left\" src=\"https:\/\/giaodienwebsite.tgs.com.vn\/agency1\/wp-content\/uploads\/2021\/09\/hover-dich-vu-6.png\" \/>\r\n                    <\/div>\r\n                <\/div>\r\n            <\/div>\r\n                            <div class=\"icon-box-text last-reset\">\r\n                    <h3>Design &amp; Production<\/h3>\r\n                <\/div>\r\n                    <\/div>\r\n    <\/a>    \r\n\r\n    \n\t<div id=\"text-202767024\" class=\"text\">\n\t\t\n<ul>\n<li><a href=\"#\">Thi\u1ebft k\u1ebf Website<\/a><\/li>\n<li><a href=\"#\">Thi\u1ebft K\u1ebf \u0110\u1ed3 H\u1ecda<\/a><\/li>\n<li><a href=\"#\">Production (Shooting\/Video)<\/a><\/li>\n<\/ul>\n\t\t\n<style>\n#text-202767024 {\n  text-align: left;\n}\n<\/style>\n\t<\/div>\n\t\n\t\t<\/div>\n\t\t\t\t\n<style>\n#col-1047479755 > .col-inner {\n  padding: 20px 20px 20px 20px;\n}\n<\/style>\n\t<\/div>\n\n\t\n<\/div>\n\t\t<\/div>\n\t\t\t\t\n<style>\n#col-620478548 > .col-inner {\n  padding: 15px 0px 20px 0px;\n}\n@media (min-width:550px) {\n  #col-620478548 > .col-inner {\n    padding: 30px 0px 20px 0px;\n  }\n}\n@media (min-width:850px) {\n  #col-620478548 > .col-inner {\n    padding: 100px 0px 130px 0px;\n  }\n}\n<\/style>\n\t<\/div>\n\n\t\n<\/div>\n        <span class=\"pn-line scroll bottom-light \"><\/span>\r\n    \n\t\t<\/div>\n\n\t\t\n<style>\n#section_634059552 {\n  padding-top: 40px;\n  padding-bottom: 40px;\n}\n#section_634059552 .section-bg.bg-loaded {\n  background-image: url(https:\/\/giaodienwebsite.tgs.com.vn\/agency1\/wp-content\/uploads\/2021\/08\/bg-dot.png);\n}\n#section_634059552 .ux-shape-divider--top svg {\n  height: 150px;\n  --divider-top-width: 100%;\n}\n#section_634059552 .ux-shape-divider--bottom svg {\n  height: 150px;\n  --divider-width: 100%;\n}\n@media (min-width:850px) {\n  #section_634059552 {\n    padding-top: 35px;\n    padding-bottom: 35px;\n  }\n}\n<\/style>\n\t<\/section>\n\t\n\t<section class=\"section pb-0 has-parallax\" id=\"section_1311921849\">\n\t\t<div class=\"bg section-bg fill bg-fill bg-loaded \" data-parallax-container=\".section\" data-parallax-background data-parallax=\"-10\">\n\n\t\t\t\n\t\t\t<div class=\"section-bg-overlay absolute fill\"><\/div>\n\t\t\t\n\n\t\t<\/div>\n\n\t\t\n\n\t\t<div class=\"section-content relative\">\n\t\t\t\n<div class=\"row row-large align-center\"  id=\"row-1725522505\">\n\n\t<div id=\"col-2146217302\" class=\"col mh-col-contact small-12 large-12\"  >\n\t\t\t\t<div class=\"col-inner dark\"  >\n\t\t\t\n\t\t\t\n\t<div id=\"text-3150456965\" class=\"text mh-box-title\">\n\t\t\n<h2>Th\u00e0nh t\u1ef1u<\/h2>\n<p>V\u1edbi h\u00e0ng ng\u00e0n chi\u1ebfn d\u1ecbch \u0111\u01b0\u1ee3c tri\u1ec3n khai th\u00e0nh c\u00f4ng c\u00f9ng c\u00e1c doanh nghi\u1ec7p trong n\u01b0\u1edbc l\u1eabn qu\u1ed1c t\u1ebf,<br \/>\nh\u00e3y c\u00f9ng ch\u00fang t\u00f4i \u0111\u01b0a th\u01b0\u01a1ng hi\u1ec7u \u0111\u1ebfn g\u1ea7n h\u01a1n v\u1edbi kh\u00e1ch h\u00e0ng b\u1eaft \u0111\u1ea7u t\u1eeb gi\u1edd!<\/p>\n\t\t\n<style>\n#text-3150456965 {\n  font-size: 1.4rem;\n  text-align: center;\n}\n@media (min-width:850px) {\n  #text-3150456965 {\n    font-size: 1rem;\n  }\n}\n<\/style>\n\t<\/div>\n\t\n\t\t<\/div>\n\t\t\t\t\n<style>\n#col-2146217302 > .col-inner {\n  padding: 20px 0px 20px 0px;\n}\n@media (min-width:850px) {\n  #col-2146217302 > .col-inner {\n    padding: 70px 0px 15px 0px;\n  }\n}\n<\/style>\n\t<\/div>\n\n\t\n\n\t<div id=\"col-917184429\" class=\"col mh-col-exp medium-6 small-12 large-3\"  >\n\t\t\t\t<div class=\"col-inner text-center dark\"  >\n\t\t\t\n\t\t\t\n<h3>H\u1ee3p t\u00e1c v\u1edbi<\/h3>\n\r\n    <p class=\"count-exp\">\r\n        <span class=\"count-number count-up\">25<\/span>\r\n        <span>+<\/span>\r\n    <\/p>\r\n\r\n    \n<p>doanh nghi\u1ec7p trong n\u01b0\u1edbc v\u00e0 qu\u1ed1c t\u1ebf<\/p>\n\t\t<\/div>\n\t\t\t\t\t<\/div>\n\n\t\n\n\t<div id=\"col-1276653382\" class=\"col mh-col-exp medium-6 small-12 large-3\"  >\n\t\t\t\t<div class=\"col-inner text-center dark\"  >\n\t\t\t\n\t\t\t\n<h3>T\u0103ng trung b\u00ecnh<\/h3>\n\r\n    <p class=\"count-exp\">\r\n        <span class=\"count-number count-up\">55<\/span>\r\n        <span>%<\/span>\r\n    <\/p>\r\n\r\n    \n<p>\u0111\u1ed9 nh\u1eadn di\u1ec7n th\u01b0\u01a1ng hi\u1ec7u c\u1ee7a kh\u00e1ch h\u00e0ng tr\u00ean truy\u1ec1n th\u00f4ng<\/p>\n\t\t<\/div>\n\t\t\t\t\t<\/div>\n\n\t\n\n\t<div id=\"col-389228204\" class=\"col mh-col-exp medium-6 small-12 large-3\"  >\n\t\t\t\t<div class=\"col-inner text-center dark\"  >\n\t\t\t\n\t\t\t\n<h3>Chi ti\u00eau h\u01a1n<\/h3>\n\r\n    <p class=\"count-exp\">\r\n        <span class=\"count-number count-up\">300<\/span>\r\n        <span>+<\/span>\r\n    <\/p>\r\n\r\n    \n<p>chi\u1ebfn d\u1ecbch qu\u1ea3ng c\u00e1o tr\u00ean to\u00e0n c\u1ea7u<\/p>\n\t\t<\/div>\n\t\t\t\t\t<\/div>\n\n\t\n\n\t<div id=\"col-1452384431\" class=\"col mh-col-exp medium-6 small-12 large-3\"  >\n\t\t\t\t<div class=\"col-inner text-center dark\"  >\n\t\t\t\n\t\t\t\n<h3>H\u1ed7 tr\u1ee3<\/h3>\n\r\n    <p class=\"count-exp\">\r\n        <span class=\"count-number count-up\">12<\/span>\r\n        <span>+<\/span>\r\n    <\/p>\r\n\r\n    \n<p>doanh nghi\u1ec7p t\u1eeb l\u00fac kh\u1edfi nghi\u1ec7p \u0111\u1ebfn khi ph\u00e1t tri\u1ec3n v\u1eefng ch\u1eafc<\/p>\n\t\t<\/div>\n\t\t\t\t\t<\/div>\n\n\t\n<\/div>\n\t<div id=\"gap-1743448678\" class=\"gap-element clearfix\" style=\"display:block; height:auto;\">\n\t\t\n<style>\n#gap-1743448678 {\n  padding-top: 100px;\n}\n<\/style>\n\t<\/div>\n\t\n\t\t<\/div>\n\n\t\t\n<style>\n#section_1311921849 {\n  padding-top: 40px;\n  padding-bottom: 40px;\n}\n#section_1311921849 .section-bg-overlay {\n  background-color: rgba(0, 0, 0, 0.6);\n}\n#section_1311921849 .section-bg.bg-loaded {\n  background-image: url(https:\/\/giaodienwebsite.tgs.com.vn\/agency1\/wp-content\/uploads\/2021\/09\/agency-slider01.jpg);\n}\n#section_1311921849 .ux-shape-divider--top svg {\n  height: 150px;\n  --divider-top-width: 100%;\n}\n#section_1311921849 .ux-shape-divider--bottom svg {\n  height: 150px;\n  --divider-width: 100%;\n}\n@media (min-width:850px) {\n  #section_1311921849 {\n    padding-top: 130px;\n    padding-bottom: 130px;\n  }\n}\n<\/style>\n\t<\/section>\n\t\n\t<section class=\"section dark\" id=\"section_679951477\">\n\t\t<div class=\"bg section-bg fill bg-fill bg-loaded bg-loaded\" >\n\n\t\t\t\n\t\t\t\n\t\t\t\n\n\t\t<\/div>\n\n\t\t\n\n\t\t<div class=\"section-content relative\">\n\t\t\t\n        <span class=\"pn-line-top scroll  top-light\"><\/span>\r\n    \n<div class=\"row\" style=\"max-width:550px\" id=\"row-590848628\">\n\n\t<div id=\"col-1898937721\" class=\"col mh-col-contact small-12 large-12\"  >\n\t\t\t\t<div class=\"col-inner\"  >\n\t\t\t\n\t\t\t\n\t<div id=\"text-1922049651\" class=\"text pn-title mh-box-title\">\n\t\t\n<h2>Y\u00eau c\u1ea7u T\u01b0 v\u1ea5n<\/h2>\n<p><span style=\"color: #14273b;\">G\u1eedi y\u00eau c\u1ea7u v\u1ec1 m\u1ee5c ti\u00eau Marketing c\u1ee7a doanh nghi\u1ec7p \u0111\u1ec3 \u0111\u01b0\u1ee3c t\u01b0 v\u1ea5n h\u00ecnh th\u1ee9c qu\u1ea3ng c\u00e1o ph\u00f9 h\u1ee3p nh\u1ea5t m\u1ed9t c\u00e1ch nhanh ch\u00f3ng<\/span><\/p>\n\t\t\n<style>\n#text-1922049651 {\n  font-size: 1.4rem;\n  text-align: center;\n  color: rgb(20, 39, 59);\n}\n#text-1922049651 > * {\n  color: rgb(20, 39, 59);\n}\n@media (min-width:850px) {\n  #text-1922049651 {\n    font-size: 1rem;\n  }\n}\n<\/style>\n\t<\/div>\n\t\n\t<div id=\"gap-1946529293\" class=\"gap-element clearfix\" style=\"display:block; height:auto;\">\n\t\t\n<style>\n#gap-1946529293 {\n  padding-top: 25px;\n}\n@media (min-width:850px) {\n  #gap-1946529293 {\n    padding-top: 30px;\n  }\n}\n<\/style>\n\t<\/div>\n\t\n\n<div class=\"wpcf7 no-js\" id=\"wpcf7-f91-o1\" lang=\"en-US\" dir=\"ltr\">\n<div class=\"screen-reader-response\"><p role=\"status\" aria-live=\"polite\" aria-atomic=\"true\"><\/p> <ul><\/ul><\/div>\n<form action=\"\/agency1\/wp-json\/wp\/v2\/pages\/647#wpcf7-f91-o1\" method=\"post\" class=\"wpcf7-form init\" aria-label=\"Contact form\" novalidate=\"novalidate\" data-status=\"init\">\n<div style=\"display: none;\">\n<input type=\"hidden\" name=\"_wpcf7\" value=\"91\" \/>\n<input type=\"hidden\" name=\"_wpcf7_version\" value=\"5.7.3\" \/>\n<input type=\"hidden\" name=\"_wpcf7_locale\" value=\"en_US\" \/>\n<input type=\"hidden\" name=\"_wpcf7_unit_tag\" value=\"wpcf7-f91-o1\" \/>\n<input type=\"hidden\" name=\"_wpcf7_container_post\" value=\"0\" \/>\n<input type=\"hidden\" name=\"_wpcf7_posted_data_hash\" value=\"\" \/>\n<\/div>\n<p><label><span class=\"wpcf7-form-control-wrap\" data-name=\"text-601\"><input size=\"40\" class=\"wpcf7-form-control wpcf7-text wpcf7-validates-as-required\" aria-required=\"true\" aria-invalid=\"false\" placeholder=\"H\u1ecd v\u00e0 t\u00ean (*)\" value=\"\" type=\"text\" name=\"text-601\" \/><\/span><\/label><br \/>\n<label><span class=\"wpcf7-form-control-wrap\" data-name=\"tel-703\"><input size=\"40\" class=\"wpcf7-form-control wpcf7-text wpcf7-tel wpcf7-validates-as-required wpcf7-validates-as-tel\" aria-required=\"true\" aria-invalid=\"false\" placeholder=\"S\u1ed1 \u0111i\u1ec7n tho\u1ea1i (*)\" value=\"\" type=\"tel\" name=\"tel-703\" \/><\/span><\/label><br \/>\n<label><span class=\"wpcf7-form-control-wrap\" data-name=\"email-717\"><input size=\"40\" class=\"wpcf7-form-control wpcf7-text wpcf7-email wpcf7-validates-as-required wpcf7-validates-as-email\" aria-required=\"true\" aria-invalid=\"false\" placeholder=\"Email c\u1ee7a b\u1ea1n\" value=\"\" type=\"email\" name=\"email-717\" \/><\/span><\/label><br \/>\n<label><span class=\"wpcf7-form-control-wrap\" data-name=\"textarea-741\"><textarea cols=\"40\" rows=\"10\" class=\"wpcf7-form-control wpcf7-textarea wpcf7-validates-as-required\" aria-required=\"true\" aria-invalid=\"false\" placeholder=\"L\u1eddi nh\u1eafn\" name=\"textarea-741\"><\/textarea><\/span><\/label><br \/>\n<label class=\"text-center\"><input class=\"wpcf7-form-control has-spinner wpcf7-submit\" type=\"submit\" value=\"G\u1eedi li\u00ean h\u1ec7\" \/><\/label>\n<\/p><div class=\"wpcf7-response-output\" aria-hidden=\"true\"><\/div>\n<\/form>\n<\/div>\n\n\t\t<\/div>\n\t\t\t\t\t<\/div>\n\n\t\n<\/div>\n\t\t<\/div>\n\n\t\t\n<style>\n#section_679951477 {\n  padding-top: 120px;\n  padding-bottom: 120px;\n  background-color: rgb(255,255,255);\n}\n#section_679951477 .ux-shape-divider--top svg {\n  height: 150px;\n  --divider-top-width: 100%;\n}\n#section_679951477 .ux-shape-divider--bottom svg {\n  height: 150px;\n  --divider-width: 100%;\n}\n<\/style>\n\t<\/section>\n\t\n","protected":false},"excerpt":{"rendered":"","protected":false},"author":3,"featured_media":0,"parent":0,"menu_order":0,"comment_status":"closed","ping_status":"closed","template":"page-blank.php","meta":[],"_links":{"self":[{"href":"https:\/\/giaodienwebsite.tgs.com.vn\/agency1\/wp-json\/wp\/v2\/pages\/647"}],"collection":[{"href":"https:\/\/giaodienwebsite.tgs.com.vn\/agency1\/wp-json\/wp\/v2\/pages"}],"about":[{"href":"https:\/\/giaodienwebsite.tgs.com.vn\/agency1\/wp-json\/wp\/v2\/types\/page"}],"author":[{"embeddable":true,"href":"https:\/\/giaodienwebsite.tgs.com.vn\/agency1\/wp-json\/wp\/v2\/users\/3"}],"replies":[{"embeddable":true,"href":"https:\/\/giaodienwebsite.tgs.com.vn\/agency1\/wp-json\/wp\/v2\/comments?post=647"}],"version-history":[{"count":0,"href":"https:\/\/giaodienwebsite.tgs.com.vn\/agency1\/wp-json\/wp\/v2\/pages\/647\/revisions"}],"wp:attachment":[{"href":"https:\/\/giaodienwebsite.tgs.com.vn\/agency1\/wp-json\/wp\/v2\/media?parent=647"}],"curies":[{"name":"wp","href":"https:\/\/api.w.org\/{rel}","templated":true}]}}